000
CXUS52 KFFC 191110
CF6RYY
PRELIMINARY LOCAL CLIMATOLOGICAL DATA (WS FORM: F-6)

                                          STATION:   MARIETTA
                                          MONTH:     APRIL
                                          YEAR:      2019
                                          LATITUDE:   34  0 N
                                          LONGITUDE:  84 36 W

  TEMPERATURE IN F:       :PCPN:    SNOW:  WIND      :SUNSHINE: SKY     :PK WND
================================================================================
1   2   3   4   5  6A  6B    7    8   9   10  11  12  13   14  15   16   17  18
                                     12Z  AVG MX 2MIN
DY MAX MIN AVG DEP HDD CDD  WTR  SNW DPTH SPD SPD DIR MIN PSBL S-S WX    SPD DR
================================================================================

 1  61  31  46   M  19   0 0.00  0.0    0  6.4  9 110   M    M   0        18 120
 2  61  43  52   M  13   0 0.00  0.0    0  5.9 10 300   M    M   5        17 310
 3  72  37  55   M  10   0 0.00  0.0    0  1.1  6  70   M    M   0         M  M
 4  69  43  56   M   9   0 0.10    M    0  6.3 14 120   M    M   4 1      21 140
 5  74  53  64   M   1   0 0.23  0.0    0  4.6  9 280   M    M   7 1      21 310
 6  75  58  67   M   0   2 0.00  0.0    0  5.1  8 120   M    M   7 13      M  M
 7  80  61  71   M   0   6 0.38  0.0    0  5.2 12 130   M    M   4 13     17 190
 8  75  65  70   M   0   5    T  0.0    0  5.9 14 230   M    M   5        21 230
 9  76  56  66   M   0   1 0.01  0.0    0  2.4  7 220   M    M   5 13      M  M
10  83  52  68   M   0   3    T  0.0    0  1.7  7 210   M    M   1 12      M  M
11  83  62  73   M   0   8    T  0.0    0  7.5 14 140   M    M   2        22 150
12  78  63  71   M   0   6 0.05  0.0    0  7.5 13 230   M    M   5 1      20 120
13  80  60  70   M   0   5 0.00  0.0    0  4.2 12 140   M    M   1        21 130
14  79  52  66   M   0   1 1.32  0.0    0 13.7 22 270   M    M   7 13     35 270
15  66  43  55   M  10   0 0.00  0.0    0 10.9 17 290   M    M   2        28 280
16  77  42  60   M   5   0 0.00  0.0    0  3.2 10 110   M    M   0         M  M
17  80  49  65   M   0   0 0.00  0.0    0  3.5  9 190   M    M   0 8       M  M
18  79  62  71   M   0   6 0.24  0.0    0  7.9 16 160   M    M   4 1      23 160
================================================================================
SM 1348  932        67  43  2.33     0.0 103.0          M       59
================================================================================
AV 74.9 51.8                               5.7 FASTST   M    M   3    MAX(MPH)
                                 MISC ---->  # 22 270               # 35  270
================================================================================
NOTES:
# LAST OF SEVERAL OCCURRENCES

COLUMN 17 PEAK WIND IN M.P.H.

PRELIMINARY LOCAL CLIMATOLOGICAL DATA (WS FORM: F-6) , PAGE 2

                                          STATION:  MARIETTA
                                          MONTH:    APRIL
                                          YEAR:     2019
                                          LATITUDE:   34  0 N
                                          LONGITUDE:  84 36 W

[TEMPERATURE DATA]      [PRECIPITATION DATA]       SYMBOLS USED IN COLUMN 16

AVERAGE MONTHLY: 63.3   TOTAL FOR MONTH:   2.33    1 = FOG OR MIST
DPTR FM NORMAL:     M   DPTR FM NORMAL:       M    2 = FOG REDUCING VISIBILITY
HIGHEST:    83 ON 11,10 GRTST 24HR  1.32 ON 14-14      TO 1/4 MILE OR LESS
LOWEST:     31 ON  1                               3 = THUNDER
                        SNOW, ICE PELLETS, HAIL    4 = ICE PELLETS
                        TOTAL MONTH:   0.0 INCH    5 = HAIL
                        GRTST 24HR     0.0         6 = FREEZING RAIN OR DRIZZLE
                        GRTST DEPTH:   0           7 = DUSTSTORM OR SANDSTORM:
                                                       VSBY 1/2 MILE OR LESS
                                                   8 = SMOKE OR HAZE
[NO. OF DAYS WITH]      [WEATHER - DAYS WITH]      9 = BLOWING SNOW
                                                   X = TORNADO
MAX 32 OR BELOW:   0    0.01 INCH OR MORE:   7
MAX 90 OR ABOVE:   0    0.10 INCH OR MORE:   5
MIN 32 OR BELOW:   1    0.50 INCH OR MORE:   1
MIN  0 OR BELOW:   0    1.00 INCH OR MORE:   1

[HDD (BASE 65) ]
TOTAL THIS MO.    67    CLEAR  (SCALE 0-3)   8
DPTR FM NORMAL     M    PTCLDY (SCALE 4-7)  10
TOTAL FM JUL 1  1816    CLOUDY (SCALE 8-10)  0
DPTR FM NORMAL     M

[CDD (BASE 65) ]
TOTAL THIS MO.    43
DPTR FM NORMAL     M    [PRESSURE DATA]
TOTAL FM JAN 1    51    HIGHEST SLP M ON M
DPTR FM NORMAL     M    LOWEST  SLP M ON M

[REMARKS]
