000
CXUS55 KTWC 220855
CF6SAD
PRELIMINARY LOCAL CLIMATOLOGICAL DATA (WS FORM: F-6)

                                          STATION:   SAFFORD AZ AIRPORT
                                          MONTH:     APRIL
                                          YEAR:      2019
                                          LATITUDE:   32 50 N
                                          LONGITUDE: 109 38 W

  TEMPERATURE IN F:       :PCPN:    SNOW:  WIND      :SUNSHINE: SKY     :PK WND
================================================================================
1   2   3   4   5  6A  6B    7    8   9   10  11  12  13   14  15   16   17  18
                                     12Z  AVG MX 2MIN
DY MAX MIN AVG DEP HDD CDD  WTR  SNW DPTH SPD SPD DIR MIN PSBL S-S WX    SPD DR
================================================================================

 1  75  46  61   1   4   0 0.00  0.0    M  8.2 16 140   M    M   M        21 140
 2  82  52  67   7   0   2 0.00  0.0    M  9.0 21 250   M    M   M        26 270
 3  77  47  62   2   3   0 0.00  0.0    M 12.6 32 300   M    M   M        43 300
 4  82  40  61   0   4   0 0.00  0.0    M  5.8 17 170   M    M   M        22 170
 5  78  43  61   0   4   0 0.00  0.0    M  5.1 24 300   M    M   M        33 290
 6  76  48  62   1   3   0 0.00  0.0    M  8.7 23 290   M    M   M        26 290
 7  85  51  68   6   0   3 0.00  0.0    M 10.0 18 310   M    M   M        24 330
 8  91  47  69   7   0   4 0.00  0.0    0  7.1 18 290   M    M   M        23 290
 9  93  48  71   9   0   6 0.00  0.0    M  8.0 29 290   M    M   M        35 280
10  74  53  64   2   1   0 0.00  0.0    0 21.4 39 290   M    M   M        55 310
11  70  46  58  -5   7   0 0.00  0.0    M 13.3 28 290   M    M   M        37 270
12  63  45  54  -9  11   0    T    M    M  6.8 20 300   M    M   M        26 170
13  74  36  55  -8  10   0 0.00  0.0    M  9.6 22 280   M    M   M        30 300
14  82  41  62  -2   3   0 0.00  0.0    M  4.9 13 280   M    M   M        17 340
15  88  44  66   2   0   1 0.00  0.0    M  6.9 18 310   M    M   M        24 310
16  80  48  64   0   1   0 0.15    M    M 10.4 31 300   M    M   M 3      39 300
17  70  49  60  -4   5   0 0.02    M    M 13.4 26 290   M    M   M 1      33 300
18  85  52  69   4   0   4 0.00  0.0    M  7.4 18 300   M    M   M        23 290
19  92  46  69   4   0   4 0.00  0.0    M  6.4 16 150   M    M   M        20 150
20  93  51  72   7   0   7 0.00  0.0    M 10.2 28 270   M    M   M        36 270
21  88  54  71   5   0   6 0.00  0.0    M  9.2 25 290   M    M   M        32 290
================================================================================
SM 1698  987        56  37  0.17     0.0 194.4          M        M
================================================================================
AV 80.9 47.0                               9.3 FASTST   M    M   0    MAX(MPH)
                                 MISC ---->  # 39 290               # 55  310
================================================================================
NOTES:
# LAST OF SEVERAL OCCURRENCES

COLUMN 17 PEAK WIND IN M.P.H.

PRELIMINARY LOCAL CLIMATOLOGICAL DATA (WS FORM: F-6) , PAGE 2

                                          STATION:  SAFFORD AZ AIRPORT
                                          MONTH:    APRIL
                                          YEAR:     2019
                                          LATITUDE:   32 50 N
                                          LONGITUDE: 109 38 W

[TEMPERATURE DATA]      [PRECIPITATION DATA]       SYMBOLS USED IN COLUMN 16

AVERAGE MONTHLY: 63.9   TOTAL FOR MONTH:   0.17    1 = FOG OR MIST
DPTR FM NORMAL:   1.2   DPTR FM NORMAL:   -0.12    2 = FOG REDUCING VISIBILITY
HIGHEST:    93 ON 20, 9 GRTST 24HR  0.15 ON 16-16      TO 1/4 MILE OR LESS
LOWEST:     36 ON 13                               3 = THUNDER
                        SNOW, ICE PELLETS, HAIL    4 = ICE PELLETS
                        TOTAL MONTH:   0.0 INCH    5 = HAIL
                        GRTST 24HR     0.0         6 = FREEZING RAIN OR DRIZZLE
                        GRTST DEPTH:   0           7 = DUSTSTORM OR SANDSTORM:
                                                       VSBY 1/2 MILE OR LESS
                                                   8 = SMOKE OR HAZE
[NO. OF DAYS WITH]      [WEATHER - DAYS WITH]      9 = BLOWING SNOW
                                                   X = TORNADO
MAX 32 OR BELOW:   0    0.01 INCH OR MORE:   2
MAX 90 OR ABOVE:   4    0.10 INCH OR MORE:   1
MIN 32 OR BELOW:   0    0.50 INCH OR MORE:   0
MIN  0 OR BELOW:   0    1.00 INCH OR MORE:   0

[HDD (BASE 65) ]
TOTAL THIS MO.    56    CLEAR  (SCALE 0-3)   0
DPTR FM NORMAL   -24    PTCLDY (SCALE 4-7)   0
TOTAL FM JUL 1  2298    CLOUDY (SCALE 8-10)  0
DPTR FM NORMAL    54

[CDD (BASE 65) ]
TOTAL THIS MO.    37
DPTR FM NORMAL     2    [PRESSURE DATA]
TOTAL FM JAN 1    43    HIGHEST SLP M ON M
DPTR FM NORMAL     1    LOWEST  SLP 29.61 ON 12

[REMARKS]
