000
CXUS55 KABQ 251000
CF6SAF
PRELIMINARY LOCAL CLIMATOLOGICAL DATA (WS FORM: F-6)

                                          STATION:   SANTA FE NM
                                          MONTH:     APRIL
                                          YEAR:      2019
                                          LATITUDE:   35 37 N
                                          LONGITUDE: 106  5 W

  TEMPERATURE IN F:       :PCPN:    SNOW:  WIND      :SUNSHINE: SKY     :PK WND
================================================================================
1   2   3   4   5  6A  6B    7    8   9   10  11  12  13   14  15   16   17  18
                                     12Z  AVG MX 2MIN
DY MAX MIN AVG DEP HDD CDD  WTR  SNW DPTH SPD SPD DIR MIN PSBL S-S WX    SPD DR
================================================================================

 1  54  20  37  -9  28   0 0.00    M    M  8.1 18 230   M    M   1        27 250
 2  61  29  45  -2  20   0 0.00    M    M  4.7 16 230   M    M   1        21 260
 3  59  33  46  -1  19   0 0.09    M    M  8.1 40 280   M    M   4 13     50 270
 4  66  32  49   2  16   0 0.00    M    M  9.4 20  20   M    M   0        24  30
 5  66  32  49   2  16   0 0.00    M    M  7.6 30 170   M    M   3        44 160
 6  67  31  49   1  16   0 0.00    M    M  6.9 22 270   M    M   2        28 250
 7  72  38  55   7  10   0 0.00    M    M 11.6 26 350   M    M   0        31 350
 8  75  39  57   9   8   0 0.00    M    M 10.4 18 350   M    M   0        24 360
 9  79  40  60  12   5   0 0.00  0.0    0 11.6 29 270   M    M   0        38 230
10  60  34  47  -2  18   0    T    M    M 21.0 43 280   M    M   4 8      55 260
11  53  34  44  -5  21   0 0.00    M    M 13.8 32 290   M    M   6        42 290
12  52  25  39 -10  26   0    T    M    M  6.9 21 160   M    M   5 38     27 160
13  54  28  41  -8  24   0    T    M    M  9.3 24 130   M    M   6        29 260
14  70  22  46  -4  19   0 0.00    M    M 10.4 31 280   M    M   0        40 250
15  73  36  55   5  10   0 0.00    M    M 10.0 29 240   M    M   0        36 250
16  71  34  53   3  12   0 0.00    M    M  8.7 23 240   M    M   2        31 230
17  63  41  52   1  13   0 0.05    M    M  9.4 24 360   M    M   6 123    31 360
18  71  34  53   2  12   0 0.00    M    M  8.9 24 240   M    M   1 12     31 230
19  73  32  53   2  12   0 0.00    M    M  7.6 16 250   M    M   0        22 280
20  79  37  58   7   7   0 0.00    M    M  7.9 31 240   M    M   1        41 240
21  72  34  53   1  12   0 0.00    M    M  9.0 24 260   M    M   1        32 240
22  66  35  51  -1  14   0 0.19    M    M 14.4 31 150   M    M   4 1      39 130
23   M   M   M   M   M   M 0.19    M    M  8.4 15 110   M    M  10 1       M  M
24  70  38  54   1  11   0 0.00    M    M 10.5 24 350   M    M   3 2      30 360
================================================================================
SM 1526  758       349   0  0.52     0.0 234.6          M       60
================================================================================
AV 66.4 33.0                               9.8 FASTST   M    M   3    MAX(MPH)
                                 MISC ---->  # 43 280               # 55  260
================================================================================
NOTES:
# LAST OF SEVERAL OCCURRENCES

COLUMN 17 PEAK WIND IN M.P.H.

PRELIMINARY LOCAL CLIMATOLOGICAL DATA (WS FORM: F-6) , PAGE 2

                                          STATION:  SANTA FE NM
                                          MONTH:    APRIL
                                          YEAR:     2019
                                          LATITUDE:   35 37 N
                                          LONGITUDE: 106  5 W

[TEMPERATURE DATA]      [PRECIPITATION DATA]       SYMBOLS USED IN COLUMN 16

AVERAGE MONTHLY: 49.7   TOTAL FOR MONTH:   0.52    1 = FOG OR MIST
DPTR FM NORMAL:   0.3   DPTR FM NORMAL:   -0.09    2 = FOG REDUCING VISIBILITY
HIGHEST:    79 ON  9,20 GRTST 24HR  0.19 ON 22-22      TO 1/4 MILE OR LESS
LOWEST:     20 ON  1                               3 = THUNDER
                        SNOW, ICE PELLETS, HAIL    4 = ICE PELLETS
                        TOTAL MONTH:   0.0 INCH    5 = HAIL
                        GRTST 24HR     0.0         6 = FREEZING RAIN OR DRIZZLE
                        GRTST DEPTH:   0           7 = DUSTSTORM OR SANDSTORM:
                                                       VSBY 1/2 MILE OR LESS
                                                   8 = SMOKE OR HAZE
[NO. OF DAYS WITH]      [WEATHER - DAYS WITH]      9 = BLOWING SNOW
                                                   X = TORNADO
MAX 32 OR BELOW:   0    0.01 INCH OR MORE:   4
MAX 90 OR ABOVE:   0    0.10 INCH OR MORE:   2
MIN 32 OR BELOW:   9    0.50 INCH OR MORE:   0
MIN  0 OR BELOW:   0    1.00 INCH OR MORE:   0

[HDD (BASE 65) ]
TOTAL THIS MO.   349    CLEAR  (SCALE 0-3)  16
DPTR FM NORMAL   -27    PTCLDY (SCALE 4-7)   7
TOTAL FM JUL 1  4830    CLOUDY (SCALE 8-10)  1
DPTR FM NORMAL  -314

[CDD (BASE 65) ]
TOTAL THIS MO.     0
DPTR FM NORMAL     0    [PRESSURE DATA]
TOTAL FM JAN 1     0    HIGHEST SLP M ON M
DPTR FM NORMAL     0    LOWEST  SLP 29.37 ON 10

[REMARKS]
