000
CXUS55 KABQ 201000
CF6SAF
PRELIMINARY LOCAL CLIMATOLOGICAL DATA (WS FORM: F-6)

                                          STATION:   SANTA FE NM
                                          MONTH:     FEBRUARY
                                          YEAR:      2019
                                          LATITUDE:   35 37 N
                                          LONGITUDE: 106  5 W

  TEMPERATURE IN F:       :PCPN:    SNOW:  WIND      :SUNSHINE: SKY     :PK WND
================================================================================
1   2   3   4   5  6A  6B    7    8   9   10  11  12  13   14  15   16   17  18
                                     12Z  AVG MX 2MIN
DY MAX MIN AVG DEP HDD CDD  WTR  SNW DPTH SPD SPD DIR MIN PSBL S-S WX    SPD DR
================================================================================

 1  52  22  37   3  28   0 0.00    M    M 13.2 24 360   M    M   0        29 350
 2  55  24  40   6  25   0 0.00    M    M 11.5 21 350   M    M   0        27 350
 3  57  32  45  11  20   0 0.00    M    M  7.3 22 240   M    M   5        28 310
 4  55  26  41   7  24   0    T    M    M  6.6 16 220   M    M   4        21 240
 5  55  33  44   9  21   0    T    M    M  8.6 21 220   M    M   3        28 220
 6  43  23  33  -2  32   0 0.06    M    M 11.7 33 250   M    M   6 1      43 250
 7  35  17  26  -9  39   0 0.00    M    M 12.5 24 250   M    M   1        33 250
 8  44  10  27  -8  38   0 0.00    M    M 11.5 20 170   M    M   0        24 170
 9  46  16  31  -4  34   0 0.00    M    M  7.1 20 170   M    M   2        24 160
10  49  20  35   0  30   0 0.00    M    M  6.2 18 250   M    M   1        23 230
11  40  20  30  -6  35   0    T    M    M  9.0 30 260   M    M   3 18     38 260
12  46  19  33  -3  32   0 0.00    M    M  7.6 15 340   M    M   0        20 340
13  52  19  36   0  29   0 0.00    M    M  8.7 18 230   M    M   1        23 240
14  55  32  44   8  21   0 0.25    M    M  6.6 18 250   M    M   5 1      23 250
15  54  36  45   9  20   0 0.06    M    M 10.4 31 260   M    M   3 1      40 260
16  44  22  33  -4  32   0    T    M    M 13.0 35 290   M    M   3        44 280
17  39  17  28  -9  37   0    T    M    M  5.1 22 240   M    M   4 18     31 230
18  31  12  22 -15  43   0    T    M    M 16.4 30 120   M    M   7 1      37 130
19  29  17  23 -14  42   0    T    M    M 12.1 30 120   M    M   7        37 120
================================================================================
SM  881  417       582   0  0.37    M    185.1          M       55
================================================================================
AV 46.4 22.0                               9.7 FASTST   M    M   3    MAX(MPH)
                                 MISC ---->  # 35 290               # 44  280
================================================================================
NOTES:
# LAST OF SEVERAL OCCURRENCES

COLUMN 17 PEAK WIND IN M.P.H.

PRELIMINARY LOCAL CLIMATOLOGICAL DATA (WS FORM: F-6) , PAGE 2

                                          STATION:  SANTA FE NM
                                          MONTH:    FEBRUARY
                                          YEAR:     2019
                                          LATITUDE:   35 37 N
                                          LONGITUDE: 106  5 W

[TEMPERATURE DATA]      [PRECIPITATION DATA]       SYMBOLS USED IN COLUMN 16

AVERAGE MONTHLY: 34.2   TOTAL FOR MONTH:   0.37    1 = FOG OR MIST
DPTR FM NORMAL:  -1.3   DPTR FM NORMAL:    0.06    2 = FOG REDUCING VISIBILITY
HIGHEST:    57 ON  3    GRTST 24HR  0.25 ON 14-14      TO 1/4 MILE OR LESS
LOWEST:     10 ON  8                               3 = THUNDER
                        SNOW, ICE PELLETS, HAIL    4 = ICE PELLETS
                        TOTAL MONTH:    M          5 = HAIL
                        GRTST 24HR    M  ON   M    6 = FREEZING RAIN OR DRIZZLE
                        GRTST DEPTH:  M  ON   M    7 = DUSTSTORM OR SANDSTORM:
                                                       VSBY 1/2 MILE OR LESS
                                                   8 = SMOKE OR HAZE
[NO. OF DAYS WITH]      [WEATHER - DAYS WITH]      9 = BLOWING SNOW
                                                   X = TORNADO
MAX 32 OR BELOW:   2    0.01 INCH OR MORE:   3
MAX 90 OR ABOVE:   0    0.10 INCH OR MORE:   1
MIN 32 OR BELOW:  17    0.50 INCH OR MORE:   0
MIN  0 OR BELOW:   0    1.00 INCH OR MORE:   0

[HDD (BASE 65) ]
TOTAL THIS MO.   582    CLEAR  (SCALE 0-3)  12
DPTR FM NORMAL    21    PTCLDY (SCALE 4-7)   7
TOTAL FM JUL 1  3558    CLOUDY (SCALE 8-10)  0
DPTR FM NORMAL  -279

[CDD (BASE 65) ]
TOTAL THIS MO.     0
DPTR FM NORMAL     0    [PRESSURE DATA]
TOTAL FM JAN 1     0    HIGHEST SLP M ON M
DPTR FM NORMAL     0    LOWEST  SLP 29.59 ON  6

[REMARKS]
