000
CXUS55 KABQ 231000
CF6SAF
PRELIMINARY LOCAL CLIMATOLOGICAL DATA (WS FORM: F-6)

                                          STATION:   SANTA FE NM
                                          MONTH:     AUGUST
                                          YEAR:      2019
                                          LATITUDE:   35 37 N
                                          LONGITUDE: 106  5 W

  TEMPERATURE IN F:       :PCPN:    SNOW:  WIND      :SUNSHINE: SKY     :PK WND
================================================================================
1   2   3   4   5  6A  6B    7    8   9   10  11  12  13   14  15   16   17  18
                                     12Z  AVG MX 2MIN
DY MAX MIN AVG DEP HDD CDD  WTR  SNW DPTH SPD SPD DIR MIN PSBL S-S WX    SPD DR
================================================================================

 1  91  58  75   2   0  10 0.11    M    M  6.3 30 130   M    M   2 3      35 170
 2  88  61  75   2   0  10 0.11    M    M  9.9 26 230   M    M   1 3      33 230
 3  89  62  76   3   0  11    T    M    M 10.4 23  90   M    M   4 3      28  90
 4  90  62  76   4   0  11 0.02    M    M 11.7 23 150   M    M   4 3      28 140
 5  92  60  76   4   0  11 0.00    M    M  9.5 16 340   M    M   0        21 340
 6  89  62  76   4   0  11 1.01    M    M 10.7 33 120   M    M   5 38     41 120
 7  88  57  73   1   0   8 0.00    M    M  6.6 17 250   M    M   2        24 250
 8  91  60  76   4   0  11 0.00    M    M  6.6 18 250   M    M   1        25 250
 9  87  61  74   2   0   9 0.46    M    M  6.7 22 150   M    M   5 13     27 150
10  83  61  72   0   0   7 0.03    M    M  5.9 36 140   M    M   4 3      45 130
11  83  58  71  -1   0   6 0.44    M    M  8.2 31 140   M    M   3 3      38 140
12  85  58  72   0   0   7 0.00    M    M 10.0 21 360   M    M   0        28 360
13  89  56  73   1   0   8 0.00    M    M  7.5 15 110   M    M   0        18 110
14  86  57  72   1   0   7 0.19    M    M 12.5 28 130   M    M   0 3      34 130
15  87  51  69  -2   0   4 0.00    M    M  6.9 23 220   M    M   0        32 240
16  90  53  72   1   0   7    T    M    M  7.5 24 330   M    M   0 8      30 330
17  90  55  73   2   0   8 0.00    M    M  7.8 22 240   M    M   0        27 240
18  91  47  69  -2   0   4 0.00    M    M  6.0 14 240   M    M   0        21 240
19  94  57  76   5   0  11 0.00    M    M  9.5 21 130   M    M   0        24 140
20  94  60  77   6   0  12    T    M    M  7.4 35 120   M    M   1        43 140
21  92  55  74   4   0   9 0.10    M    M  7.8 29 110   M    M   2 3      36 120
22  90  53  72   2   0   7    T    M    M  8.1 26 130   M    M   1 38     35 120
================================================================================
SM 1959 1264         0 189  2.47    M    183.5          M       35
================================================================================
AV 89.1 57.5                               8.3 FASTST   M    M   2    MAX(MPH)
                                 MISC ---->  # 36 140               # 45  130
================================================================================
NOTES:
# LAST OF SEVERAL OCCURRENCES

COLUMN 17 PEAK WIND IN M.P.H.

PRELIMINARY LOCAL CLIMATOLOGICAL DATA (WS FORM: F-6) , PAGE 2

                                          STATION:  SANTA FE NM
                                          MONTH:    AUGUST
                                          YEAR:     2019
                                          LATITUDE:   35 37 N
                                          LONGITUDE: 106  5 W

[TEMPERATURE DATA]      [PRECIPITATION DATA]       SYMBOLS USED IN COLUMN 16

AVERAGE MONTHLY: 73.3   TOTAL FOR MONTH:   2.47    1 = FOG OR MIST
DPTR FM NORMAL:   1.7   DPTR FM NORMAL:    0.46    2 = FOG REDUCING VISIBILITY
HIGHEST:    94 ON 20,19 GRTST 24HR  1.01 ON  6- 6      TO 1/4 MILE OR LESS
LOWEST:     47 ON 18                               3 = THUNDER
                        SNOW, ICE PELLETS, HAIL    4 = ICE PELLETS
                        TOTAL MONTH:    M          5 = HAIL
                        GRTST 24HR    M  ON   M    6 = FREEZING RAIN OR DRIZZLE
                        GRTST DEPTH:  M  ON   M    7 = DUSTSTORM OR SANDSTORM:
                                                       VSBY 1/2 MILE OR LESS
                                                   8 = SMOKE OR HAZE
[NO. OF DAYS WITH]      [WEATHER - DAYS WITH]      9 = BLOWING SNOW
                                                   X = TORNADO
MAX 32 OR BELOW:   0    0.01 INCH OR MORE:   9
MAX 90 OR ABOVE:  11    0.10 INCH OR MORE:   7
MIN 32 OR BELOW:   0    0.50 INCH OR MORE:   1
MIN  0 OR BELOW:   0    1.00 INCH OR MORE:   1

[HDD (BASE 65) ]
TOTAL THIS MO.     0    CLEAR  (SCALE 0-3)  16
DPTR FM NORMAL     0    PTCLDY (SCALE 4-7)   6
TOTAL FM JUL 1     0    CLOUDY (SCALE 8-10)  0
DPTR FM NORMAL     0

[CDD (BASE 65) ]
TOTAL THIS MO.   189
DPTR FM NORMAL    43    [PRESSURE DATA]
TOTAL FM JAN 1   596    HIGHEST SLP M ON M
DPTR FM NORMAL    48    LOWEST  SLP 29.68 ON 17

[REMARKS]
