000
CXUS52 KCHS 180715
CF6SAV
PRELIMINARY LOCAL CLIMATOLOGICAL DATA (WS FORM: F-6)

                                          STATION:   SAVANNAH GA
                                          MONTH:     APRIL
                                          YEAR:      2019
                                          LATITUDE:   32  7 N
                                          LONGITUDE:  81 12 W

  TEMPERATURE IN F:       :PCPN:    SNOW:  WIND      :SUNSHINE: SKY     :PK WND
================================================================================
1   2   3   4   5  6A  6B    7    8   9   10  11  12  13   14  15   16   17  18
                                     12Z  AVG MX 2MIN
DY MAX MIN AVG DEP HDD CDD  WTR  SNW DPTH SPD SPD DIR MIN PSBL S-S WX    SPD DR
================================================================================

 1  59  48  54  -8  11   0 0.08  0.0    0 11.5 21  50   M    M   8 1      27  50
 2  61  43  52 -11  13   0 0.11  0.0    0 10.3 20 340   M    M   4 1      25 350
 3  72  39  56  -7   9   0 0.00  0.0    0  3.1 16 150   M    M   4 1      19 130
 4  75  44  60  -3   5   0 0.00  0.0    0  7.1 17 110   M    M   5 1      22 130
 5  80  62  71   8   0   6 0.03  0.0    0  7.5 20 280   M    M   6 1      26 270
 6  72  58  65   1   0   0 0.03  0.0    0  4.7 12 100   M    M   7 13     13 100
 7  83  59  71   7   0   6 0.00  0.0    0  4.6 18 320   M    M   6 1      24 320
 8  85  65  75  11   0  10 0.01  0.0    0  9.6 22 160   M    M   9 123    29 170
 9  81  63  72   8   0   7 1.67  0.0    0  7.7 31 290   M    M   9 123    40 290
10  84  62  73   9   0   8 0.05  0.0    0  6.4 21  70   M    M   5 1      26  70
11  83  58  71   7   0   6 0.01  0.0    0  9.9 23 110   M    M   7 12     28 100
12  84  66  75  10   0  10 0.06  0.0    0 11.0 25 160   M    M   7 1      33 160
13  83  70  77  12   0  12 0.06  0.0    0  9.3 17 160   M    M   6 1      21 160
14  82  71  77  12   0  12 0.09  0.0    0 14.2 24 230   M    M   8 13     33 220
15  74  52  63  -2   2   0 0.00  0.0    0 14.2 25 280   M    M   1        35 280
16  74  47  61  -5   4   0 0.00  0.0    0  5.5 16 110   M    M   1        18 110
17  80  53  67   1   0   2 0.00  0.0    0  4.2 15 150   M    M   7 1      19 150
================================================================================
SM 1312  960        44  79  2.20     0.0 140.8          M      100
================================================================================
AV 77.2 56.5                               8.3 FASTST   M    M   6    MAX(MPH)
                                 MISC ---->  # 31 290               # 40  290
================================================================================
NOTES:
# LAST OF SEVERAL OCCURRENCES

COLUMN 17 PEAK WIND IN M.P.H.

PRELIMINARY LOCAL CLIMATOLOGICAL DATA (WS FORM: F-6) , PAGE 2

                                          STATION:  SAVANNAH GA
                                          MONTH:    APRIL
                                          YEAR:     2019
                                          LATITUDE:   32  7 N
                                          LONGITUDE:  81 12 W

[TEMPERATURE DATA]      [PRECIPITATION DATA]       SYMBOLS USED IN COLUMN 16

AVERAGE MONTHLY: 66.8   TOTAL FOR MONTH:   2.20    1 = FOG OR MIST
DPTR FM NORMAL:   2.7   DPTR FM NORMAL:    0.37    2 = FOG REDUCING VISIBILITY
HIGHEST:    85 ON  8    GRTST 24HR  1.67 ON  9- 9      TO 1/4 MILE OR LESS
LOWEST:     39 ON  3                               3 = THUNDER
                        SNOW, ICE PELLETS, HAIL    4 = ICE PELLETS
                        TOTAL MONTH:   0.0 INCH    5 = HAIL
                        GRTST 24HR     0.0         6 = FREEZING RAIN OR DRIZZLE
                        GRTST DEPTH:   0           7 = DUSTSTORM OR SANDSTORM:
                                                       VSBY 1/2 MILE OR LESS
                                                   8 = SMOKE OR HAZE
[NO. OF DAYS WITH]      [WEATHER - DAYS WITH]      9 = BLOWING SNOW
                                                   X = TORNADO
MAX 32 OR BELOW:   0    0.01 INCH OR MORE:  11
MAX 90 OR ABOVE:   0    0.10 INCH OR MORE:   2
MIN 32 OR BELOW:   0    0.50 INCH OR MORE:   1
MIN  0 OR BELOW:   0    1.00 INCH OR MORE:   1

[HDD (BASE 65) ]
TOTAL THIS MO.    44    CLEAR  (SCALE 0-3)   2
DPTR FM NORMAL   -12    PTCLDY (SCALE 4-7)  12
TOTAL FM JUL 1  1357    CLOUDY (SCALE 8-10)  3
DPTR FM NORMAL  -426

[CDD (BASE 65) ]
TOTAL THIS MO.    79
DPTR FM NORMAL    37    [PRESSURE DATA]
TOTAL FM JAN 1   161    HIGHEST SLP M ON M
DPTR FM NORMAL    77    LOWEST  SLP 29.69 ON 14

[REMARKS]
