000
CXUS52 KCHS 230715
CF6SAV
PRELIMINARY LOCAL CLIMATOLOGICAL DATA (WS FORM: F-6)

                                          STATION:   SAVANNAH GA
                                          MONTH:     FEBRUARY
                                          YEAR:      2019
                                          LATITUDE:   32  7 N
                                          LONGITUDE:  81 12 W

  TEMPERATURE IN F:       :PCPN:    SNOW:  WIND      :SUNSHINE: SKY     :PK WND
================================================================================
1   2   3   4   5  6A  6B    7    8   9   10  11  12  13   14  15   16   17  18
                                     12Z  AVG MX 2MIN
DY MAX MIN AVG DEP HDD CDD  WTR  SNW DPTH SPD SPD DIR MIN PSBL S-S WX    SPD DR
================================================================================

 1  63  33  48  -3  17   0 0.00  0.0    0  4.0 10 100   M    M   6        15 130
 2  67  52  60   9   5   0    T  0.0    0  6.2 15  80   M    M   8        18  80
 3  60  52  56   5   9   0 0.31  0.0    0  6.3 20  70   M    M  10 1      26  70
 4  71  43  57   6   8   0 0.00  0.0    0  3.4  9 270   M    M   5 1      12 270
 5  78  46  62  11   3   0 0.00  0.0    0  3.9 10 300   M    M   1 1      17 300
 6  80  51  66  15   0   1 0.00  0.0    0  5.2 13 170   M    M   4 12     16 170
 7  82  54  68  16   0   3 0.00  0.0    0  6.9 18 170   M    M   3        22 200
 8  80  55  68  16   0   3 0.00  0.0    0  9.3 18 300   M    M   4        30 280
 9  65  46  56   4   9   0 0.00  0.0    0 11.8 20  40   M    M   4        25  80
10  60  45  53   1  12   0 0.00  0.0    0  8.8 15  40   M    M   7        19  40
11  72  52  62  10   3   0 0.02  0.0    0  4.0 10 100   M    M   9 12     12  90
12  81  59  70  18   0   5 0.13  0.0    0  9.3 36 300   M    M   9 12     46 310
13  62  41  52  -1  13   0    T    M    0 11.3 24 300   M    M   9        33 300
14  69  33  51  -2  14   0 0.00  0.0    0  5.0 14 220   M    M   5        18 160
15  70  49  60   7   5   0 0.00  0.0    0  6.0 13 240   M    M   7        17 220
16  72  57  65  12   0   0 0.01  0.0    0  8.0 18 250   M    M   8 1      25 250
17  68  53  61   8   4   0    T  0.0    0  8.1 17 170   M    M  10 1      22 170
18  69  59  64  10   1   0 0.04  0.0    0  6.6 20 340   M    M   6 1      23 350
19  61  44  53  -1  12   0 0.08  0.0    0 11.4 22  60   M    M  10 1      28  80
20  62  45  54   0  11   0 0.26  0.0    0  6.1 15  40   M    M  10 12     20  50
21  83  56  70  16   0   5 0.00  0.0    0  4.5 15 140   M    M   7 12     16 140
22  86  57  72  18   0   7 0.00  0.0    0  6.4 24 100   M    M   4 12     29 100
================================================================================
SM 1561 1082       126  24  0.85     0.0 152.5          M      146
================================================================================
AV 71.0 49.2                               6.9 FASTST   M    M   7    MAX(MPH)
                                 MISC ---->  # 36 300               # 46  310
================================================================================
NOTES:
# LAST OF SEVERAL OCCURRENCES

COLUMN 17 PEAK WIND IN M.P.H.

PRELIMINARY LOCAL CLIMATOLOGICAL DATA (WS FORM: F-6) , PAGE 2

                                          STATION:  SAVANNAH GA
                                          MONTH:    FEBRUARY
                                          YEAR:     2019
                                          LATITUDE:   32  7 N
                                          LONGITUDE:  81 12 W

[TEMPERATURE DATA]      [PRECIPITATION DATA]       SYMBOLS USED IN COLUMN 16

AVERAGE MONTHLY: 60.1   TOTAL FOR MONTH:   0.85    1 = FOG OR MIST
DPTR FM NORMAL:   7.7   DPTR FM NORMAL:   -1.33    2 = FOG REDUCING VISIBILITY
HIGHEST:    86 ON 22    GRTST 24HR  0.31 ON  3- 3      TO 1/4 MILE OR LESS
LOWEST:     33 ON 14, 1                            3 = THUNDER
                        SNOW, ICE PELLETS, HAIL    4 = ICE PELLETS
                        TOTAL MONTH:   0.0 INCH    5 = HAIL
                        GRTST 24HR     0.0         6 = FREEZING RAIN OR DRIZZLE
                        GRTST DEPTH:   0           7 = DUSTSTORM OR SANDSTORM:
                                                       VSBY 1/2 MILE OR LESS
                                                   8 = SMOKE OR HAZE
[NO. OF DAYS WITH]      [WEATHER - DAYS WITH]      9 = BLOWING SNOW
                                                   X = TORNADO
MAX 32 OR BELOW:   0    0.01 INCH OR MORE:   7
MAX 90 OR ABOVE:   0    0.10 INCH OR MORE:   3
MIN 32 OR BELOW:   0    0.50 INCH OR MORE:   0
MIN  0 OR BELOW:   0    1.00 INCH OR MORE:   0

[HDD (BASE 65) ]
TOTAL THIS MO.   126    CLEAR  (SCALE 0-3)   2
DPTR FM NORMAL  -155    PTCLDY (SCALE 4-7)  13
TOTAL FM JUL 1  1118    CLOUDY (SCALE 8-10)  7
DPTR FM NORMAL  -337

[CDD (BASE 65) ]
TOTAL THIS MO.    24
DPTR FM NORMAL    24    [PRESSURE DATA]
TOTAL FM JAN 1    40    HIGHEST SLP M ON M
DPTR FM NORMAL    37    LOWEST  SLP 29.70 ON 16

[REMARKS]
