000
CXUS51 KAKQ 170833
CF6SBY
PRELIMINARY LOCAL CLIMATOLOGICAL DATA (WS FORM: F-6)

                                          STATION:   SALISBURY MD
                                          MONTH:     FEBRUARY
                                          YEAR:      2019
                                          LATITUDE:   38 20 N
                                          LONGITUDE:  75 30 W

  TEMPERATURE IN F:       :PCPN:    SNOW:  WIND      :SUNSHINE: SKY     :PK WND
================================================================================
1   2   3   4   5  6A  6B    7    8   9   10  11  12  13   14  15   16   17  18
                                     12Z  AVG MX 2MIN
DY MAX MIN AVG DEP HDD CDD  WTR  SNW DPTH SPD SPD DIR MIN PSBL S-S WX    SPD DR
================================================================================

 1  30  14  22 -14  43   0 0.03  0.5    0  6.8 12  10   M    M   8 1      15  10
 2  40   8  24 -12  41   0 0.00  0.0    0  3.1 13 220   M    M   0 18     16 230
 3  57  25  41   5  24   0 0.00  0.0    0  2.1 10 120   M    M   0 1      12 120
 4  62  29  46  10  19   0 0.00  0.0    0  3.0 13 100   M    M   2 1      15 100
 5  69  29  49  13  16   0 0.00  0.0    0  2.5  9 250   M    M   1 1      12 250
 6  59  39  49  13  16   0 0.02  0.0    0  7.9 16 110   M    M   5        20 110
 7  61  43  52  16  13   0 0.01  0.0    0  6.9 14 110   M    M   9 12     16 290
 8  67  38  53  16  12   0 0.00  0.0    0 10.3 24 320   M    M   4 12     33 310
 9  38  23  31  -6  34   0 0.00  0.0    0 10.2 23 320   M    M   0        29 320
10  43  16  30  -7  35   0 0.09  0.0    0  2.3  9 260   M    M   3 1      19 210
11  38  33  36  -1  29   0 0.52  0.0    0  6.3 13  60   M    M  10 1      15  40
12  51  36  44   7  21   0 0.50  0.0    0  9.7 18  80   M    M  10 12     27  80
13  49  27  38   1  27   0    T  0.0    0  9.6 24 270   M    M   2        34 290
14  56  26  41   4  24   0 0.00  0.0    0  4.4 13 210   M    M   0        16 220
15  64  43  54  16  11   0 0.00  0.0    0 11.4 24 210   M    M   4        33 210
16  57  31  44   6  21   0 0.00  0.0    0  8.8 17 320   M    M   6        25 350
================================================================================
SM  841  460       386   0  1.17     0.5 105.3          M       64
================================================================================
AV 52.6 28.8                               6.6 FASTST   M    M   4    MAX(MPH)
                                 MISC ---->  # 24 320               # 34  290
================================================================================
NOTES:
# LAST OF SEVERAL OCCURRENCES

COLUMN 17 PEAK WIND IN M.P.H.

PRELIMINARY LOCAL CLIMATOLOGICAL DATA (WS FORM: F-6) , PAGE 2

                                          STATION:  SALISBURY MD
                                          MONTH:    FEBRUARY
                                          YEAR:     2019
                                          LATITUDE:   38 20 N
                                          LONGITUDE:  75 30 W

[TEMPERATURE DATA]      [PRECIPITATION DATA]       SYMBOLS USED IN COLUMN 16

AVERAGE MONTHLY: 40.7   TOTAL FOR MONTH:   1.17    1 = FOG OR MIST
DPTR FM NORMAL:   4.0   DPTR FM NORMAL:   -0.73    2 = FOG REDUCING VISIBILITY
HIGHEST:    69 ON  5    GRTST 24HR  0.52 ON 11-11      TO 1/4 MILE OR LESS
LOWEST:      8 ON  2                               3 = THUNDER
                        SNOW, ICE PELLETS, HAIL    4 = ICE PELLETS
                        TOTAL MONTH:   0.5 INCH    5 = HAIL
                        GRTST 24HR   0.5 ON  1- 1  6 = FREEZING RAIN OR DRIZZLE
                        GRTST DEPTH:   0           7 = DUSTSTORM OR SANDSTORM:
                                                       VSBY 1/2 MILE OR LESS
                                                   8 = SMOKE OR HAZE
[NO. OF DAYS WITH]      [WEATHER - DAYS WITH]      9 = BLOWING SNOW
                                                   X = TORNADO
MAX 32 OR BELOW:   1    0.01 INCH OR MORE:   6
MAX 90 OR ABOVE:   0    0.10 INCH OR MORE:   2
MIN 32 OR BELOW:  10    0.50 INCH OR MORE:   2
MIN  0 OR BELOW:   0    1.00 INCH OR MORE:   0

[HDD (BASE 65) ]
TOTAL THIS MO.   386    CLEAR  (SCALE 0-3)   8
DPTR FM NORMAL   -67    PTCLDY (SCALE 4-7)   4
TOTAL FM JUL 1  2768    CLOUDY (SCALE 8-10)  4
DPTR FM NORMAL  -226

[CDD (BASE 65) ]
TOTAL THIS MO.     0
DPTR FM NORMAL     0    [PRESSURE DATA]
TOTAL FM JAN 1     0    HIGHEST SLP M ON M
DPTR FM NORMAL     0    LOWEST  SLP 29.67 ON 13

[REMARKS]
