000
CXUS56 KSTO 181425
CF6SCK
PRELIMINARY LOCAL CLIMATOLOGICAL DATA (WS FORM: F-6)

                                          STATION:   STOCKTON AIRPORT CA
                                          MONTH:     AUGUST
                                          YEAR:      2019
                                          LATITUDE:   37 54 N
                                          LONGITUDE: 121 15 W

  TEMPERATURE IN F:       :PCPN:    SNOW:  WIND      :SUNSHINE: SKY     :PK WND
================================================================================
1   2   3   4   5  6A  6B    7    8   9   10  11  12  13   14  15   16   17  18
                                     12Z  AVG MX 2MIN
DY MAX MIN AVG DEP HDD CDD  WTR  SNW DPTH SPD SPD DIR MIN PSBL S-S WX    SPD DR
================================================================================

 1  92  62  77   0   0  12 0.00  0.0    0  9.5 21 270   M    M   0        24 270
 2  96  62  79   2   0  14 0.00  0.0    0  8.1 16 300   M    M   0        20 300
 3 101  61  81   4   0  16 0.00  0.0    0  6.5 16 270   M    M   0 8      30 330
 4  99  64  82   6   0  17 0.00  0.0    0  7.8 17 300   M    M   0        20 300
 5  96  61  79   3   0  14 0.00  0.0    0  7.4 14 300   M    M   0        17 300
 6 101  70  86  10   0  21 0.00  0.0    0  7.4 15 300   M    M   0        23 300
 7  96  65  81   5   0  16 0.00  0.0    0 11.1 23 260   M    M   0        28 270
 8  87  63  75  -1   0  10 0.00  0.0    0 14.8 25 270   M    M   0        32 270
 9  90  63  77   1   0  12 0.00  0.0    0 10.4 17 290   M    M   0        22 320
10  87  64  76   0   0  11 0.00  0.0    0  9.7 21 300   M    M   1        26  80
11  92  57  75  -1   0  10 0.00  0.0    0  7.6 17 300   M    M   0        28 340
12  97  59  78   2   0  13 0.00  0.0    0  5.6 18 300   M    M   0        24  90
13 101  61  81   5   0  16 0.00  0.0    0  4.3 13 300   M    M   0        18 300
14 104  64  84   8   0  19 0.00  0.0    0  5.5 17 300   M    M   0        20 290
15 107  65  86  10   0  21 0.00  0.0    0  5.8 14 300   M    M   0        18 280
16 104  66  85   9   0  20 0.00  0.0    0  5.7 18 300   M    M   0        22 300
17  94  63  79   3   0  14 0.00  0.0    0  8.4 16 260   M    M   0        23  70
================================================================================
SM 1644 1070         0 256  0.00     0.0 135.6          M        1
================================================================================
AV 96.7 62.9                               8.0 FASTST   M    M   0    MAX(MPH)
                                 MISC ---->  # 25 270               # 32  270
================================================================================
NOTES:
# LAST OF SEVERAL OCCURRENCES

COLUMN 17 PEAK WIND IN M.P.H.

PRELIMINARY LOCAL CLIMATOLOGICAL DATA (WS FORM: F-6) , PAGE 2

                                          STATION:  STOCKTON AIRPORT CA
                                          MONTH:    AUGUST
                                          YEAR:     2019
                                          LATITUDE:   37 54 N
                                          LONGITUDE: 121 15 W

[TEMPERATURE DATA]      [PRECIPITATION DATA]       SYMBOLS USED IN COLUMN 16

AVERAGE MONTHLY: 79.8   TOTAL FOR MONTH:   0.00    1 = FOG OR MIST
DPTR FM NORMAL:   3.6   DPTR FM NORMAL:    0.00    2 = FOG REDUCING VISIBILITY
HIGHEST:   107 ON 15    GRTST 24HR  0.00 ON 17-17      TO 1/4 MILE OR LESS
LOWEST:     57 ON 11                               3 = THUNDER
                        SNOW, ICE PELLETS, HAIL    4 = ICE PELLETS
                        TOTAL MONTH:   0.0 INCH    5 = HAIL
                        GRTST 24HR     0.0         6 = FREEZING RAIN OR DRIZZLE
                        GRTST DEPTH:   0           7 = DUSTSTORM OR SANDSTORM:
                                                       VSBY 1/2 MILE OR LESS
                                                   8 = SMOKE OR HAZE
[NO. OF DAYS WITH]      [WEATHER - DAYS WITH]      9 = BLOWING SNOW
                                                   X = TORNADO
MAX 32 OR BELOW:   0    0.01 INCH OR MORE:   0
MAX 90 OR ABOVE:  15    0.10 INCH OR MORE:   0
MIN 32 OR BELOW:   0    0.50 INCH OR MORE:   0
MIN  0 OR BELOW:   0    1.00 INCH OR MORE:   0

[HDD (BASE 65) ]
TOTAL THIS MO.     0    CLEAR  (SCALE 0-3)  17
DPTR FM NORMAL     0    PTCLDY (SCALE 4-7)   0
TOTAL FM JUL 1     0    CLOUDY (SCALE 8-10)  0
DPTR FM NORMAL     0

[CDD (BASE 65) ]
TOTAL THIS MO.   256
DPTR FM NORMAL    65    [PRESSURE DATA]
TOTAL FM JAN 1  1163    HIGHEST SLP M ON M
DPTR FM NORMAL   260    LOWEST  SLP 29.70 ON 16

[REMARKS]
