000
CXUS56 KLOX 201655
CF6SDB
PRELIMINARY LOCAL CLIMATOLOGICAL DATA (WS FORM: F-6)

                                          STATION:   SANDBERG CA
                                          MONTH:     FEBRUARY
                                          YEAR:      2019
                                          LATITUDE:   34 45 N
                                          LONGITUDE: 118 44 W

  TEMPERATURE IN F:       :PCPN:    SNOW:  WIND      :SUNSHINE: SKY     :PK WND
================================================================================
1   2   3   4   5  6A  6B    7    8   9   10  11  12  13   14  15   16   17  18
                                     12Z  AVG MX 2MIN
DY MAX MIN AVG DEP HDD CDD  WTR  SNW DPTH SPD SPD DIR MIN PSBL S-S WX    SPD DR
================================================================================

 1  49  41  45   2  20   0    T    M    0 14.6 30 180   M    M   5 12     40 180
 2  45  36  41  -2  24   0 1.85    M    0 25.8 51 180   M    M   9 12     65 180
 3  44  36  40  -3  25   0 0.19    M    0 19.6 32 200   M    M  10 12     42 210
 4  43  34  39  -4  26   0 0.29    M    0 19.8 37 200   M    M  10 12     55 210
 5  38  27  33 -10  32   0 0.02    M    0 15.0 24 330   M    M   9 12     33 340
 6  33  24  29 -14  36   0 0.00  0.0    0 15.4 37 340   M    M   7        44 330
 7  40  27  34  -9  31   0 0.00  0.0    0 13.9 23  80   M    M   0        29  70
 8  47  31  39  -4  26   0 0.00  0.0    0 12.8 25 180   M    M   0        31 170
 9  44  32  38  -5  27   0 0.05    M    0 11.3 20 190   M    M  10 12     29 180
10  37  27  32 -11  33   0 0.06    M    0 18.6 33 340   M    M  10 12     40 350
11  47  25  36  -7  29   0 0.00  0.0    0  9.6 33 340   M    M   2        41 350
12  44  33  39  -5  26   0 0.00  0.0    0 13.2 22 180   M    M   0        31 180
13  44  34  39  -5  26   0 0.12    M    0 17.7 33 200   M    M   8 128    46 200
14  51  36  44   0  21   0 0.79    M    M 21.5 48 220   M    M   6 12     64 240
15  40  32  36  -8  29   0 0.04    M    0 13.6 30 330   M    M  10 12     37 330
16  38  29  34 -10  31   0 0.02    M    0 17.2 41 330   M    M   7 1      49 330
17  37  27  32 -12  33   0 0.29    M    0 14.4 31 330   M    M   9 12     39 330
18  32  25  29 -15  36   0    T    M    0 14.1 33 340   M    M   5 18     41 340
19  38  25  32 -12  33   0 0.00  0.0    0 10.1 25 330   M    M   1        30 340
================================================================================
SM  791  581       544   0  3.72     0.0 298.2          M      118
================================================================================
AV 41.6 30.6                              15.7 FASTST   M    M   6    MAX(MPH)
                                 MISC ---->  # 51 180               # 65  180
================================================================================
NOTES:
# LAST OF SEVERAL OCCURRENCES

COLUMN 17 PEAK WIND IN M.P.H.

PRELIMINARY LOCAL CLIMATOLOGICAL DATA (WS FORM: F-6) , PAGE 2

                                          STATION:  SANDBERG CA
                                          MONTH:    FEBRUARY
                                          YEAR:     2019
                                          LATITUDE:   34 45 N
                                          LONGITUDE: 118 44 W

[TEMPERATURE DATA]      [PRECIPITATION DATA]       SYMBOLS USED IN COLUMN 16

AVERAGE MONTHLY: 36.1   TOTAL FOR MONTH:   3.72    1 = FOG OR MIST
DPTR FM NORMAL:  -7.3   DPTR FM NORMAL:    1.71    2 = FOG REDUCING VISIBILITY
HIGHEST:    51 ON 14    GRTST 24HR  1.85 ON  2- 2      TO 1/4 MILE OR LESS
LOWEST:     24 ON  6                               3 = THUNDER
                        SNOW, ICE PELLETS, HAIL    4 = ICE PELLETS
                        TOTAL MONTH:   0.0 INCH    5 = HAIL
                        GRTST 24HR     0.0         6 = FREEZING RAIN OR DRIZZLE
                        GRTST DEPTH:   0           7 = DUSTSTORM OR SANDSTORM:
                                                       VSBY 1/2 MILE OR LESS
                                                   8 = SMOKE OR HAZE
[NO. OF DAYS WITH]      [WEATHER - DAYS WITH]      9 = BLOWING SNOW
                                                   X = TORNADO
MAX 32 OR BELOW:   1    0.01 INCH OR MORE:  11
MAX 90 OR ABOVE:   0    0.10 INCH OR MORE:   6
MIN 32 OR BELOW:  12    0.50 INCH OR MORE:   2
MIN  0 OR BELOW:   0    1.00 INCH OR MORE:   1

[HDD (BASE 65) ]
TOTAL THIS MO.   544    CLEAR  (SCALE 0-3)   5
DPTR FM NORMAL   133    PTCLDY (SCALE 4-7)   6
TOTAL FM JUL 1  2157    CLOUDY (SCALE 8-10)  8
DPTR FM NORMAL  -419

[CDD (BASE 65) ]
TOTAL THIS MO.     0
DPTR FM NORMAL     0    [PRESSURE DATA]
TOTAL FM JAN 1     0    HIGHEST SLP M ON M
DPTR FM NORMAL     0    LOWEST  SLP 29.71 ON M

[REMARKS]
