000
CXUS56 KLOX 231655
CF6SDB
PRELIMINARY LOCAL CLIMATOLOGICAL DATA (WS FORM: F-6)

                                          STATION:   SANDBERG CA
                                          MONTH:     AUGUST
                                          YEAR:      2019
                                          LATITUDE:   34 45 N
                                          LONGITUDE: 118 44 W

  TEMPERATURE IN F:       :PCPN:    SNOW:  WIND      :SUNSHINE: SKY     :PK WND
================================================================================
1   2   3   4   5  6A  6B    7    8   9   10  11  12  13   14  15   16   17  18
                                     12Z  AVG MX 2MIN
DY MAX MIN AVG DEP HDD CDD  WTR  SNW DPTH SPD SPD DIR MIN PSBL S-S WX    SPD DR
================================================================================

 1  88  66  77   2   0  12 0.00  0.0    0  9.5 22 320   M    M   0        29 320
 2  87  65  76   1   0  11 0.00  0.0    0 15.5 24 320   M    M   0        30 320
 3  90  65  78   3   0  13 0.00  0.0    0 12.1 22 320   M    M   0        27 330
 4  93  65  79   4   0  14 0.00  0.0    0 10.9 22 160   M    M   0        30 160
 5  94  71  83   8   0  18 0.00  0.0    0 10.7 21 140   M    M   0        27 140
 6  94  71  83   8   0  18 0.00  0.0    0 11.0 23 160   M    M   0        30 170
 7  90  66  78   3   0  13 0.00  0.0    0  9.2 20 150   M    M   1        27 130
 8  87  65  76   1   0  11 0.00  0.0    0 11.5 25 320   M    M   0        32 290
 9  84  63  74  -1   0   9 0.00  0.0    0 11.4 26 310   M    M   0        32 320
10  79  59  69  -6   0   4 0.00  0.0    0 13.7 25 330   M    M   0        31 320
11  76  54  65 -10   0   0 0.00  0.0    0 20.2 29 320   M    M   0        35 320
12  87  60  74  -1   0   9 0.00  0.0    0 12.2 24 320   M    M   0        30 310
13  91  66  79   5   0  14 0.00  0.0    0 10.0 17 160   M    M   0        25 170
14  94  69  82   8   0  17 0.00  0.0    0 10.9 18 160   M    M   0        26 150
15  95  71  83   9   0  18 0.00  0.0    0 11.2 22 320   M    M   0        27 330
16  91  66  79   5   0  14 0.00  0.0    0 12.5 23 320   M    M   0        26 330
17  82  63  73  -1   0   8 0.00  0.0    0 11.5 21 170   M    M   0        28 140
18  82  60  71  -3   0   6 0.00  0.0    0 11.4 21 160   M    M   0        29 170
19  85  63  74   0   0   9 0.00  0.0    0 11.4 21 150   M    M   0        28 140
20  90  63  77   3   0  12 0.00  0.0    0 11.8 29 320   M    M   0        35 320
21  89  63  76   2   0  11 0.00  0.0    0 16.1 31 320   M    M   0        37 330
22  84  65  75   1   0  10 0.00  0.0    0 13.9 21 300   M    M   0        35 310
================================================================================
SM 1932 1419         0 251  0.00     0.0 268.7          M        1
================================================================================
AV 87.8 64.5                              12.2 FASTST   M    M   0    MAX(MPH)
                                 MISC ---->  # 31 320               # 37  330
================================================================================
NOTES:
# LAST OF SEVERAL OCCURRENCES

COLUMN 17 PEAK WIND IN M.P.H.

PRELIMINARY LOCAL CLIMATOLOGICAL DATA (WS FORM: F-6) , PAGE 2

                                          STATION:  SANDBERG CA
                                          MONTH:    AUGUST
                                          YEAR:     2019
                                          LATITUDE:   34 45 N
                                          LONGITUDE: 118 44 W

[TEMPERATURE DATA]      [PRECIPITATION DATA]       SYMBOLS USED IN COLUMN 16

AVERAGE MONTHLY: 76.2   TOTAL FOR MONTH:   0.00    1 = FOG OR MIST
DPTR FM NORMAL:   1.6   DPTR FM NORMAL:   -0.02    2 = FOG REDUCING VISIBILITY
HIGHEST:    95 ON 15    GRTST 24HR  0.00 ON 22-22      TO 1/4 MILE OR LESS
LOWEST:     54 ON 11                               3 = THUNDER
                        SNOW, ICE PELLETS, HAIL    4 = ICE PELLETS
                        TOTAL MONTH:   0.0 INCH    5 = HAIL
                        GRTST 24HR     0.0         6 = FREEZING RAIN OR DRIZZLE
                        GRTST DEPTH:   0           7 = DUSTSTORM OR SANDSTORM:
                                                       VSBY 1/2 MILE OR LESS
                                                   8 = SMOKE OR HAZE
[NO. OF DAYS WITH]      [WEATHER - DAYS WITH]      9 = BLOWING SNOW
                                                   X = TORNADO
MAX 32 OR BELOW:   0    0.01 INCH OR MORE:   0
MAX 90 OR ABOVE:  10    0.10 INCH OR MORE:   0
MIN 32 OR BELOW:   0    0.50 INCH OR MORE:   0
MIN  0 OR BELOW:   0    1.00 INCH OR MORE:   0

[HDD (BASE 65) ]
TOTAL THIS MO.     0    CLEAR  (SCALE 0-3)  22
DPTR FM NORMAL     0    PTCLDY (SCALE 4-7)   0
TOTAL FM JUL 1     0    CLOUDY (SCALE 8-10)  0
DPTR FM NORMAL    -8

[CDD (BASE 65) ]
TOTAL THIS MO.   251
DPTR FM NORMAL    37    [PRESSURE DATA]
TOTAL FM JAN 1   777    HIGHEST SLP M ON M
DPTR FM NORMAL   100    LOWEST  SLP 29.69 ON 22

[REMARKS]
