000
CXUS55 KPSR 231005
CF6SDL
PRELIMINARY LOCAL CLIMATOLOGICAL DATA (WS FORM: F-6)

                                          STATION:   SCOTTSDALE AZ
                                          MONTH:     FEBRUARY
                                          YEAR:      2019
                                          LATITUDE:   33 37 N
                                          LONGITUDE: 111 55 W

  TEMPERATURE IN F:       :PCPN:    SNOW:  WIND      :SUNSHINE: SKY     :PK WND
================================================================================
1   2   3   4   5  6A  6B    7    8   9   10  11  12  13   14  15   16   17  18
                                     12Z  AVG MX 2MIN
DY MAX MIN AVG DEP HDD CDD  WTR  SNW DPTH SPD SPD DIR MIN PSBL S-S WX    SPD DR
================================================================================

 1  71  53  62   6   3   0 0.00  0.0    0  4.4 13 140   M    M   3        16 140
 2  70  53  62   6   3   0    T  0.0    0  3.0 10 140   M    M   8        16 120
 3  66  55  61   5   4   0 0.37  0.0    0  4.1 12 150   M    M  10 1      18 140
 4  65  54  60   4   5   0    T  0.0    0  4.8 16 210   M    M   7 1      23 200
 5  63  51  57   1   8   0 0.04  0.0    0  7.6 16 180   M    M   8        23 180
 6  53  40  47  -9  18   0 0.02  0.0    0  8.2 18 250   M    M   2 1      25 240
 7  57  33  45 -11  20   0 0.00  0.0    0  2.0 10  60   M    M   0        14  50
 8  66  35  51  -5  14   0 0.00  0.0    0  1.9 10 170   M    M   0        15 130
 9  59  42  51  -5  14   0 0.00  0.0    0  2.1 14 280   M    M   0        20 260
10  62  35  49  -7  16   0 0.00  0.0    0  2.1 10 220   M    M   0        14 210
11  58  42  50  -6  15   0 0.00  0.0    0  4.8 17 270   M    M   2        24 270
12  70  34  52  -5  13   0 0.00  0.0    0  1.6  8 100   M    M   0        12 130
13   M  46   M   M   M   M    T    M    0  1.9 13  20   M    M   2        16  30
14  60   M   M   M   M   M 0.20  0.0    0  3.0 10  90   M    M  10 1      15 100
15  67  52  60   3   5   0 0.00  0.0    0  3.3 10 230   M    M   3 1      13 220
16  60  44  52  -5  13   0 0.00  0.0    0  5.2 16 250   M    M   2        22 260
17  56  39  48  -9  17   0 0.00  0.0    0  5.2 15 220   M    M   4        22 210
18  53  40  47 -11  18   0 0.11    M    0  3.7 13 250   M    M   7 1      17 210
19  54  35  45 -13  20   0 0.00  0.0    0  4.2 17 250   M    M   2        22 250
20  55  33  44 -14  21   0 0.00  0.0    0  3.4 12 170   M    M   1        17 140
21  52  37  45 -13  20   0 0.95    M    0  8.1 28 260   M    M  10 1      37 240
22  46  36  41 -17  24   0 0.34  0.0    0  3.6 12 130   M    M   8 1      15  90
================================================================================
SM 1263  889       271   0  2.03     0.0  88.2          M       89
================================================================================
AV 60.1 42.3                               4.0 FASTST   M    M   4    MAX(MPH)
                                 MISC ---->  # 28 260               # 37  240
================================================================================
NOTES:
# LAST OF SEVERAL OCCURRENCES

COLUMN 17 PEAK WIND IN M.P.H.

PRELIMINARY LOCAL CLIMATOLOGICAL DATA (WS FORM: F-6) , PAGE 2

                                          STATION:  SCOTTSDALE AZ
                                          MONTH:    FEBRUARY
                                          YEAR:     2019
                                          LATITUDE:   33 37 N
                                          LONGITUDE: 111 55 W

[TEMPERATURE DATA]      [PRECIPITATION DATA]       SYMBOLS USED IN COLUMN 16

AVERAGE MONTHLY: 51.2   TOTAL FOR MONTH:   2.03    1 = FOG OR MIST
DPTR FM NORMAL:  -5.5   DPTR FM NORMAL:    1.08    2 = FOG REDUCING VISIBILITY
HIGHEST:    71 ON  1    GRTST 24HR  0.95 ON 21-21      TO 1/4 MILE OR LESS
LOWEST:     33 ON 20, 7                            3 = THUNDER
                        SNOW, ICE PELLETS, HAIL    4 = ICE PELLETS
                        TOTAL MONTH:   0.0 INCH    5 = HAIL
                        GRTST 24HR     0.0         6 = FREEZING RAIN OR DRIZZLE
                        GRTST DEPTH:   0           7 = DUSTSTORM OR SANDSTORM:
                                                       VSBY 1/2 MILE OR LESS
                                                   8 = SMOKE OR HAZE
[NO. OF DAYS WITH]      [WEATHER - DAYS WITH]      9 = BLOWING SNOW
                                                   X = TORNADO
MAX 32 OR BELOW:   0    0.01 INCH OR MORE:   7
MAX 90 OR ABOVE:   0    0.10 INCH OR MORE:   5
MIN 32 OR BELOW:   0    0.50 INCH OR MORE:   1
MIN  0 OR BELOW:   0    1.00 INCH OR MORE:   0

[HDD (BASE 65) ]
TOTAL THIS MO.   271    CLEAR  (SCALE 0-3)  12
DPTR FM NORMAL    88    PTCLDY (SCALE 4-7)   6
TOTAL FM JUL 1  1017    CLOUDY (SCALE 8-10)  4
DPTR FM NORMAL    13

[CDD (BASE 65) ]
TOTAL THIS MO.     0
DPTR FM NORMAL     0    [PRESSURE DATA]
TOTAL FM JAN 1     0    HIGHEST SLP M ON M
DPTR FM NORMAL    -2    LOWEST  SLP 29.57 ON 21

[REMARKS]
