000
CXUS56 KSGX 181445
CF6SDM
PRELIMINARY LOCAL CLIMATOLOGICAL DATA (WS FORM: F-6)

                                          STATION:   SAN DIEGO/BROWN
                                          MONTH:     APRIL
                                          YEAR:      2019
                                          LATITUDE:   32 34 N
                                          LONGITUDE: 116 59 W

  TEMPERATURE IN F:       :PCPN:    SNOW:  WIND      :SUNSHINE: SKY     :PK WND
================================================================================
1   2   3   4   5  6A  6B    7    8   9   10  11  12  13   14  15   16   17  18
                                     12Z  AVG MX 2MIN
DY MAX MIN AVG DEP HDD CDD  WTR  SNW DPTH SPD SPD DIR MIN PSBL S-S WX    SPD DR
================================================================================

 1  83  50  67  10   0   2 0.00  0.0    0  4.6 13 270   M    M   0 8      16 280
 2  71  47  59   2   6   0 0.00  0.0    0  6.0 15 250   M    M   2 128    20 250
 3  67  51  59   1   6   0 0.08  0.0    0  4.5 13 270   M    M   5 1      18 280
 4  67  49  58   0   7   0 0.00  0.0    0  3.9 15 280   M    M   5 8      20 280
 5  67  49  58   0   7   0    T    M    0  4.6 15 280   M    M   7 1      19 280
 6  70  50  60   2   5   0 0.02  0.0    0  3.7 15 280   M    M   4 1      20 320
 7  78  47  63   5   2   0 0.00  0.0    0  4.2 14 260   M    M   0 18     18 260
 8  86  53  70  12   0   5 0.00  0.0    0  4.6 12 280   M    M   0 18     17 290
 9  70  50  60   2   5   0 0.00  0.0    0  5.8 14 250   M    M   6 128    19 240
10  73  45  59   1   6   0 0.00  0.0    0  5.3 17 270   M    M   0 8      23 270
11  72  42  57  -1   8   0 0.00  0.0    0  6.7 14 280   M    M   1 8      18 280
12  69  50  60   1   5   0 0.00  0.0    0  5.0 15 260   M    M   4 18     20 280
13  77  47  62   3   3   0 0.00  0.0    0  4.8 14 280   M    M   0        19 270
14  77  47  62   3   3   0 0.00  0.0    0  5.0 15 270   M    M   0 1      20 280
15  69  46  58  -1   7   0 0.00  0.0    0  4.7 15 260   M    M   4 1      19 280
16  63  54  59   0   6   0 0.03  0.0    0  6.5 14 260   M    M   9 18     18 250
17  78  48  63   4   2   0 0.00  0.0    0  4.5 22 270   M    M   1 1      27 270
================================================================================
SM 1237  825        78   7  0.13     0.0  84.4          M       48
================================================================================
AV 72.8 48.5                               5.0 FASTST   M    M   3    MAX(MPH)
                                 MISC ---->  # 22 270               # 27  270
================================================================================
NOTES:
# LAST OF SEVERAL OCCURRENCES

COLUMN 17 PEAK WIND IN M.P.H.

PRELIMINARY LOCAL CLIMATOLOGICAL DATA (WS FORM: F-6) , PAGE 2

                                          STATION:  SAN DIEGO/BROWN
                                          MONTH:    APRIL
                                          YEAR:     2019
                                          LATITUDE:   32 34 N
                                          LONGITUDE: 116 59 W

[TEMPERATURE DATA]      [PRECIPITATION DATA]       SYMBOLS USED IN COLUMN 16

AVERAGE MONTHLY: 60.7   TOTAL FOR MONTH:   0.13    1 = FOG OR MIST
DPTR FM NORMAL:   2.4   DPTR FM NORMAL:   -0.44    2 = FOG REDUCING VISIBILITY
HIGHEST:    86 ON  8    GRTST 24HR  0.08 ON  3- 3      TO 1/4 MILE OR LESS
LOWEST:     42 ON 11                               3 = THUNDER
                        SNOW, ICE PELLETS, HAIL    4 = ICE PELLETS
                        TOTAL MONTH:   0.0 INCH    5 = HAIL
                        GRTST 24HR     0.0         6 = FREEZING RAIN OR DRIZZLE
                        GRTST DEPTH:   0           7 = DUSTSTORM OR SANDSTORM:
                                                       VSBY 1/2 MILE OR LESS
                                                   8 = SMOKE OR HAZE
[NO. OF DAYS WITH]      [WEATHER - DAYS WITH]      9 = BLOWING SNOW
                                                   X = TORNADO
MAX 32 OR BELOW:   0    0.01 INCH OR MORE:   3
MAX 90 OR ABOVE:   0    0.10 INCH OR MORE:   0
MIN 32 OR BELOW:   0    0.50 INCH OR MORE:   0
MIN  0 OR BELOW:   0    1.00 INCH OR MORE:   0

[HDD (BASE 65) ]
TOTAL THIS MO.    78    CLEAR  (SCALE 0-3)   9
DPTR FM NORMAL   -41    PTCLDY (SCALE 4-7)   7
TOTAL FM JUL 1  1332    CLOUDY (SCALE 8-10)  1
DPTR FM NORMAL  -218

[CDD (BASE 65) ]
TOTAL THIS MO.     7
DPTR FM NORMAL     7    [PRESSURE DATA]
TOTAL FM JAN 1     8    HIGHEST SLP M ON M
DPTR FM NORMAL    -3    LOWEST  SLP 29.67 ON 12

[REMARKS]
