000
CXUS56 KTFX 200915
CF6SDY
19
PRELIMINARY LOCAL CLIMATOLOGICAL DATA (WS FORM: F-6)

                                          STATION:   SIDNEY APT MT
                                          MONTH:     August
                                          YEAR:      2019
                                          LATITUDE:   47.72  N
                                          LONGITUDE: 104.18  W

  TEMPERATURE IN F:       :PCPN:    SNOW:  WIND      :SUNSHINE: SKY     :PK WND
================================================================================
1   2   3   4   5  6A  6B    7    8   9   10  11  12  13   14  15   16   17  18
                                     12Z  AVG MX 2MIN
DY MAX MIN AVG DEP HDD CDD  WTR  SNW DPTH SPD SPD DIR MIN PSBL S-S WX    SPD DR
================================================================================

01  85  63  74   0   0   9 T      M    M  7.2  M   M   M    M   M        35  360
02  95  60  77   3   0  12  0.00  M    M  4.9  M   M   M    M   M        M     M
03  98  62  80   6   0  15  0.00  M    M  8.9  M   M   M    M   M        26  320
04  89  63  76   2   0  11  0.01  M    M  8.6  M   M   M    M   M        18  360
05  84  58  71  -2   0   6  0.63  M    M  6.0  M   M   M    M   M        26  350
06  90  56  73   0   0   8  0.00  M    M  9.0  M   M   M    M   M        24  360
07  71  54  62 -11   3   0  0.08  M    M  6.9  M   M   M    M   M        M     M
08  84  50  67  -6   0   2  0.00  M    M  5.8  M   M   M    M   M        M     M
09  87  59  73   0   0   8  0.00  M    M  6.0  M   M   M    M   M        M     M
10  80  62  71  -2   0   6  0.00  M    M  8.8  M   M   M    M   M        26  360
11  68  60  64  -9   1   0  0.21  M    M  9.0  M   M   M    M   M        30  360
12  79  55  67  -6   0   2  0.33  M    M 13.8  M   M   M    M   M        35  350
13  67  50  58 -14   7   0  0.00  M    M  8.8  M   M   M    M   M        28  360
14  80  46  63  -9   2   0 T      M    M  4.6  M   M   M    M   M        18  210
15  80  54  67  -5   0   2  0.00  M    M  8.2  M   M   M    M   M        22  360
16  88  51  69  -3   0   4  0.00  M    M  9.5  M   M   M    M   M        25  360
17  63  45  54 -18  11   0  0.12  M    M  9.5  M   M   M    M   M        M     M
18  80  44  62  -9   3   0  0.00  M    M  9.4  M   M   M    M   M        26  260
19  93  49  71   0   0   6  0.00  M    M  6.9  M   M   M    M   M        22  310
================================================================================
SM 1561 1041         27  91  1.38         151.8
================================================================================
AV 82.2 54.8                              8.0                        MAX(MPH)
                                                                      35

[TEMPERATURE DATA]      [PRECIPITATION DATA]

Average Monthly:  68.5  Total for Month:  1.38
Dptr fm Normal:    -4.4  Dptr fm Normal:  0.63
