000
CXUS56 KTFX 230915
CF6SDY
22
PRELIMINARY LOCAL CLIMATOLOGICAL DATA (WS FORM: F-6)

                                          STATION:   SIDNEY APT MT
                                          MONTH:     April
                                          YEAR:      2019
                                          LATITUDE:   47.72  N
                                          LONGITUDE: 104.18  W

  TEMPERATURE IN F:       :PCPN:    SNOW:  WIND      :SUNSHINE: SKY     :PK WND
================================================================================
1   2   3   4   5  6A  6B    7    8   9   10  11  12  13   14  15   16   17  18
                                     12Z  AVG MX 2MIN
DY MAX MIN AVG DEP HDD CDD  WTR  SNW DPTH SPD SPD DIR MIN PSBL S-S WX    SPD DR
================================================================================

01  47  24  35  -6  30   0 T      M    M  8.2  M   M   M    M   M        26  340
02  50  24  37  -5  28   0  0.00  M    M 13.8  M   M   M    M   M        30  360
03  57  18  37  -5  28   0  0.00  M    M 11.6  M   M   M    M   M        29  350
04  68  35  51   8  14   0 T      M    M 13.7  M   M   M    M   M        33  320
05  56  34  45   2  20   0  0.00  M    M  9.1  M   M   M    M   M        21  360
06  63  39  51   7  14   0 T      M    M  7.3  M   M   M    M   M        M     M
07  68  41  54  10  11   0 T      M    M 11.9  M   M   M    M   M        25  330
08  63  35  49   5  16   0  0.00  M    M 13.6  M   M   M    M   M        31  350
09  54  32  43  -2  22   0  0.00  M    M  8.5  M   M   M    M   M        23  340
10  35  25  30 -15  35   0  0.00  M    M 12.7  M   M   M    M   M        21  80
11  42  26  34 -12  31   0  0.00  M    M 11.3  M   M   M    M   M        22  90
12  50  24  37  -9  28   0  0.00  M    M 14.4  M   M   M    M   M        31  360
13  57  17  37  -9  28   0  0.00  M    M  8.6  M   M   M    M   M        26  340
14  64  35  49   2  16   0  0.01  M    M 11.8  M   M   M    M   M        26  310
15  61  32  46  -1  19   0  0.00  M    M 12.4  M   M   M    M   M        30  310
16  62  24  43  -5  22   0  0.02  M    M  5.5  M   M   M    M   M        26  300
17  61  39  50   2  15   0  0.11  M    M  7.2  M   M   M    M   M        23  350
18  63  32  47  -1  18   0  0.00  M    M 10.3  M   M   M    M   M        28  340
19  80  41  60  11   5   0  0.00  M    M 11.7  M   M   M    M   M        31  310
20  63  47  55   6  10   0  0.10  M    M  7.3  M   M   M    M   M        25  360
21  62  39  50   0  15   0  0.04  M    M  5.7  M   M   M    M   M        M     M
22  66  31  48  -2  17   0  0.00  M    M  4.7  M   M   M    M   M        M     M
================================================================================
SM 1292 694         442  0  0.28         221.3
================================================================================
AV 58.7 31.5                              10.1                        MAX(MPH)
                                                                      33

[TEMPERATURE DATA]      [PRECIPITATION DATA]

Average Monthly:  45.1  Total for Month:  0.28
Dptr fm Normal:    -0.9  Dptr fm Normal:  -0.38
