000
CXUS52 KMLB 190633
CF6SFB
PRELIMINARY LOCAL CLIMATOLOGICAL DATA (WS FORM: F-6)

                                          STATION:   SANFORD
                                          MONTH:     APRIL
                                          YEAR:      2018
                                          LATITUDE:   28 46 N
                                          LONGITUDE:  81 15 W

  TEMPERATURE IN F:       :PCPN:    SNOW:  WIND      :SUNSHINE: SKY     :PK WND
================================================================================
1   2   3   4   5  6A  6B    7    8   9   10  11  12  13   14  15   16   17  18
                                     12Z  AVG MX 2MIN
DY MAX MIN AVG DEP HDD CDD  WTR  SNW DPTH SPD SPD DIR MIN PSBL S-S WX    SPD DR
================================================================================

 1  83  62  73   4   0   8 0.00  0.0    0  6.1 17  60   M    M   8 1      21  60
 2  88  66  77   8   0  12    T  0.0    0  6.2 17 120   M    M   6        21 130
 3  87  65  76   7   0  11 0.00  0.0    0  8.2 18 130   M    M   3        21 130
 4  87  67  77   7   0  12 0.01  0.0    0  9.1 22 310   M    M   3        28 300
 5  80  60  70   0   0   5 0.00  0.0    0  9.8 17  80   M    M   1        21  80
 6  84  59  72   2   0   7 0.00  0.0    0  8.0 17 130   M    M   1        21 140
 7  88  67  78   8   0  13 0.10  0.0    0 11.8 37 300   M    M   2 13     45 290
 8  73  64  69  -1   0   4 0.03  0.0    0  8.4 18 270   M    M   8        23 270
 9  88  64  76   6   0  11 0.24  0.0    0  7.2 22 260   M    M   8 13     30 230
10  72  62  67  -3   0   2 0.77  0.0    0  6.9 14 180   M    M   6 13     19 210
11  74  55  65  -6   0   0 0.57  0.0    0 10.4 18  10   M    M   3 13     24 350
12  80  54  67  -4   0   2 0.00  0.0    0  6.3 17  70   M    M   2        20  70
13  83  61  72   1   0   7 0.00  0.0    0  7.8 18  80   M    M   1        23 100
14  87  63  75   4   0  10 0.00  0.0    0  8.5 18 130   M    M   2 1      26 150
15  90  61  76   5   0  11 0.21  0.0    0 14.7 31 240   M    M   4 138    41 220
16  71  56  64  -8   1   0 0.00  0.0    0 13.4 25 290   M    M   2        32 290
17  79  49  64  -8   1   0 0.00  0.0    0  6.2 14 340   M    M   0        17 320
18  88  53  71  -1   0   6 0.00  0.0    0  3.9 14 110   M    M   0        26 220
================================================================================
SM 1482 1088         2 121  1.93     0.0 152.9          M       60
================================================================================
AV 82.3 60.4                               8.5 FASTST   M    M   3    MAX(MPH)
                                 MISC ---->  # 37 300               # 45  290
================================================================================
NOTES:
# LAST OF SEVERAL OCCURRENCES

COLUMN 17 PEAK WIND IN M.P.H.

PRELIMINARY LOCAL CLIMATOLOGICAL DATA (WS FORM: F-6) , PAGE 2

                                          STATION:  SANFORD
                                          MONTH:    APRIL
                                          YEAR:     2018
                                          LATITUDE:   28 46 N
                                          LONGITUDE:  81 15 W

[TEMPERATURE DATA]      [PRECIPITATION DATA]       SYMBOLS USED IN COLUMN 16

AVERAGE MONTHLY: 71.4   TOTAL FOR MONTH:   1.93    1 = FOG OR MIST
DPTR FM NORMAL:   0.9   DPTR FM NORMAL:    0.30    2 = FOG REDUCING VISIBILITY
HIGHEST:    90 ON 15    GRTST 24HR  0.77 ON 10-10      TO 1/4 MILE OR LESS
LOWEST:     49 ON 17                               3 = THUNDER
                        SNOW, ICE PELLETS, HAIL    4 = ICE PELLETS
                        TOTAL MONTH:   0.0 INCH    5 = HAIL
                        GRTST 24HR     0.0         6 = FREEZING RAIN OR DRIZZLE
                        GRTST DEPTH:   0           7 = DUSTSTORM OR SANDSTORM:
                                                       VSBY 1/2 MILE OR LESS
                                                   8 = SMOKE OR HAZE
[NO. OF DAYS WITH]      [WEATHER - DAYS WITH]      9 = BLOWING SNOW
                                                   X = TORNADO
MAX 32 OR BELOW:   0    0.01 INCH OR MORE:   7
MAX 90 OR ABOVE:   1    0.10 INCH OR MORE:   5
MIN 32 OR BELOW:   0    0.50 INCH OR MORE:   2
MIN  0 OR BELOW:   0    1.00 INCH OR MORE:   0

[HDD (BASE 65) ]
TOTAL THIS MO.     2    CLEAR  (SCALE 0-3)  11
DPTR FM NORMAL   -13    PTCLDY (SCALE 4-7)   5
TOTAL FM JUL 1   531    CLOUDY (SCALE 8-10)  2
DPTR FM NORMAL   -67

[CDD (BASE 65) ]
TOTAL THIS MO.   121
DPTR FM NORMAL    11    [PRESSURE DATA]
TOTAL FM JAN 1   423    HIGHEST SLP M ON M
DPTR FM NORMAL   109    LOWEST  SLP 29.74 ON  7

[REMARKS]
