000
CXUS56 KOTX 170900
CF6SFF
PRELIMINARY LOCAL CLIMATOLOGICAL DATA (WS FORM: F-6)

                                          STATION:   SPOKANE WA FELTS AIRPORT
                                          MONTH:     AUGUST
                                          YEAR:      2019
                                          LATITUDE:   47 40 N
                                          LONGITUDE: 117 20 W

  TEMPERATURE IN F:       :PCPN:    SNOW:  WIND      :SUNSHINE: SKY     :PK WND
================================================================================
1   2   3   4   5  6A  6B    7    8   9   10  11  12  13   14  15   16   17  18
                                     12Z  AVG MX 2MIN
DY MAX MIN AVG DEP HDD CDD  WTR  SNW DPTH SPD SPD DIR MIN PSBL S-S WX    SPD DR
================================================================================

 1  92  60  76   4   0  11 0.00    M    M  5.7 14 230   M    M   0        19 190
 2  91  59  75   3   0  10 0.02    M    M  7.4 22 230   M    M   0 3      26 210
 3  87  59  73   1   0   8 0.00    M    M  1.9 10 290   M    M   1 8      14 220
 4  91  51  71   0   0   6 0.00    M    M  2.7  9 360   0    0   0         M  M
 5  94  54  74   3   0   9 0.00    M    M  2.0 12 220   M    M   1 8      17 220
 6  98  56  77   6   0  12 0.00    M    M  3.4 13 220   M    M   1 8      17 210
 7  99  58  79   8   0  14 0.00    M    M  2.9  9 280   M    M   2 8       M  M
 8  98  63  81  10   0  16 0.00    M    M  3.5 22 240   M    M   0 8      29 240
 9  78  61  70  -1   0   5 0.20    M    M  3.8 15 200   M    M   5 18     20 210
10  86  61  74   3   0   9    T    M    M  4.3 26 210   M    M   4 138    33 210
11  70  57  64  -7   1   0 0.23    M    M  3.9 13 240   M    M   9 138    18 270
12  78  54  66  -4   0   1 0.00    M    M  3.3 12 210   M    M   3        15 220
13  85  52  69  -1   0   4 0.00    M    M  1.5  9  90   M    M   0 1      12 290
14  89  56  73   3   0   8 0.00    M    M  3.7 16 240   M    M   1        22 250
15  85  58  72   2   0   7 0.00    M    M  3.1 13 230   M    M   2        17 240
16   M   M   M   M   M   M    M    M    M   M   M   M   M    M   M         M  M
================================================================================
SM 1321  859         1 120  0.45    M     53.1            0     29
================================================================================
AV 88.1 57.3                               3.5 FASTST    0   0   2    MAX(MPH)
                                 MISC ---->  # 26 210               # 33  210
================================================================================
NOTES:
# LAST OF SEVERAL OCCURRENCES

COLUMN 17 PEAK WIND IN M.P.H.

PRELIMINARY LOCAL CLIMATOLOGICAL DATA (WS FORM: F-6) , PAGE 2

                                          STATION:  SPOKANE WA FELTS AIRPORT
                                          MONTH:    AUGUST
                                          YEAR:     2019
                                          LATITUDE:   47 40 N
                                          LONGITUDE: 117 20 W

[TEMPERATURE DATA]      [PRECIPITATION DATA]       SYMBOLS USED IN COLUMN 16

AVERAGE MONTHLY: 72.7   TOTAL FOR MONTH:   0.45    1 = FOG OR MIST
DPTR FM NORMAL:   1.8   DPTR FM NORMAL:    0.14    2 = FOG REDUCING VISIBILITY
HIGHEST:    99 ON  7    GRTST 24HR  0.23 ON 11-11      TO 1/4 MILE OR LESS
LOWEST:     51 ON  4                               3 = THUNDER
                        SNOW, ICE PELLETS, HAIL    4 = ICE PELLETS
                        TOTAL MONTH:    M          5 = HAIL
                        GRTST 24HR    M  ON   M    6 = FREEZING RAIN OR DRIZZLE
                        GRTST DEPTH:  M  ON   M    7 = DUSTSTORM OR SANDSTORM:
                                                       VSBY 1/2 MILE OR LESS
                                                   8 = SMOKE OR HAZE
[NO. OF DAYS WITH]      [WEATHER - DAYS WITH]      9 = BLOWING SNOW
                                                   X = TORNADO
MAX 32 OR BELOW:   0    0.01 INCH OR MORE:   3
MAX 90 OR ABOVE:   7    0.10 INCH OR MORE:   2
MIN 32 OR BELOW:   0    0.50 INCH OR MORE:   0
MIN  0 OR BELOW:   0    1.00 INCH OR MORE:   0

[HDD (BASE 65) ]
TOTAL THIS MO.     1    CLEAR  (SCALE 0-3)  11
DPTR FM NORMAL    -1    PTCLDY (SCALE 4-7)   3
TOTAL FM JUL 1     5    CLOUDY (SCALE 8-10)  1
DPTR FM NORMAL   -18

[CDD (BASE 65) ]
TOTAL THIS MO.   120
DPTR FM NORMAL    21    [PRESSURE DATA]
TOTAL FM JAN 1   387    HIGHEST SLP  0.00 ON M
DPTR FM NORMAL    70    LOWEST  SLP 29.70 ON  8

[REMARKS]
