000
CXUS56 KMTR 161000
CF6SFO
PRELIMINARY LOCAL CLIMATOLOGICAL DATA (WS FORM: F-6)

                                          STATION:   SAN FRANCISCO AIRPORT
                                          MONTH:     FEBRUARY
                                          YEAR:      2019
                                          LATITUDE:   37 37 N
                                          LONGITUDE: 122 23 W

  TEMPERATURE IN F:       :PCPN:    SNOW:  WIND      :SUNSHINE: SKY     :PK WND
================================================================================
1   2   3   4   5  6A  6B    7    8   9   10  11  12  13   14  15   16   17  18
                                     12Z  AVG MX 2MIN
DY MAX MIN AVG DEP HDD CDD  WTR  SNW DPTH SPD SPD DIR MIN PSBL S-S WX    SPD DR
================================================================================

 1  59  51  55   3  10   0 0.13  0.0    0  9.9 25 150   M    M   8        30 130
 2  59  49  54   2  11   0 0.68  0.0    0 18.3 31 170   M    M   9 1      43 140
 3  56  49  53   1  12   0 0.14    M    0 13.3 28 240   M    M   8 18     35 250
 4  53  41  47  -5  18   0 0.62    M    0 16.4 33 170   M    M   9 18     43 160
 5  51  41  46  -6  19   0 0.10    M    0  9.5 25 270   M    M   3 8      29 280
 6  56  40  48  -4  17   0 0.00  0.0    0  6.2 18 300   M    M   4        32 300
 7  54  38  46  -6  19   0 0.00  0.0    0  4.7 12  80   M    M   6        13  90
 8  53  44  49  -3  16   0 0.47    M    0  7.5 20 110   M    M   8        22 130
 9  55  42  49  -3  16   0 0.35    M    0 12.3 30 260   M    M   8 1      40 240
10  51  41  46  -6  19   0 0.23    M    0 11.1 25 280   M    M   5 18     31 290
11  52  41  47  -6  18   0 0.01  0.0    0  3.9 13 280   M    M   5        14 280
12  54  41  48  -5  17   0 0.26  0.0    0  5.8 25 140   M    M   8 8      29 140
13  63  47  55   2  10   0 1.55    M    0 17.1 33 170   M    M  10 138    46 160
14  65  49  57   4   8   0 0.94  0.0    0 20.7 47 180   M    M   8 138    62 180
15  53  44  49  -4  16   0 0.17    M    0 12.5 30 260   M    M   6 138    33 260
================================================================================
SM  834  658       226   0  5.65     0.0 169.2          M      105
================================================================================
AV 55.6 43.9                              11.3 FASTST   M    M   7    MAX(MPH)
                                 MISC ---->  # 47 180               # 62  180
================================================================================
NOTES:
# LAST OF SEVERAL OCCURRENCES

COLUMN 17 PEAK WIND IN M.P.H.

PRELIMINARY LOCAL CLIMATOLOGICAL DATA (WS FORM: F-6) , PAGE 2

                                          STATION:  SAN FRANCISCO AIRPORT
                                          MONTH:    FEBRUARY
                                          YEAR:     2019
                                          LATITUDE:   37 37 N
                                          LONGITUDE: 122 23 W

[TEMPERATURE DATA]      [PRECIPITATION DATA]       SYMBOLS USED IN COLUMN 16

AVERAGE MONTHLY: 49.7   TOTAL FOR MONTH:   5.65    1 = FOG OR MIST
DPTR FM NORMAL:  -2.6   DPTR FM NORMAL:    3.45    2 = FOG REDUCING VISIBILITY
HIGHEST:    65 ON 14    GRTST 24HR  1.55 ON 13-13      TO 1/4 MILE OR LESS
LOWEST:     38 ON  7                               3 = THUNDER
                        SNOW, ICE PELLETS, HAIL    4 = ICE PELLETS
                        TOTAL MONTH:   0.0 INCH    5 = HAIL
                        GRTST 24HR     0.0         6 = FREEZING RAIN OR DRIZZLE
                        GRTST DEPTH:   0           7 = DUSTSTORM OR SANDSTORM:
                                                       VSBY 1/2 MILE OR LESS
                                                   8 = SMOKE OR HAZE
[NO. OF DAYS WITH]      [WEATHER - DAYS WITH]      9 = BLOWING SNOW
                                                   X = TORNADO
MAX 32 OR BELOW:   0    0.01 INCH OR MORE:  13
MAX 90 OR ABOVE:   0    0.10 INCH OR MORE:  12
MIN 32 OR BELOW:   0    0.50 INCH OR MORE:   4
MIN  0 OR BELOW:   0    1.00 INCH OR MORE:   1

[HDD (BASE 65) ]
TOTAL THIS MO.   226    CLEAR  (SCALE 0-3)   1
DPTR FM NORMAL    36    PTCLDY (SCALE 4-7)   9
TOTAL FM JUL 1  1432    CLOUDY (SCALE 8-10)  5
DPTR FM NORMAL  -225

[CDD (BASE 65) ]
TOTAL THIS MO.     0
DPTR FM NORMAL     0    [PRESSURE DATA]
TOTAL FM JAN 1     0    HIGHEST SLP M ON M
DPTR FM NORMAL     0    LOWEST  SLP 29.34 ON 14

[REMARKS]
