000
CXUS56 KMTR 191000
CF6SFO
PRELIMINARY LOCAL CLIMATOLOGICAL DATA (WS FORM: F-6)

                                          STATION:   SAN FRANCISCO AIRPORT
                                          MONTH:     APRIL
                                          YEAR:      2019
                                          LATITUDE:   37 37 N
                                          LONGITUDE: 122 23 W

  TEMPERATURE IN F:       :PCPN:    SNOW:  WIND      :SUNSHINE: SKY     :PK WND
================================================================================
1   2   3   4   5  6A  6B    7    8   9   10  11  12  13   14  15   16   17  18
                                     12Z  AVG MX 2MIN
DY MAX MIN AVG DEP HDD CDD  WTR  SNW DPTH SPD SPD DIR MIN PSBL S-S WX    SPD DR
================================================================================

 1  65  50  58   2   7   0 0.03  0.0    0  6.2 21 280   M    M   9 8      24 280
 2  61  53  57   1   8   0 0.05  0.0    0  8.3 20 260   M    M   8 18     23 270
 3  60  52  56   0   9   0    T  0.0    0  5.4 13 210   M    M   9 18     15 210
 4  62  52  57   1   8   0 0.00  0.0    0  9.5 21 200   M    M   8 1      26 200
 5  62  55  59   3   6   0 0.07  0.0    0  8.2 16 240   M    M   9 18     21 210
 6  67  55  61   5   4   0    T  0.0    0  9.2 20 220   M    M   8        24 230
 7  68  55  62   6   3   0 0.00  0.0    0  6.8 17 300   M    M   7 18     21 180
 8  71  55  63   7   2   0 0.02  0.0    0  9.6 22 280   M    M   8 18     26 270
 9  64  52  58   2   7   0 0.00  0.0    0 20.6 37 290   M    M   3        45 290
10  65  49  57   1   8   0 0.00  0.0    0 15.8 28 270   M    M   1 8      32 270
11  59  50  55  -1  10   0 0.00  0.0    0 20.6 37 290   M    M   5 8      45 290
12  65  49  57   0   8   0 0.00  0.0    0 16.0 29 270   M    M   3 8      32 270
13  71  49  60   3   5   0 0.00  0.0    0  9.5 24 280   M    M   5 18     27 280
14  60  49  55  -2  10   0 0.00  0.0    0 15.9 31 260   M    M   6 18     36 280
15  61  49  55  -2  10   0 0.03    M    0 11.4 20 260   M    M   8 18     23 280
16  64  50  57   0   8   0    T  0.0    0 15.6 26 270   M    M   5 18     31 270
17  70  49  60   3   5   0 0.00  0.0    0 11.2 23 290   M    M   2 18     27 290
18  78  50  64   7   1   0 0.00  0.0    0  8.1 21 290   M    M   4 8      25 290
================================================================================
SM 1173  923       119   0  0.20     0.0 207.9          M      108
================================================================================
AV 65.2 51.3                              11.5 FASTST   M    M   6    MAX(MPH)
                                 MISC ---->  # 37 290               # 45  290
================================================================================
NOTES:
# LAST OF SEVERAL OCCURRENCES

COLUMN 17 PEAK WIND IN M.P.H.

PRELIMINARY LOCAL CLIMATOLOGICAL DATA (WS FORM: F-6) , PAGE 2

                                          STATION:  SAN FRANCISCO AIRPORT
                                          MONTH:    APRIL
                                          YEAR:     2019
                                          LATITUDE:   37 37 N
                                          LONGITUDE: 122 23 W

[TEMPERATURE DATA]      [PRECIPITATION DATA]       SYMBOLS USED IN COLUMN 16

AVERAGE MONTHLY: 58.2   TOTAL FOR MONTH:   0.20    1 = FOG OR MIST
DPTR FM NORMAL:   1.8   DPTR FM NORMAL:   -0.70    2 = FOG REDUCING VISIBILITY
HIGHEST:    78 ON 18    GRTST 24HR  0.07 ON  5- 5      TO 1/4 MILE OR LESS
LOWEST:     49 ON 17,15                            3 = THUNDER
                        SNOW, ICE PELLETS, HAIL    4 = ICE PELLETS
                        TOTAL MONTH:   0.0 INCH    5 = HAIL
                        GRTST 24HR     0.0         6 = FREEZING RAIN OR DRIZZLE
                        GRTST DEPTH:   0           7 = DUSTSTORM OR SANDSTORM:
                                                       VSBY 1/2 MILE OR LESS
                                                   8 = SMOKE OR HAZE
[NO. OF DAYS WITH]      [WEATHER - DAYS WITH]      9 = BLOWING SNOW
                                                   X = TORNADO
MAX 32 OR BELOW:   0    0.01 INCH OR MORE:   5
MAX 90 OR ABOVE:   0    0.10 INCH OR MORE:   0
MIN 32 OR BELOW:   0    0.50 INCH OR MORE:   0
MIN  0 OR BELOW:   0    1.00 INCH OR MORE:   0

[HDD (BASE 65) ]
TOTAL THIS MO.   119    CLEAR  (SCALE 0-3)   3
DPTR FM NORMAL   -38    PTCLDY (SCALE 4-7)   9
TOTAL FM JUL 1  2054    CLOUDY (SCALE 8-10)  6
DPTR FM NORMAL  -223

[CDD (BASE 65) ]
TOTAL THIS MO.     0
DPTR FM NORMAL     0    [PRESSURE DATA]
TOTAL FM JAN 1     0    HIGHEST SLP M ON M
DPTR FM NORMAL    -1    LOWEST  SLP 29.85 ON  2

[REMARKS]
