000
CXUS53 KSGF 260800
CF6SGF
PRELIMINARY LOCAL CLIMATOLOGICAL DATA (WS FORM: F-6)

                                          STATION:   SPRINGFIELD MO
                                          MONTH:     APRIL
                                          YEAR:      2019
                                          LATITUDE:   37 13 N
                                          LONGITUDE:  93 23 W

  TEMPERATURE IN F:       :PCPN:    SNOW:  WIND      :SUNSHINE: SKY     :PK WND
================================================================================
1   2   3   4   5  6A  6B    7    8   9   10  11  12  13   14  15   16   17  18
                                     12Z  AVG MX 2MIN
DY MAX MIN AVG DEP HDD CDD  WTR  SNW DPTH SPD SPD DIR MIN PSBL S-S WX    SPD DR
================================================================================

 1  51  29  40 -11  25   0 0.00  0.0    0  7.2 18 150   M    M   1        25 170
 2  65  32  49  -3  16   0 0.00  0.0    0  8.0 20 250   M    M   0        30 260
 3  72  44  58   6   7   0 0.00  0.0    0 11.1 26 160   M    M   3        46 160
 4  61  50  56   4   9   0 0.58  0.0    0  7.0 17 150   M    M  10 13     24 160
 5  66  49  58   6   7   0 0.00  0.0    0  3.9 14 140   M    M   6 1      22 110
 6  75  52  64  11   1   0 0.00  0.0    0 13.0 26 150   M    M   1        40 140
 7  80  55  68  15   0   3 0.00  0.0    0 10.1 21 220   M    M   0        28 230
 8  77  52  65  12   0   0 0.00  0.0    0  5.8 17 330   M    M   0        21 340
 9  81  48  65  11   0   0 0.00  0.0    0  6.7 15  80   M    M   0        20 110
10  85  59  72  18   0   7 0.00  0.0    0 18.9 33 180   M    M   0        48 190
11  72  42  57   3   8   0    T  0.0    0 15.5 24 250   M    M   2        33 240
12  59  34  47  -8  18   0 0.00  0.0    0  8.1 18 250   M    M   0        25 280
13  54  39  47  -8  18   0 0.52    T    0 16.5 36  40   M    M   5 5      46  50
14  57  33  45 -10  20   0 0.60    T    0 13.2 28 360   M    M   5 1      34 350
15  76  38  57   1   8   0 0.00  0.0    0 14.0 26 160   M    M   0        36 150
16  80  56  68  12   0   3 0.00  0.0    0 13.6 22 200   M    M   0        31 180
17  76  64  70  14   0   5 0.26  0.0    0 14.4 25 200   M    M   8 13     34 190
18  66  44  55  -1  10   0 0.35  0.0    0 13.0 29 280   M    M   9 13     46 290
19  61  43  52  -5  13   0 0.00  0.0    0 16.9 35 340   M    M   3        46 340
20  70  38  54  -3  11   0 0.00  0.0    0  5.9 13 310   M    M   0 8      18 290
21  83  49  66   8   0   1 0.00  0.0    0 14.0 22 160   M    M   0        30 180
22  79  57  68  10   0   3 0.00  0.0    0 11.2 20 190   M    M   3        29 280
23  69  57  63   5   2   0 0.32  0.0    0  6.9 20 330   M    M   9 1      23 330
24  64  56  60   2   5   0 0.07  0.0    0  3.1  9 330   M    M   9 12     11 330
25  72  49  61   2   4   0    T  0.0    0 10.5 32 340   M    M   9 1      44 340
================================================================================
SM 1751 1169       182  22  2.70    T    268.5          M       83
================================================================================
AV 70.0 46.8                              10.7 FASTST   M    M   3    MAX(MPH)
                                 MISC ---->  # 36  40               # 48  190
================================================================================
NOTES:
# LAST OF SEVERAL OCCURRENCES

COLUMN 17 PEAK WIND IN M.P.H.

PRELIMINARY LOCAL CLIMATOLOGICAL DATA (WS FORM: F-6) , PAGE 2

                                          STATION:  SPRINGFIELD MO
                                          MONTH:    APRIL
                                          YEAR:     2019
                                          LATITUDE:   37 13 N
                                          LONGITUDE:  93 23 W

[TEMPERATURE DATA]      [PRECIPITATION DATA]       SYMBOLS USED IN COLUMN 16

AVERAGE MONTHLY: 58.4   TOTAL FOR MONTH:   2.70    1 = FOG OR MIST
DPTR FM NORMAL:   3.4   DPTR FM NORMAL:   -0.78    2 = FOG REDUCING VISIBILITY
HIGHEST:    85 ON 10    GRTST 24HR  0.60 ON 14-14      TO 1/4 MILE OR LESS
LOWEST:     29 ON  1                               3 = THUNDER
                        SNOW, ICE PELLETS, HAIL    4 = ICE PELLETS
                        TOTAL MONTH:    T          5 = HAIL
                        GRTST 24HR    T  ON 14-14  6 = FREEZING RAIN OR DRIZZLE
                        GRTST DEPTH:   0           7 = DUSTSTORM OR SANDSTORM:
                                                       VSBY 1/2 MILE OR LESS
                                                   8 = SMOKE OR HAZE
[NO. OF DAYS WITH]      [WEATHER - DAYS WITH]      9 = BLOWING SNOW
                                                   X = TORNADO
MAX 32 OR BELOW:   0    0.01 INCH OR MORE:   7
MAX 90 OR ABOVE:   0    0.10 INCH OR MORE:   6
MIN 32 OR BELOW:   2    0.50 INCH OR MORE:   3
MIN  0 OR BELOW:   0    1.00 INCH OR MORE:   0

[HDD (BASE 65) ]
TOTAL THIS MO.   182    CLEAR  (SCALE 0-3)  16
DPTR FM NORMAL   -86    PTCLDY (SCALE 4-7)   4
TOTAL FM JUL 1  4393    CLOUDY (SCALE 8-10)  5
DPTR FM NORMAL   -49

[CDD (BASE 65) ]
TOTAL THIS MO.    22
DPTR FM NORMAL     4    [PRESSURE DATA]
TOTAL FM JAN 1    22    HIGHEST SLP M ON M
DPTR FM NORMAL     1    LOWEST  SLP 29.35 ON 11

[REMARKS]
