385
CXUS53 KSGF 240800
CF6SGF
PRELIMINARY LOCAL CLIMATOLOGICAL DATA (WS FORM: F-6)

                                          STATION:   SPRINGFIELD MO
                                          MONTH:     AUGUST
                                          YEAR:      2019
                                          LATITUDE:   37 13 N
                                          LONGITUDE:  93 23 W

  TEMPERATURE IN F:       :PCPN:    SNOW:  WIND      :SUNSHINE: SKY     :PK WND
================================================================================
1   2   3   4   5  6A  6B    7    8   9   10  11  12  13   14  15   16   17  18
                                     12Z  AVG MX 2MIN
DY MAX MIN AVG DEP HDD CDD  WTR  SNW DPTH SPD SPD DIR MIN PSBL S-S WX    SPD DR
================================================================================

 1  86  71  79   0   0  14 0.00  0.0    0  4.8 12  30   M    M   4        16  60
 2  85  70  78  -1   0  13 1.61  0.0    0  6.1 15 120   M    M   6 13     19 120
 3  85  70  78  -1   0  13 0.00  0.0    0  5.1 15  60   M    M   4 1      21  60
 4  89  67  78  -1   0  13 0.00  0.0    0  4.8 12  40   M    M   1 18     17  50
 5  90  71  81   2   0  16    T  0.0    0  4.9 12 210   M    M   1        15 210
 6  94  71  83   4   0  18 0.09  0.0    0  6.4 28 350   M    M   1 3      33 340
 7  79  69  74  -5   0   9 0.18  0.0    0  5.2 33 320   M    M   2 13     43 320
 8  77  70  74  -5   0   9 0.12  0.0    0  6.5 20 230   M    M   7        29 240
 9  88  69  79   0   0  14 0.00  0.0    0  3.6 10  40   M    M   6        14 180
10  91  72  82   3   0  17 0.00  0.0    0  7.4 14 200   M    M   2        18 190
11  89  78  84   5   0  19 0.00  0.0    0  9.5 17 160   M    M   3        22 160
12  96  76  86   7   0  21 0.00  0.0    0  9.5 21 200   M    M   0        26 200
13  87  71  79   1   0  14 0.00  0.0    0  6.8 20 280   M    M   1        29 280
14  90  68  79   1   0  14 0.00  0.0    0  3.7 13 330   M    M   0        17 350
15  91  66  79   1   0  14 0.00  0.0    0  5.0 13 150   M    M   0        23 160
16  78  67  73  -5   0   8 0.64  0.0    0  9.7 32 320   M    M   4 13     47 320
17  90  72  81   3   0  16 0.00  0.0    0 10.7 23 170   M    M   1        29 170
18  91  71  81   3   0  16 0.05  0.0    0  8.1 30 280   M    M   1 3      39 290
19  95  75  85   7   0  20 0.00  0.0    0  6.1 10 160   M    M   2        17 170
20  97  72  85   7   0  20 0.00  0.0    0  9.6 20 170   M    M   1 3      28 170
21  94  71  83   5   0  18 0.45  0.0    0  8.8 24 190   M    M   1 13     34 190
22  82  70  76  -1   0  11 0.27  0.0    0  6.0 15 280   M    M   3 13     19 110
23  79  71  75  -2   0  10 0.24  0.0    0  6.5 15 110   M    M   8 13     19 100
================================================================================
SM 2023 1628         0 337  3.65     0.0 154.8          M       59
================================================================================
AV 88.0 70.8                               6.7 FASTST   M    M   3    MAX(MPH)
                                 MISC ---->  # 33 320               # 47  320
================================================================================
NOTES:
# LAST OF SEVERAL OCCURRENCES

COLUMN 17 PEAK WIND IN M.P.H.

PRELIMINARY LOCAL CLIMATOLOGICAL DATA (WS FORM: F-6) , PAGE 2

                                          STATION:  SPRINGFIELD MO
                                          MONTH:    AUGUST
                                          YEAR:     2019
                                          LATITUDE:   37 13 N
                                          LONGITUDE:  93 23 W

[TEMPERATURE DATA]      [PRECIPITATION DATA]       SYMBOLS USED IN COLUMN 16

AVERAGE MONTHLY: 79.4   TOTAL FOR MONTH:   3.65    1 = FOG OR MIST
DPTR FM NORMAL:   0.9   DPTR FM NORMAL:    1.15    2 = FOG REDUCING VISIBILITY
HIGHEST:    97 ON 20    GRTST 24HR  1.61 ON  2- 2      TO 1/4 MILE OR LESS
LOWEST:     66 ON 15                               3 = THUNDER
                        SNOW, ICE PELLETS, HAIL    4 = ICE PELLETS
                        TOTAL MONTH:   0.0 INCH    5 = HAIL
                        GRTST 24HR     0.0         6 = FREEZING RAIN OR DRIZZLE
                        GRTST DEPTH:   0           7 = DUSTSTORM OR SANDSTORM:
                                                       VSBY 1/2 MILE OR LESS
                                                   8 = SMOKE OR HAZE
[NO. OF DAYS WITH]      [WEATHER - DAYS WITH]      9 = BLOWING SNOW
                                                   X = TORNADO
MAX 32 OR BELOW:   0    0.01 INCH OR MORE:   9
MAX 90 OR ABOVE:  11    0.10 INCH OR MORE:   7
MIN 32 OR BELOW:   0    0.50 INCH OR MORE:   2
MIN  0 OR BELOW:   0    1.00 INCH OR MORE:   1

[HDD (BASE 65) ]
TOTAL THIS MO.     0    CLEAR  (SCALE 0-3)  15
DPTR FM NORMAL     0    PTCLDY (SCALE 4-7)   8
TOTAL FM JUL 1     0    CLOUDY (SCALE 8-10)  0
DPTR FM NORMAL     0

[CDD (BASE 65) ]
TOTAL THIS MO.   337
DPTR FM NORMAL    27    [PRESSURE DATA]
TOTAL FM JAN 1  1181    HIGHEST SLP M ON M
DPTR FM NORMAL    83    LOWEST  SLP 29.76 ON 17

[REMARKS]
