000
CXUS54 KLZK 231130
CF6SGT
PRELIMINARY LOCAL CLIMATOLOGICAL DATA (WS FORM: F-6)

                                          STATION:   Stuttgart Airport
                                          MONTH:     APRIL
                                          YEAR:      2019
                                          LATITUDE:   34 35 N
                                          LONGITUDE:  91 34 W

  TEMPERATURE IN F:       :PCPN:    SNOW:  WIND      :SUNSHINE: SKY     :PK WND
================================================================================
1   2   3   4   5  6A  6B    7    8   9   10  11  12  13   14  15   16   17  18
                                     12Z  AVG MX 2MIN
DY MAX MIN AVG DEP HDD CDD  WTR  SNW DPTH SPD SPD DIR MIN PSBL S-S WX    SPD DR
================================================================================

 1  53  36  45 -12  20   0 0.00    M    M  6.6 15  70   M    M   2        18  70
 2  66  37  52  -6  13   0 0.00    M    M  7.0 10 210   M    M   0         M  M
 3  73  43  58   0   7   0 0.00    M    M  7.2 15 160   M    M   1         M  M
 4  60  53  57  -1   8   0 2.22    M    M  7.7 17 340   M    M   9 13      M  M
 5  71  55  63   5   2   0    T    M    M  3.4  7  40   M    M   6         M  M
 6  76  55  66   7   0   1 0.42    M    M  7.3 12 100   M    M   4 13      M  M
 7  67  62  65   6   0   0 0.08    M    M  7.8 17 170   M    M   8 13     31 180
 8  72  60  66   7   0   1 0.05    M    M  6.4 13  60   M    M   4 1       M  M
 9  81  56  69   9   0   4 0.06    M    M  5.1 13  20   M    M   2 12      M  M
10  84  59  72  12   0   7 0.04    M    M 12.5 21 180   M    M   0        27 160
11  80  59  70  10   0   5 0.02    M    M 15.3 24 170   M    M   4 3      32 170
12  69  48  59  -2   6   0 0.02    M    M  6.5 13 300   M    M   0 8       M  M
13   M   M   M   M   M   M    T    M    M 13.1 25  80   M    M   9 13     50  70
14  58  47  53  -8  12   0 0.01    M    M 12.9 23 300   M    M   6 1      30 290
15  74  44  59  -3   6   0 0.05    M    M  9.1 14 170   M    M   0         M  M
16  78  57  68   6   0   3 0.04    M    M 12.9 17 160   M    M   0         M  M
17  74  60  67   5   0   2 0.02    M    M 12.0 18 160   M    M   5        25 160
18  69  50  60  -2   5   0 0.01    M    M 13.5 27 360   M    M  10 13     41 340
19  58  48  53 -10  12   0 0.01    M    M 12.7 21 320   M    M   8        30 320
20  72  47  60  -3   5   0 0.01    M    M 10.5 16 310   M    M   0        21 270
21  80  50  65   2   0   0 0.02    M    M  9.1 14 170   M    M   0         M  M
22  81  57  69   5   0   4 0.01    M    M 10.2 14 170   M    M   0        23 160
================================================================================
SM 1496 1083        96  27  3.09    M    208.8          M       78
================================================================================
AV 71.2 51.6                               9.5 FASTST   M    M   4    MAX(MPH)
                                 MISC ---->  # 27 360               # 50   70
================================================================================
NOTES:
# LAST OF SEVERAL OCCURRENCES

COLUMN 17 PEAK WIND IN M.P.H.

PRELIMINARY LOCAL CLIMATOLOGICAL DATA (WS FORM: F-6) , PAGE 2

                                          STATION:  Stuttgart Airport
                                          MONTH:    APRIL
                                          YEAR:     2019
                                          LATITUDE:   34 35 N
                                          LONGITUDE:  91 34 W

[TEMPERATURE DATA]      [PRECIPITATION DATA]       SYMBOLS USED IN COLUMN 16

AVERAGE MONTHLY: 61.4   TOTAL FOR MONTH:   3.09    1 = FOG OR MIST
DPTR FM NORMAL:   1.0   DPTR FM NORMAL:   -0.56    2 = FOG REDUCING VISIBILITY
HIGHEST:    84 ON 10    GRTST 24HR  2.22 ON  4- 4      TO 1/4 MILE OR LESS
LOWEST:     36 ON  1                               3 = THUNDER
                        SNOW, ICE PELLETS, HAIL    4 = ICE PELLETS
                        TOTAL MONTH:    M          5 = HAIL
                        GRTST 24HR    M  ON   M    6 = FREEZING RAIN OR DRIZZLE
                        GRTST DEPTH:  M  ON   M    7 = DUSTSTORM OR SANDSTORM:
                                                       VSBY 1/2 MILE OR LESS
                                                   8 = SMOKE OR HAZE
[NO. OF DAYS WITH]      [WEATHER - DAYS WITH]      9 = BLOWING SNOW
                                                   X = TORNADO
MAX 32 OR BELOW:   0    0.01 INCH OR MORE:  17
MAX 90 OR ABOVE:   0    0.10 INCH OR MORE:   2
MIN 32 OR BELOW:   0    0.50 INCH OR MORE:   1
MIN  0 OR BELOW:   0    1.00 INCH OR MORE:   1

[HDD (BASE 65) ]
TOTAL THIS MO.    96    CLEAR  (SCALE 0-3)  11
DPTR FM NORMAL   -39    PTCLDY (SCALE 4-7)   6
TOTAL FM JUL 1  2831    CLOUDY (SCALE 8-10)  5
DPTR FM NORMAL  -310

[CDD (BASE 65) ]
TOTAL THIS MO.    27
DPTR FM NORMAL    -6    [PRESSURE DATA]
TOTAL FM JAN 1    34    HIGHEST SLP M ON M
DPTR FM NORMAL    -6    LOWEST  SLP M ON M

[REMARKS]
