000
CXUS55 KBYZ 241056
CF6SHR
PRELIMINARY LOCAL CLIMATOLOGICAL DATA (WS FORM: F-6)

                                          STATION:   SHERIDAN WY
                                          MONTH:     APRIL
                                          YEAR:      2019
                                          LATITUDE:   44 46 N
                                          LONGITUDE: 106 58 W

  TEMPERATURE IN F:       :PCPN:    SNOW:  WIND      :SUNSHINE: SKY     :PK WND
================================================================================
1   2   3   4   5  6A  6B    7    8   9   10  11  12  13   14  15   16   17  18
                                     12Z  AVG MX 2MIN
DY MAX MIN AVG DEP HDD CDD  WTR  SNW DPTH SPD SPD DIR MIN PSBL S-S WX    SPD DR
================================================================================

 1  52  26  39  -1  26   0    T    M    M  9.3 28 290   M    M   6        34 290
 2  50  21  36  -4  29   0 0.00    M    M  3.7 16 160   M    M   6        19 160
 3  55  30  43   3  22   0 0.00    M    M  8.7 22 140   M    M   6        26 120
 4  67  30  49   8  16   0 0.00    M    M  4.0  9 170   M    M   8        13  20
 5  69  36  53  12  12   0 0.00    M    M  4.5 17 290   M    M   3        18 290
 6  69  32  51  10  14   0 0.01    M    M  5.7 26 290   M    M   2        35 290
 7  72  31  52  11  13   0 0.00    M    M  8.5 26 260   M    M   2        32 270
 8  53  39  46   4  19   0    T    M    M  5.3 25 310   M    M   9        30 300
 9  54  37  46   4  19   0 0.11    M    M  6.8 15 290   M    M   7 1      18 290
10  38  27  33  -9  32   0 0.64    M    M  8.0 16  30   M    M   9 12     18  20
11  33  22  28 -14  37   0    T    M    M  4.7 10  50   M    M  10        18 340
12  44  21  33 -10  32   0 0.00    M    M  8.1 17 320   M    M   3        20 320
13  53  17  35  -8  30   0 0.00    M    M  3.8 15 150   M    M   0        20 160
14  59  27  43   0  22   0 0.03    M    M  5.7 28 320   M    M   7        35 320
15  55  31  43   0  22   0 0.24    M    M  5.0 16 360   M    M   6 1      19 350
16  55  30  43  -1  22   0 0.04    M    M  6.5 23 330   M    M   8 1      28 330
17  57  32  45   1  20   0 0.00    M    M 14.1 36  10   M    M   5        43  10
18  65  37  51   7  14   0 0.00    M    M 12.2 29 350   M    M   4        37 330
19  79  37  58  14   7   0 0.00    M    M  4.8 20 320   M    M   1        24 310
20  69  44  57  12   8   0 0.00    M    M  5.6 16 320   M    M   3        20 320
21  51  43  47   2  18   0 0.33    M    M  9.5 25 320   M    M  10 1      33 320
22  60  36  48   3  17   0 0.00    M    M  8.9 22 120   M    M   4 12     29 140
23  74  31  53   7  12   0 0.00    M    M  5.3 20 350   M    M   4        23 340
================================================================================
SM 1333  717       463   0  1.40    M    158.7          M      123
================================================================================
AV 58.0 31.2                               6.9 FASTST   M    M   5    MAX(MPH)
                                 MISC ---->  # 36  10               # 43   10
================================================================================
NOTES:
# LAST OF SEVERAL OCCURRENCES

COLUMN 17 PEAK WIND IN M.P.H.

PRELIMINARY LOCAL CLIMATOLOGICAL DATA (WS FORM: F-6) , PAGE 2

                                          STATION:  SHERIDAN WY
                                          MONTH:    APRIL
                                          YEAR:     2019
                                          LATITUDE:   44 46 N
                                          LONGITUDE: 106 58 W

[TEMPERATURE DATA]      [PRECIPITATION DATA]       SYMBOLS USED IN COLUMN 16

AVERAGE MONTHLY: 44.6   TOTAL FOR MONTH:   1.40    1 = FOG OR MIST
DPTR FM NORMAL:   1.9   DPTR FM NORMAL:    0.30    2 = FOG REDUCING VISIBILITY
HIGHEST:    79 ON 19    GRTST 24HR  0.64 ON 10-10      TO 1/4 MILE OR LESS
LOWEST:     17 ON 13                               3 = THUNDER
                        SNOW, ICE PELLETS, HAIL    4 = ICE PELLETS
                        TOTAL MONTH:    M          5 = HAIL
                        GRTST 24HR    M  ON   M    6 = FREEZING RAIN OR DRIZZLE
                        GRTST DEPTH:  M  ON   M    7 = DUSTSTORM OR SANDSTORM:
                                                       VSBY 1/2 MILE OR LESS
                                                   8 = SMOKE OR HAZE
[NO. OF DAYS WITH]      [WEATHER - DAYS WITH]      9 = BLOWING SNOW
                                                   X = TORNADO
MAX 32 OR BELOW:   0    0.01 INCH OR MORE:   7
MAX 90 OR ABOVE:   0    0.10 INCH OR MORE:   4
MIN 32 OR BELOW:  15    0.50 INCH OR MORE:   1
MIN  0 OR BELOW:   0    1.00 INCH OR MORE:   0

[HDD (BASE 65) ]
TOTAL THIS MO.   463    CLEAR  (SCALE 0-3)   6
DPTR FM NORMAL   -51    PTCLDY (SCALE 4-7)  13
TOTAL FM JUL 1  7243    CLOUDY (SCALE 8-10)  4
DPTR FM NORMAL   270

[CDD (BASE 65) ]
TOTAL THIS MO.     0
DPTR FM NORMAL     0    [PRESSURE DATA]
TOTAL FM JAN 1     0    HIGHEST SLP M ON M
DPTR FM NORMAL     0    LOWEST  SLP 29.57 ON 14

[REMARKS]
