000
CXUS54 KSHV 221500
CF6SHV
PRELIMINARY LOCAL CLIMATOLOGICAL DATA (WS FORM: F-6)

                                          STATION:   SHREVEPORT
                                          MONTH:     AUGUST
                                          YEAR:      2019
                                          LATITUDE:   32 28 N
                                          LONGITUDE:  93 49 W

  TEMPERATURE IN F:       :PCPN:    SNOW:  WIND      :SUNSHINE: SKY     :PK WND
================================================================================
1   2   3   4   5  6A  6B    7    8   9   10  11  12  13   14  15   16   17  18
                                     12Z  AVG MX 2MIN
DY MAX MIN AVG DEP HDD CDD  WTR  SNW DPTH SPD SPD DIR MIN PSBL S-S WX    SPD DR
================================================================================

 1  95  73  84   0   0  19    T  0.0    0  3.7 10 360   M    M   5        15  30
 2  94  72  83  -1   0  18 0.00  0.0    0  4.4 12  50   M    M   5        17  10
 3  92  76  84   0   0  19    T  0.0    0  4.0  9  80   M    M   8        12  20
 4  96  75  86   2   0  21 0.00  0.0    0  4.0 12  10   M    M   6        15  10
 5  96  74  85   1   0  20 0.03  0.0    0  2.0 20  80   M    M   4 138    25  60
 6  97  76  87   3   0  22 0.00  0.0    0  4.2 17 130   M    M   6 13     22 140
 7  98  77  88   4   0  23 0.00  0.0    0  6.6 14 240   M    M   5        18 250
 8  97  78  88   4   0  23 0.00  0.0    0  7.0 14 230   M    M   6        17 230
 9  98  79  89   5   0  24 0.00  0.0    0  7.3 20 250   M    M   5        23 250
10  98  80  89   5   0  24    T  0.0    0  6.3 14 240   M    M   7        17 280
11 101  77  89   5   0  24 0.00  0.0    0  5.9 12 220   M    M   3        16 220
12 100  78  89   5   0  24 0.00  0.0    0  6.2 14 240   M    M   1        19 250
13 102  78  90   6   0  25 0.00  0.0    0  4.6 13 260   M    M   2        17 280
14  91  76  84   0   0  19 0.06  0.0    0  5.7 21 200   M    M   8 13     26 200
15  98  75  87   3   0  22 0.00  0.0    0  4.4 12 100   M    M   3 1      16  80
16 100  71  86   3   0  21 0.00  0.0    0  4.5 13 120   M    M   1        18 110
17  99  74  87   4   0  22 0.01  0.0    0  6.5 20 150   M    M   3 1      23 110
18  99  76  88   5   0  23 0.00  0.0    0  7.1 16 200   M    M   2        23 210
19 100  77  89   6   0  24 0.00  0.0    0  5.1 13 240   M    M   2        16 250
20  99  76  88   5   0  23 0.00  0.0    0  3.5 17  80   M    M   4 3      20  80
21 100  75  88   5   0  23 0.00  0.0    0  4.0 10 180   M    M   4 8      14 100
================================================================================
SM 2050 1593         0 463  0.10     0.0 107.0          M       90
================================================================================
AV 97.6 75.9                               5.1 FASTST   M    M   4    MAX(MPH)
                                 MISC ---->  # 21 200               # 26  200
================================================================================
NOTES:
# LAST OF SEVERAL OCCURRENCES

COLUMN 17 PEAK WIND IN M.P.H.

PRELIMINARY LOCAL CLIMATOLOGICAL DATA (WS FORM: F-6) , PAGE 2

                                          STATION:  SHREVEPORT
                                          MONTH:    AUGUST
                                          YEAR:     2019
                                          LATITUDE:   32 28 N
                                          LONGITUDE:  93 49 W

[TEMPERATURE DATA]      [PRECIPITATION DATA]       SYMBOLS USED IN COLUMN 16

AVERAGE MONTHLY: 86.7   TOTAL FOR MONTH:   0.10    1 = FOG OR MIST
DPTR FM NORMAL:   3.0   DPTR FM NORMAL:   -1.81    2 = FOG REDUCING VISIBILITY
HIGHEST:   102 ON 13    GRTST 24HR  0.06 ON 14-14      TO 1/4 MILE OR LESS
LOWEST:     71 ON 16                               3 = THUNDER
                        SNOW, ICE PELLETS, HAIL    4 = ICE PELLETS
                        TOTAL MONTH:   0.0 INCH    5 = HAIL
                        GRTST 24HR     0.0         6 = FREEZING RAIN OR DRIZZLE
                        GRTST DEPTH:   0           7 = DUSTSTORM OR SANDSTORM:
                                                       VSBY 1/2 MILE OR LESS
                                                   8 = SMOKE OR HAZE
[NO. OF DAYS WITH]      [WEATHER - DAYS WITH]      9 = BLOWING SNOW
                                                   X = TORNADO
MAX 32 OR BELOW:   0    0.01 INCH OR MORE:   3
MAX 90 OR ABOVE:  21    0.10 INCH OR MORE:   0
MIN 32 OR BELOW:   0    0.50 INCH OR MORE:   0
MIN  0 OR BELOW:   0    1.00 INCH OR MORE:   0

[HDD (BASE 65) ]
TOTAL THIS MO.     0    CLEAR  (SCALE 0-3)   7
DPTR FM NORMAL     0    PTCLDY (SCALE 4-7)  14
TOTAL FM JUL 1     0    CLOUDY (SCALE 8-10)  0
DPTR FM NORMAL     0

[CDD (BASE 65) ]
TOTAL THIS MO.   463
DPTR FM NORMAL    72    [PRESSURE DATA]
TOTAL FM JAN 1  1908    HIGHEST SLP M ON M
DPTR FM NORMAL   116    LOWEST  SLP 29.82 ON 17

[REMARKS]
