000
CXUS54 KSHV 171500
CF6SHV
PRELIMINARY LOCAL CLIMATOLOGICAL DATA (WS FORM: F-6)

                                          STATION:   SHREVEPORT
                                          MONTH:     FEBRUARY
                                          YEAR:      2019
                                          LATITUDE:   32 28 N
                                          LONGITUDE:  93 49 W

  TEMPERATURE IN F:       :PCPN:    SNOW:  WIND      :SUNSHINE: SKY     :PK WND
================================================================================
1   2   3   4   5  6A  6B    7    8   9   10  11  12  13   14  15   16   17  18
                                     12Z  AVG MX 2MIN
DY MAX MIN AVG DEP HDD CDD  WTR  SNW DPTH SPD SPD DIR MIN PSBL S-S WX    SPD DR
================================================================================

 1  66  44  55   7  10   0 0.00  0.0    0  3.8 10 100   M    M   6 1      13 120
 2  64  43  54   6  11   0 0.00  0.0    0  3.2  9 110   M    M   8 12     12 170
 3  67  50  59  11   6   0    T  0.0    0  8.5 16 170   M    M   8 1      21 170
 4  78  63  71  23   0   6    T  0.0    0  9.4 16 220   M    M   9 1      21 220
 5  80  64  72  23   0   7 0.04  0.0    0  9.0 18 170   M    M  10 12     23 160
 6  76  67  72  23   0   7    T  0.0    0 11.9 22 200   M    M  10 1      29 170
 7  73  33  53   4  12   0 0.40  0.0    0 16.0 32 300   M    M  10 138    38 300
 8  35  28  32 -17  33   0 0.06    T    0 10.9 20 350   M    M  10 46     26 350
 9  40  33  37 -12  28   0 0.02    T    0  9.3 17  50   M    M   7 46     24  60
10  70  38  54   4  11   0 0.00  0.0    0  5.3 14 140   M    M   9        16 150
11  69  50  60  10   5   0 0.58  0.0    0  7.0 21 300   M    M  10 1      30 190
12  61  40  51   1  14   0 0.00  0.0    0 11.9 30 330   M    M   6        37 330
13  64  32  48  -2  17   0 0.00  0.0    0  5.6 18 190   M    M   4        24 190
14  73  49  61  11   4   0 0.00  0.0    0 12.2 29 210   M    M   8        39 210
15  76  51  64  14   1   0 0.00  0.0    0  9.6 21  10   M    M   8 1      26  10
16  51  42  47  -4  18   0    T    M    0  8.4 17 360   M    M  10 1      22 350
================================================================================
SM 1043  727       170  20  1.10    T    142.0          M      133
================================================================================
AV 65.2 45.4                               8.9 FASTST   M    M   8    MAX(MPH)
                                 MISC ---->  # 32 300               # 39  210
================================================================================
NOTES:
# LAST OF SEVERAL OCCURRENCES

COLUMN 17 PEAK WIND IN M.P.H.

PRELIMINARY LOCAL CLIMATOLOGICAL DATA (WS FORM: F-6) , PAGE 2

                                          STATION:  SHREVEPORT
                                          MONTH:    FEBRUARY
                                          YEAR:     2019
                                          LATITUDE:   32 28 N
                                          LONGITUDE:  93 49 W

[TEMPERATURE DATA]      [PRECIPITATION DATA]       SYMBOLS USED IN COLUMN 16

AVERAGE MONTHLY: 55.3   TOTAL FOR MONTH:   1.10    1 = FOG OR MIST
DPTR FM NORMAL:   6.1   DPTR FM NORMAL:   -1.63    2 = FOG REDUCING VISIBILITY
HIGHEST:    80 ON  5    GRTST 24HR  0.58 ON 11-11      TO 1/4 MILE OR LESS
LOWEST:     28 ON  8                               3 = THUNDER
                        SNOW, ICE PELLETS, HAIL    4 = ICE PELLETS
                        TOTAL MONTH:    T          5 = HAIL
                        GRTST 24HR    T  ON  9- 9  6 = FREEZING RAIN OR DRIZZLE
                        GRTST DEPTH:   0           7 = DUSTSTORM OR SANDSTORM:
                                                       VSBY 1/2 MILE OR LESS
                                                   8 = SMOKE OR HAZE
[NO. OF DAYS WITH]      [WEATHER - DAYS WITH]      9 = BLOWING SNOW
                                                   X = TORNADO
MAX 32 OR BELOW:   0    0.01 INCH OR MORE:   5
MAX 90 OR ABOVE:   0    0.10 INCH OR MORE:   2
MIN 32 OR BELOW:   2    0.50 INCH OR MORE:   1
MIN  0 OR BELOW:   0    1.00 INCH OR MORE:   0

[HDD (BASE 65) ]
TOTAL THIS MO.   170    CLEAR  (SCALE 0-3)   0
DPTR FM NORMAL   -85    PTCLDY (SCALE 4-7)   7
TOTAL FM JUL 1  1627    CLOUDY (SCALE 8-10)  9
DPTR FM NORMAL  -100

[CDD (BASE 65) ]
TOTAL THIS MO.    20
DPTR FM NORMAL    20    [PRESSURE DATA]
TOTAL FM JAN 1    20    HIGHEST SLP M ON M
DPTR FM NORMAL    16    LOWEST  SLP 29.64 ON 15

[REMARKS]
