000
CXUS56 KMFR 241000
CF6SIY
PRELIMINARY LOCAL CLIMATOLOGICAL DATA (WS FORM: F-6)

                                          STATION:   MONTAGUE CA
                                          MONTH:     APRIL
                                          YEAR:      2019
                                          LATITUDE:   41 46 N
                                          LONGITUDE: 122 28 W

  TEMPERATURE IN F:       :PCPN:    SNOW:  WIND      :SUNSHINE: SKY     :PK WND
================================================================================
1   2   3   4   5  6A  6B    7    8   9   10  11  12  13   14  15   16   17  18
                                     12Z  AVG MX 2MIN
DY MAX MIN AVG DEP HDD CDD  WTR  SNW DPTH SPD SPD DIR MIN PSBL S-S WX    SPD DR
================================================================================

 1  56  47  52   8  13   0 0.15    M    M  3.8 10 190   M    M  10        28 340
 2  60  46  53   9  12   0 0.31    M    M  3.8 22 250   M    M   9 1      24 250
 3  61  38  50   6  15   0 0.00    M    M  5.4 20 170   M    M   8 12     24 180
 4  59  44  52   8  13   0 0.04    M    M 11.2 28 180   M    M   7        32 170
 5  59  41  50   6  15   0    T    M    M 11.2 28 220   M    M   4        37 230
 6  60  47  54  10  11   0 0.03    M    M 16.3 31 160   M    M   8        37 160
 7  66  50  58  13   7   0 0.01    M    M 14.4 28 180   M    M   8        32 170
 8  62  44  53   8  12   0 0.38    M    M 10.0 26 270   M    M  10 1      34 270
 9  54  37  46   1  19   0 0.02    M    M  9.7 23  20   M    M   6        29  20
10  60  33  47   2  18   0 0.00    M    M  6.4 23  30   M    M   6        27  30
11  54  38  46   0  19   0    T    M    M  6.9 17 260   M    M   9        23 260
12  60  36  48   2  17   0 0.01    M    M  5.5 21  30   M    M   6        24  30
13  68  31  50   4  15   0    T    M    M  5.1 20 300   M    M   4        24 300
14  55  39  47   1  18   0 0.01    M    M  9.0 17 350   M    M   8        26 230
15  50  36  43  -3  22   0 0.06    M    M  5.9 18 170   M    M   6        23 170
16  62  33  48   1  17   0 0.01    M    M  3.1 12  20   M    M   3        14 330
17  74  36  55   8  10   0 0.00    M    M  3.4 15 360   M    M   1        16 360
18  81  38  60  12   5   0 0.00    M    M  2.0 10  20   M    M   0        25 350
19  79  41  60  12   5   0    T    M    M  5.9 24 260   M    M   3 3      30 260
20  59  37  48   0  17   0 0.26    M    M 11.4 24  10   M    M   6 1      29 360
21  68  32  50   2  15   0 0.00    M    M  2.9 16  10   M    M   0        20  10
22  76  34  55   6  10   0    T    M    M  5.4 23 350   M    M   0        27 340
23  79  43  61  12   4   0 0.00    M    M  4.0 15  10   M    M   0        38 340
================================================================================
SM 1462  901       309   0  1.29    M    162.7          M      122
================================================================================
AV 63.6 39.2                               7.1 FASTST   M    M   5    MAX(MPH)
                                 MISC ---->  # 31 160               # 38  340
================================================================================
NOTES:
# LAST OF SEVERAL OCCURRENCES

COLUMN 17 PEAK WIND IN M.P.H.

PRELIMINARY LOCAL CLIMATOLOGICAL DATA (WS FORM: F-6) , PAGE 2

                                          STATION:  MONTAGUE CA
                                          MONTH:    APRIL
                                          YEAR:     2019
                                          LATITUDE:   41 46 N
                                          LONGITUDE: 122 28 W

[TEMPERATURE DATA]      [PRECIPITATION DATA]       SYMBOLS USED IN COLUMN 16

AVERAGE MONTHLY: 51.4   TOTAL FOR MONTH:   1.29    1 = FOG OR MIST
DPTR FM NORMAL:   5.4   DPTR FM NORMAL:    0.20    2 = FOG REDUCING VISIBILITY
HIGHEST:    81 ON 18    GRTST 24HR  0.38 ON  8- 8      TO 1/4 MILE OR LESS
LOWEST:     31 ON 13                               3 = THUNDER
                        SNOW, ICE PELLETS, HAIL    4 = ICE PELLETS
                        TOTAL MONTH:    M          5 = HAIL
                        GRTST 24HR    M  ON   M    6 = FREEZING RAIN OR DRIZZLE
                        GRTST DEPTH:  M  ON   M    7 = DUSTSTORM OR SANDSTORM:
                                                       VSBY 1/2 MILE OR LESS
                                                   8 = SMOKE OR HAZE
[NO. OF DAYS WITH]      [WEATHER - DAYS WITH]      9 = BLOWING SNOW
                                                   X = TORNADO
MAX 32 OR BELOW:   0    0.01 INCH OR MORE:  12
MAX 90 OR ABOVE:   0    0.10 INCH OR MORE:   4
MIN 32 OR BELOW:   2    0.50 INCH OR MORE:   0
MIN  0 OR BELOW:   0    1.00 INCH OR MORE:   0

[HDD (BASE 65) ]
TOTAL THIS MO.   309    CLEAR  (SCALE 0-3)   6
DPTR FM NORMAL  -129    PTCLDY (SCALE 4-7)  12
TOTAL FM JUL 1  4470    CLOUDY (SCALE 8-10)  5
DPTR FM NORMAL  -527

[CDD (BASE 65) ]
TOTAL THIS MO.     0
DPTR FM NORMAL     0    [PRESSURE DATA]
TOTAL FM JAN 1     0    HIGHEST SLP M ON M
DPTR FM NORMAL     0    LOWEST  SLP 29.75 ON 15

[REMARKS]
