000
CXUS56 KFGZ 180900
CF6SJN
PRELIMINARY LOCAL CLIMATOLOGICAL DATA (WS FORM: F-6)

                                          STATION:   SAINT JOHNS AZ AIRPORT
                                          MONTH:     APRIL
                                          YEAR:      2019
                                          LATITUDE:   34 31 N
                                          LONGITUDE: 109 23 W

  TEMPERATURE IN F:       :PCPN:    SNOW:  WIND      :SUNSHINE: SKY     :PK WND
================================================================================
1   2   3   4   5  6A  6B    7    8   9   10  11  12  13   14  15   16   17  18
                                     12Z  AVG MX 2MIN
DY MAX MIN AVG DEP HDD CDD  WTR  SNW DPTH SPD SPD DIR MIN PSBL S-S WX    SPD DR
================================================================================

 1  64  19  42  -7  23   0 0.00    M    M  3.7 12 350   M    M   0        20 340
 2  69  30  50   1  15   0 0.00    M    M  9.8 24 250   M    M   0        33 260
 3  64  40  52   3  13   0 0.00    M    M 12.8 29 270   M    M   4        38 280
 4  72  31  52   2  13   0 0.00    M    M  6.1 22 240   M    M   0        26 250
 5  67  37  52   2  13   0 0.00    M    M  7.2 23 270   M    M   3        32 270
 6  65  32  49  -1  16   0 0.01    M    M  7.3 18 270   M    M   4        22 270
 7  72  34  53   2  12   0 0.00    M    M  5.4 17 320   M    M   0        23 340
 8  78  33  56   5   9   0 0.00    M    M  5.1 14 330   M    M   0        17 310
 9  79  41  60   9   5   0 0.00    M    M 12.5 33 250   M    M   0        45 260
10  61  39  50  -2  15   0    T    M    M 23.7 47 300   M    M   6        58 310
11  58  34  46  -6  19   0 0.00    M    M 15.7 30 310   M    M   7        38 320
12  52  29  41 -11  24   0    T    M    M  7.9 21 180   M    M   8        25 180
13   M   M   M   M   M   M    M    M    M   M   M   M   M    M   M         M  M
14  71  31  51  -2  14   0 0.00    M    M  8.6 23 270   M    M   0        31 300
15  74  30  52  -1  13   0 0.00    M    M  7.7 22 250   M    M   0        27 240
16  68  44  56   2   9   0 0.08    M    M 12.4 31 240   M    M   3        39 250
17  63  42  53  -1  12   0 0.08    M    M 10.7 28 300   M    M   8 1      35 310
================================================================================
SM 1077  546       225   0  0.17    M    156.6          M       43
================================================================================
AV 67.3 34.1                               9.8 FASTST   M    M   3    MAX(MPH)
                                 MISC ---->  # 47 300               # 58  310
================================================================================
NOTES:
# LAST OF SEVERAL OCCURRENCES

COLUMN 17 PEAK WIND IN M.P.H.

PRELIMINARY LOCAL CLIMATOLOGICAL DATA (WS FORM: F-6) , PAGE 2

                                          STATION:  SAINT JOHNS AZ AIRPORT
                                          MONTH:    APRIL
                                          YEAR:     2019
                                          LATITUDE:   34 31 N
                                          LONGITUDE: 109 23 W

[TEMPERATURE DATA]      [PRECIPITATION DATA]       SYMBOLS USED IN COLUMN 16

AVERAGE MONTHLY: 50.7   TOTAL FOR MONTH:   0.17    1 = FOG OR MIST
DPTR FM NORMAL:  -0.6   DPTR FM NORMAL:   -0.15    2 = FOG REDUCING VISIBILITY
HIGHEST:    79 ON  9    GRTST 24HR  0.08 ON 17-17      TO 1/4 MILE OR LESS
LOWEST:     19 ON  1                               3 = THUNDER
                        SNOW, ICE PELLETS, HAIL    4 = ICE PELLETS
                        TOTAL MONTH:    M          5 = HAIL
                        GRTST 24HR    M  ON   M    6 = FREEZING RAIN OR DRIZZLE
                        GRTST DEPTH:  M  ON   M    7 = DUSTSTORM OR SANDSTORM:
                                                       VSBY 1/2 MILE OR LESS
                                                   8 = SMOKE OR HAZE
[NO. OF DAYS WITH]      [WEATHER - DAYS WITH]      9 = BLOWING SNOW
                                                   X = TORNADO
MAX 32 OR BELOW:   0    0.01 INCH OR MORE:   3
MAX 90 OR ABOVE:   0    0.10 INCH OR MORE:   0
MIN 32 OR BELOW:   7    0.50 INCH OR MORE:   0
MIN  0 OR BELOW:   0    1.00 INCH OR MORE:   0

[HDD (BASE 65) ]
TOTAL THIS MO.   225    CLEAR  (SCALE 0-3)  10
DPTR FM NORMAL    -8    PTCLDY (SCALE 4-7)   5
TOTAL FM JUL 1  4639    CLOUDY (SCALE 8-10)  1
DPTR FM NORMAL   190

[CDD (BASE 65) ]
TOTAL THIS MO.     0
DPTR FM NORMAL     0    [PRESSURE DATA]
TOTAL FM JAN 1     0    HIGHEST SLP M ON M
DPTR FM NORMAL     0    LOWEST  SLP 29.48 ON 10

[REMARKS]
