000
CXUS56 KFGZ 160900
CF6SJN
PRELIMINARY LOCAL CLIMATOLOGICAL DATA (WS FORM: F-6)

                                          STATION:   SAINT JOHNS AZ AIRPORT
                                          MONTH:     FEBRUARY
                                          YEAR:      2019
                                          LATITUDE:   34 31 N
                                          LONGITUDE: 109 23 W

  TEMPERATURE IN F:       :PCPN:    SNOW:  WIND      :SUNSHINE: SKY     :PK WND
================================================================================
1   2   3   4   5  6A  6B    7    8   9   10  11  12  13   14  15   16   17  18
                                     12Z  AVG MX 2MIN
DY MAX MIN AVG DEP HDD CDD  WTR  SNW DPTH SPD SPD DIR MIN PSBL S-S WX    SPD DR
================================================================================

 1  60  30  45   7  20   0 0.00  0.0    0  3.2 12 340   M    M   4        14 350
 2  56  20  38   0  27   0 0.00    M    M  2.7 21 260   M    M   4        25 270
 3  58  36  47   9  18   0    T    M    M 16.0 36 220   M    M   5        48 230
 4  60  37  49  11  16   0 0.01    M    M 11.5 32 250   M    M   6        39 250
 5  56  40  48  10  17   0 0.00    M    M 17.5 37 230   M    M   2        49 240
 6  42  23  33  -6  32   0 0.01    M    M 19.5 36 260   M    M   3 1      46 250
 7  40  11  26 -13  39   0    T    M    M  5.6 17 270   M    M   0 1      20 270
 8  56   6  31  -8  34   0 0.00    M    M  3.5 18 250   M    M   0 8      23 250
 9  60  19  40   1  25   0 0.00    M    M 11.4 35 230   M    M   0 8      43 210
10  54  13  34  -5  31   0 0.00    M    M  9.5 31 240   M    M   0        39 240
11  38  19  29 -10  36   0 0.01    M    M 12.3 32 290   M    M   1 12     39 280
12  55   7  31  -8  34   0 0.00    M    M  3.4 10 360   M    M   0        13  40
13  59  24  42   2  23   0    T    M    M  8.5 28 250   M    M   5        34 250
14  55  41  48   8  17   0 0.07    M    M 10.9 36 250   M    M   8 1      52 240
15  60  43  52  12  13   0 0.01    M    M 16.1 31 250   M    M   2        38 270
================================================================================
SM  809  369       382   0  0.11     0.0 151.6          M       40
================================================================================
AV 53.9 24.6                              10.1 FASTST   M    M   3    MAX(MPH)
                                 MISC ---->  # 37 230               # 52  240
================================================================================
NOTES:
# LAST OF SEVERAL OCCURRENCES

COLUMN 17 PEAK WIND IN M.P.H.

PRELIMINARY LOCAL CLIMATOLOGICAL DATA (WS FORM: F-6) , PAGE 2

                                          STATION:  SAINT JOHNS AZ AIRPORT
                                          MONTH:    FEBRUARY
                                          YEAR:     2019
                                          LATITUDE:   34 31 N
                                          LONGITUDE: 109 23 W

[TEMPERATURE DATA]      [PRECIPITATION DATA]       SYMBOLS USED IN COLUMN 16

AVERAGE MONTHLY: 39.3   TOTAL FOR MONTH:   0.11    1 = FOG OR MIST
DPTR FM NORMAL:   0.4   DPTR FM NORMAL:   -0.15    2 = FOG REDUCING VISIBILITY
HIGHEST:    60 ON 15, 9 GRTST 24HR  0.07 ON 14-14      TO 1/4 MILE OR LESS
LOWEST:      6 ON  8                               3 = THUNDER
                        SNOW, ICE PELLETS, HAIL    4 = ICE PELLETS
                        TOTAL MONTH:   0.0 INCH    5 = HAIL
                        GRTST 24HR     0.0         6 = FREEZING RAIN OR DRIZZLE
                        GRTST DEPTH:   0           7 = DUSTSTORM OR SANDSTORM:
                                                       VSBY 1/2 MILE OR LESS
                                                   8 = SMOKE OR HAZE
[NO. OF DAYS WITH]      [WEATHER - DAYS WITH]      9 = BLOWING SNOW
                                                   X = TORNADO
MAX 32 OR BELOW:   0    0.01 INCH OR MORE:   5
MAX 90 OR ABOVE:   0    0.10 INCH OR MORE:   0
MIN 32 OR BELOW:  10    0.50 INCH OR MORE:   0
MIN  0 OR BELOW:   0    1.00 INCH OR MORE:   0

[HDD (BASE 65) ]
TOTAL THIS MO.   382    CLEAR  (SCALE 0-3)   9
DPTR FM NORMAL   -10    PTCLDY (SCALE 4-7)   6
TOTAL FM JUL 1  3434    CLOUDY (SCALE 8-10)  0
DPTR FM NORMAL   153

[CDD (BASE 65) ]
TOTAL THIS MO.     0
DPTR FM NORMAL     0    [PRESSURE DATA]
TOTAL FM JAN 1     0    HIGHEST SLP M ON M
DPTR FM NORMAL     0    LOWEST  SLP 29.63 ON  6

[REMARKS]
