000
CXUS54 KSJT 201000
CF6SJT
PRELIMINARY LOCAL CLIMATOLOGICAL DATA (WS FORM: F-6)

                                          STATION:   SAN ANGELO
                                          MONTH:     APRIL
                                          YEAR:      2019
                                          LATITUDE:   31 21 N
                                          LONGITUDE: 100 30 W

  TEMPERATURE IN F:       :PCPN:    SNOW:  WIND      :SUNSHINE: SKY     :PK WND
================================================================================
1   2   3   4   5  6A  6B    7    8   9   10  11  12  13   14  15   16   17  18
                                     12Z  AVG MX 2MIN
DY MAX MIN AVG DEP HDD CDD  WTR  SNW DPTH SPD SPD DIR MIN PSBL S-S WX    SPD DR
================================================================================

 1  66  41  54  -8  11   0 0.00  0.0    0  5.1 12  50   M    M   4        15  60
 2  75  38  57  -5   8   0 0.00  0.0    0 11.4 21 180   M    M   0        29 180
 3  75  55  65   3   0   0 0.00  0.0    0 14.1 24 160   M    M   6        37 200
 4  85  58  72   9   0   7 0.00  0.0    0  9.2 21 340   M    M   1 18     27 310
 5  87  49  68   5   0   3 0.00  0.0    0  8.5 17 130   M    M   1 18     27 120
 6  84  53  69   6   0   4 0.13  0.0    0  6.6 24 300   M    M   1 13     29 320
 7  79  52  66   2   0   1 0.00  0.0    0  5.5 20 210   M    M   1 18     24 220
 8  87  51  69   5   0   4 0.00  0.0    0  5.8 13 350   M    M   0        16 350
 9  96  46  71   7   0   6 0.00  0.0    0  9.0 20 170   M    M   0        29 220
10  99  65  82  18   0  17 0.00  0.0    0 17.3 35 210   M    M   1 8      46 200
11  77  47  62  -3   3   0 0.00  0.0    0 11.6 29 240   M    M   1        41 250
12  81  35  58  -7   7   0 0.00  0.0    0 10.4 23  90   M    M   2        30 100
13  62  45  54 -11  11   0 0.98  0.0    0 20.3 36 320   M    M  10 13     42 320
14  74  36  55 -11  10   0 0.00  0.0    0  9.4 16 240   M    M   1        21 240
15  85  51  68   2   0   3 0.00  0.0    0 13.1 29 190   M    M   0        36 190
16  74  60  67   1   0   2 0.00  0.0    0  8.4 18 180   M    M   0        24 180
17  87  61  74   8   0   9 0.00  0.0    0 12.8 26 190   M    M   2 3      33 180
18  76  49  63  -4   2   0 0.00  0.0    0 14.6 35 350   M    M   2        40 350
19  76  46  61  -6   4   0 0.00  0.0    0  6.6 16 320   M    M   1        21 350
================================================================================
SM 1525  938        56  56  1.11     0.0 199.7          M       34
================================================================================
AV 80.3 49.4                              10.5 FASTST   M    M   2    MAX(MPH)
                                 MISC ---->  # 36 320               # 46  200
================================================================================
NOTES:
# LAST OF SEVERAL OCCURRENCES

COLUMN 17 PEAK WIND IN M.P.H.

PRELIMINARY LOCAL CLIMATOLOGICAL DATA (WS FORM: F-6) , PAGE 2

                                          STATION:  SAN ANGELO
                                          MONTH:    APRIL
                                          YEAR:     2019
                                          LATITUDE:   31 21 N
                                          LONGITUDE: 100 30 W

[TEMPERATURE DATA]      [PRECIPITATION DATA]       SYMBOLS USED IN COLUMN 16

AVERAGE MONTHLY: 64.8   TOTAL FOR MONTH:   1.11    1 = FOG OR MIST
DPTR FM NORMAL:   0.4   DPTR FM NORMAL:    0.28    2 = FOG REDUCING VISIBILITY
HIGHEST:    99 ON 10    GRTST 24HR  0.98 ON 13-13      TO 1/4 MILE OR LESS
LOWEST:     35 ON 12                               3 = THUNDER
                        SNOW, ICE PELLETS, HAIL    4 = ICE PELLETS
                        TOTAL MONTH:   0.0 INCH    5 = HAIL
                        GRTST 24HR     0.0         6 = FREEZING RAIN OR DRIZZLE
                        GRTST DEPTH:   0           7 = DUSTSTORM OR SANDSTORM:
                                                       VSBY 1/2 MILE OR LESS
                                                   8 = SMOKE OR HAZE
[NO. OF DAYS WITH]      [WEATHER - DAYS WITH]      9 = BLOWING SNOW
                                                   X = TORNADO
MAX 32 OR BELOW:   0    0.01 INCH OR MORE:   2
MAX 90 OR ABOVE:   2    0.10 INCH OR MORE:   2
MIN 32 OR BELOW:   0    0.50 INCH OR MORE:   1
MIN  0 OR BELOW:   0    1.00 INCH OR MORE:   0

[HDD (BASE 65) ]
TOTAL THIS MO.    56    CLEAR  (SCALE 0-3)  16
DPTR FM NORMAL   -15    PTCLDY (SCALE 4-7)   2
TOTAL FM JUL 1  2347    CLOUDY (SCALE 8-10)  1
DPTR FM NORMAL    58

[CDD (BASE 65) ]
TOTAL THIS MO.    56
DPTR FM NORMAL    -3    [PRESSURE DATA]
TOTAL FM JAN 1    87    HIGHEST SLP M ON M
DPTR FM NORMAL   -10    LOWEST  SLP 29.26 ON 10

[REMARKS]
