000
CXUS54 KSJT 211000
CF6SJT
PRELIMINARY LOCAL CLIMATOLOGICAL DATA (WS FORM: F-6)

                                          STATION:   SAN ANGELO
                                          MONTH:     FEBRUARY
                                          YEAR:      2019
                                          LATITUDE:   31 21 N
                                          LONGITUDE: 100 30 W

  TEMPERATURE IN F:       :PCPN:    SNOW:  WIND      :SUNSHINE: SKY     :PK WND
================================================================================
1   2   3   4   5  6A  6B    7    8   9   10  11  12  13   14  15   16   17  18
                                     12Z  AVG MX 2MIN
DY MAX MIN AVG DEP HDD CDD  WTR  SNW DPTH SPD SPD DIR MIN PSBL S-S WX    SPD DR
================================================================================

 1  67  49  58  10   7   0 0.00  0.0    0  8.7 20 200   M    M   7        25 200
 2  71  48  60  12   5   0 0.00  0.0    0  7.9 18 220   M    M   4 128    25 170
 3  76  53  65  17   0   0 0.00  0.0    0 15.1 24 220   M    M   2 1      29 220
 4  79  52  66  18   0   1 0.00  0.0    0  9.3 17 220   M    M   2 18     22 210
 5  80  50  65  17   0   0 0.00  0.0    0 11.6 26 230   M    M   1 18     34 220
 6  79  62  71  23   0   6 0.09  0.0    0 12.9 25 200   M    M   2 138    33 190
 7  68  31  50   1  15   0 0.12  0.0    0 13.3 33 280   M    M   1 1358   42  40
 8  32  24  28 -21  37   0 0.01    T    0  8.7 15  40   M    M   5 4      20  40
 9  42  30  36 -13  29   0 0.00  0.0    0  8.4 15 120   M    M  10        18 100
10  54  39  47  -2  18   0 0.01  0.0    0  5.9 15 210   M    M   9 1      19 230
11  55  47  51   2  14   0 0.04  0.0    0 10.7 24 280   M    M   6 1      33 290
12  59  34  47  -3  18   0 0.00  0.0    0  7.2 18 290   M    M   0        23 280
13  65  32  49  -1  16   0 0.00  0.0    0 14.1 29 190   M    M   0        35 190
14  76  51  64  14   1   0 0.00  0.0    0 16.0 28 190   M    M   0        36 200
15  84  47  66  16   0   1 0.00  0.0    0 13.2 32 270   M    M   0        42 250
16  80  37  59   9   6   0 0.00  0.0    0  7.0 15 160   M    M   1        20 160
17  59  40  50  -1  15   0 0.00  0.0    0  9.3 16 340   M    M   0        21 350
18  51  35  43  -8  22   0 0.00  0.0    0 12.0 21  80   M    M   1        25  70
19  38  33  36 -15  29   0    T  0.0    0  9.6 17  70   M    M  10 18     22  70
20  60  26  43  -8  22   0 0.00  0.0    0  6.3 14 270   M    M   1 1      18 290
================================================================================
SM 1275  820       254   8  0.27    T    207.2          M       62
================================================================================
AV 63.8 41.0                              10.4 FASTST   M    M   3    MAX(MPH)
                                 MISC ---->  # 33 280               # 42   40
================================================================================
NOTES:
# LAST OF SEVERAL OCCURRENCES

COLUMN 17 PEAK WIND IN M.P.H.

PRELIMINARY LOCAL CLIMATOLOGICAL DATA (WS FORM: F-6) , PAGE 2

                                          STATION:  SAN ANGELO
                                          MONTH:    FEBRUARY
                                          YEAR:     2019
                                          LATITUDE:   31 21 N
                                          LONGITUDE: 100 30 W

[TEMPERATURE DATA]      [PRECIPITATION DATA]       SYMBOLS USED IN COLUMN 16

AVERAGE MONTHLY: 52.4   TOTAL FOR MONTH:   0.27    1 = FOG OR MIST
DPTR FM NORMAL:   3.0   DPTR FM NORMAL:   -0.68    2 = FOG REDUCING VISIBILITY
HIGHEST:    84 ON 15    GRTST 24HR  0.12 ON  7- 7      TO 1/4 MILE OR LESS
LOWEST:     24 ON  8                               3 = THUNDER
                        SNOW, ICE PELLETS, HAIL    4 = ICE PELLETS
                        TOTAL MONTH:    T          5 = HAIL
                        GRTST 24HR    T  ON  8- 8  6 = FREEZING RAIN OR DRIZZLE
                        GRTST DEPTH:   0           7 = DUSTSTORM OR SANDSTORM:
                                                       VSBY 1/2 MILE OR LESS
                                                   8 = SMOKE OR HAZE
[NO. OF DAYS WITH]      [WEATHER - DAYS WITH]      9 = BLOWING SNOW
                                                   X = TORNADO
MAX 32 OR BELOW:   1    0.01 INCH OR MORE:   5
MAX 90 OR ABOVE:   0    0.10 INCH OR MORE:   1
MIN 32 OR BELOW:   5    0.50 INCH OR MORE:   0
MIN  0 OR BELOW:   0    1.00 INCH OR MORE:   0

[HDD (BASE 65) ]
TOTAL THIS MO.   254    CLEAR  (SCALE 0-3)  13
DPTR FM NORMAL   -60    PTCLDY (SCALE 4-7)   4
TOTAL FM JUL 1  1854    CLOUDY (SCALE 8-10)  3
DPTR FM NORMAL    -4

[CDD (BASE 65) ]
TOTAL THIS MO.     8
DPTR FM NORMAL     8    [PRESSURE DATA]
TOTAL FM JAN 1     8    HIGHEST SLP M ON M
DPTR FM NORMAL     7    LOWEST  SLP 29.54 ON 16

[REMARKS]
