000
CXUS54 KSJT 221000
CF6SJT
PRELIMINARY LOCAL CLIMATOLOGICAL DATA (WS FORM: F-6)

                                          STATION:   SAN ANGELO
                                          MONTH:     AUGUST
                                          YEAR:      2019
                                          LATITUDE:   31 21 N
                                          LONGITUDE: 100 30 W

  TEMPERATURE IN F:       :PCPN:    SNOW:  WIND      :SUNSHINE: SKY     :PK WND
================================================================================
1   2   3   4   5  6A  6B    7    8   9   10  11  12  13   14  15   16   17  18
                                     12Z  AVG MX 2MIN
DY MAX MIN AVG DEP HDD CDD  WTR  SNW DPTH SPD SPD DIR MIN PSBL S-S WX    SPD DR
================================================================================

 1 102  72  87   3   0  22 0.00  0.0    0  6.6 16 130   M    M   0        22 120
 2 104  74  89   5   0  24 0.00  0.0    0  7.0 14  90   M    M   0        19 230
 3 105  76  91   7   0  26 0.21  0.0    0  6.5 24  10   M    M   1 3      31 360
 4 100  76  88   4   0  23 0.00  0.0    0  6.9 15  30   M    M   1        20  50
 5 101  71  86   2   0  21 0.00  0.0    0  4.9 15 100   M    M   1        18 100
 6 102  74  88   4   0  23 0.00  0.0    0  5.0 13 110   M    M   1        19  80
 7 104  78  91   7   0  26 0.00  0.0    0  7.6 14 210   M    M   1        19 140
 8 104  80  92   8   0  27 0.00  0.0    0  9.2 16 190   M    M   0        21 140
 9 104  77  91   7   0  26 0.00  0.0    0  8.6 17 120   M    M   0        23 120
10 105  77  91   7   0  26 0.00  0.0    0  8.6 16 170   M    M   0        22 200
11 105  76  91   7   0  26 0.00  0.0    0  8.8 17 200   M    M   0        23 200
12 106  73  90   7   0  25 0.00  0.0    0  9.1 20 200   M    M   0        33 140
13 107  80  94  11   0  29 0.00  0.0    0  7.8 21 260   M    M   0        25 250
14 101  75  88   5   0  23 0.00  0.0    0  6.7 17  90   M    M   1        26  60
15 103  69  86   3   0  21 0.00  0.0    0  4.6 13  60   M    M   0        16  20
16 106  73  90   7   0  25 0.00  0.0    0  5.9 15 130   M    M   1        20 190
17 106  80  93  10   0  28 0.00  0.0    0 10.8 21 190   M    M   0        28 200
18 107  81  94  11   0  29 0.00  0.0    0 10.8 22 180   M    M   0        27 190
19 104  78  91   8   0  26 0.00  0.0    0 10.1 15 100   M    M   0        22 140
20 101  75  88   5   0  23 0.00  0.0    0  6.1 15  90   M    M   1        20  80
21  99  75  87   5   0  22 0.00  0.0    0  7.5 14 110   M    M   2        20 180
================================================================================
SM 2176 1590         0 521  0.21     0.0 159.1          M       10
================================================================================
AV103.6 75.7                               7.6 FASTST   M    M   0    MAX(MPH)
                                 MISC ---->  # 24  10               # 33  140
================================================================================
NOTES:
# LAST OF SEVERAL OCCURRENCES

COLUMN 17 PEAK WIND IN M.P.H.

PRELIMINARY LOCAL CLIMATOLOGICAL DATA (WS FORM: F-6) , PAGE 2

                                          STATION:  SAN ANGELO
                                          MONTH:    AUGUST
                                          YEAR:     2019
                                          LATITUDE:   31 21 N
                                          LONGITUDE: 100 30 W

[TEMPERATURE DATA]      [PRECIPITATION DATA]       SYMBOLS USED IN COLUMN 16

AVERAGE MONTHLY: 89.7   TOTAL FOR MONTH:   0.21    1 = FOG OR MIST
DPTR FM NORMAL:   6.2   DPTR FM NORMAL:   -1.14    2 = FOG REDUCING VISIBILITY
HIGHEST:   107 ON 18,13 GRTST 24HR  0.21 ON  3- 3      TO 1/4 MILE OR LESS
LOWEST:     69 ON 15                               3 = THUNDER
                        SNOW, ICE PELLETS, HAIL    4 = ICE PELLETS
                        TOTAL MONTH:   0.0 INCH    5 = HAIL
                        GRTST 24HR     0.0         6 = FREEZING RAIN OR DRIZZLE
                        GRTST DEPTH:   0           7 = DUSTSTORM OR SANDSTORM:
                                                       VSBY 1/2 MILE OR LESS
                                                   8 = SMOKE OR HAZE
[NO. OF DAYS WITH]      [WEATHER - DAYS WITH]      9 = BLOWING SNOW
                                                   X = TORNADO
MAX 32 OR BELOW:   0    0.01 INCH OR MORE:   1
MAX 90 OR ABOVE:  21    0.10 INCH OR MORE:   1
MIN 32 OR BELOW:   0    0.50 INCH OR MORE:   0
MIN  0 OR BELOW:   0    1.00 INCH OR MORE:   0

[HDD (BASE 65) ]
TOTAL THIS MO.     0    CLEAR  (SCALE 0-3)  21
DPTR FM NORMAL     0    PTCLDY (SCALE 4-7)   0
TOTAL FM JUL 1     0    CLOUDY (SCALE 8-10)  0
DPTR FM NORMAL     0

[CDD (BASE 65) ]
TOTAL THIS MO.   521
DPTR FM NORMAL   134    [PRESSURE DATA]
TOTAL FM JAN 1  1965    HIGHEST SLP M ON M
DPTR FM NORMAL    91    LOWEST  SLP 29.65 ON 17

[REMARKS]
