000
CXUS54 KEWX 250910
CF6SKF
PRELIMINARY LOCAL CLIMATOLOGICAL DATA (WS FORM: F-6)

                                          STATION:   LACKLAND AFB
                                          MONTH:     APRIL
                                          YEAR:      2019
                                          LATITUDE:   29 22 N
                                          LONGITUDE:  98 35 W

  TEMPERATURE IN F:       :PCPN:    SNOW:  WIND      :SUNSHINE: SKY     :PK WND
================================================================================
1   2   3   4   5  6A  6B    7    8   9   10  11  12  13   14  15   16   17  18
                                     12Z  AVG MX 2MIN
DY MAX MIN AVG DEP HDD CDD  WTR  SNW DPTH SPD SPD DIR MIN PSBL S-S WX    SPD DR
================================================================================

 1  62  38  50   M  15   0 0.00    M    M  5.6  9 140   M    M   4         M  M
 2  71  36  54   M  11   0 0.00    M    M  7.3 15 140   M    M   2        18 130
 3  68  57  63   M   2   0    T    M    M  8.8 13 130   M    M  10 1       M  M
 4  86  64  75   M   0  10 0.00    M    M  5.3 12 140   M    M   3 1       M  M
 5  83  58  71   M   0   6 0.00    M    M  7.3 13 100   M    M   0 1      18 100
 6  83  69  76   M   0  11 0.03    M    M  6.4 10 120   M    M   8 18      M  M
 7  75  56  66   M   0   1 1.11    M    M  9.1 17 360   M    M   5 13     22  30
 8  86  53  70   M   0   5 0.00    M    M  5.4 16 250   M    M   0        21 250
 9  89  54  72   M   0   7 0.00    M    M  6.1 10 160   M    M   0        18 160
10  92  56  74   M   0   9 0.00    M    M  9.6 24 150   M    M   0        30 170
11  83  57  70   M   0   5 0.00    M    M  8.2 20 360   M    M   1        31 350
12  80  58  69   M   0   4    T    M    M 11.5 17 100   M    M   2        24 100
13  76  50  63   M   2   0 0.25    M    M 11.0 22 330   M    M   5 138    33 320
14  73  45  59   M   6   0 0.00    M    M  7.7 24 340   M    M   0        32 340
15  82  47  65   M   0   0 0.00    M    M  8.2 16 140   M    M   1        23 110
16  80  64  72   M   0   7 0.00    M    M 15.3 21 150   M    M   7        30 160
17  86  69  78   M   0  13 0.24    M    M 12.5 20 130   M    M   6 13     32 130
18  78  53  66   M   0   1 0.36    M    M 12.4 29 330   M    M   2 13     41 330
19  79  49  64   M   1   0    M    M    M  9.5 21  10   M    M   0        31 350
20  82  46  64   M   1   0 0.00    M    M  7.4 14 140   M    M   0         M  M
21  85  55  70   M   0   5 0.00    M    M 11.7 21 140   M    M   3 1      27 140
22  82  67  75   M   0  10 0.00    M    M 13.3 18 110   M    M   5        24 120
23  79  68  74   M   0   9 0.00    M    M 10.6 15 130   M    M   9        21 120
24  70  54  62   M   3   0 0.39    M    M  7.1 13 310   M    M   5 138    18 350
================================================================================
SM 1910 1323        41 103  2.38    M    217.3          M       78
================================================================================
AV 79.6 55.1                               9.1 FASTST   M    M   3    MAX(MPH)
                                 MISC ---->  # 29 330               # 41  330
================================================================================
NOTES:
# LAST OF SEVERAL OCCURRENCES

COLUMN 17 PEAK WIND IN M.P.H.

PRELIMINARY LOCAL CLIMATOLOGICAL DATA (WS FORM: F-6) , PAGE 2

                                          STATION:  LACKLAND AFB
                                          MONTH:    APRIL
                                          YEAR:     2019
                                          LATITUDE:   29 22 N
                                          LONGITUDE:  98 35 W

[TEMPERATURE DATA]      [PRECIPITATION DATA]       SYMBOLS USED IN COLUMN 16

AVERAGE MONTHLY: 67.4   TOTAL FOR MONTH:   2.38    1 = FOG OR MIST
DPTR FM NORMAL:     M   DPTR FM NORMAL:       M    2 = FOG REDUCING VISIBILITY
HIGHEST:    92 ON 10    GRTST 24HR  1.11 ON  7- 7      TO 1/4 MILE OR LESS
LOWEST:     36 ON  2                               3 = THUNDER
                        SNOW, ICE PELLETS, HAIL    4 = ICE PELLETS
                        TOTAL MONTH:    M          5 = HAIL
                        GRTST 24HR    M  ON   M    6 = FREEZING RAIN OR DRIZZLE
                        GRTST DEPTH:  M  ON   M    7 = DUSTSTORM OR SANDSTORM:
                                                       VSBY 1/2 MILE OR LESS
                                                   8 = SMOKE OR HAZE
[NO. OF DAYS WITH]      [WEATHER - DAYS WITH]      9 = BLOWING SNOW
                                                   X = TORNADO
MAX 32 OR BELOW:   0    0.01 INCH OR MORE:   6
MAX 90 OR ABOVE:   1    0.10 INCH OR MORE:   5
MIN 32 OR BELOW:   0    0.50 INCH OR MORE:   1
MIN  0 OR BELOW:   0    1.00 INCH OR MORE:   1

[HDD (BASE 65) ]
TOTAL THIS MO.    41    CLEAR  (SCALE 0-3)  13
DPTR FM NORMAL     M    PTCLDY (SCALE 4-7)   8
TOTAL FM JUL 1  1385    CLOUDY (SCALE 8-10)  3
DPTR FM NORMAL     M

[CDD (BASE 65) ]
TOTAL THIS MO.   103
DPTR FM NORMAL     M    [PRESSURE DATA]
TOTAL FM JAN 1   197    HIGHEST SLP M ON M
DPTR FM NORMAL     M    LOWEST  SLP M ON M

[REMARKS]
