000
CXUS54 KEWX 190910
CF6SKF
PRELIMINARY LOCAL CLIMATOLOGICAL DATA (WS FORM: F-6)

                                          STATION:   LACKLAND AFB
                                          MONTH:     FEBRUARY
                                          YEAR:      2019
                                          LATITUDE:   29 22 N
                                          LONGITUDE:  98 35 W

  TEMPERATURE IN F:       :PCPN:    SNOW:  WIND      :SUNSHINE: SKY     :PK WND
================================================================================
1   2   3   4   5  6A  6B    7    8   9   10  11  12  13   14  15   16   17  18
                                     12Z  AVG MX 2MIN
DY MAX MIN AVG DEP HDD CDD  WTR  SNW DPTH SPD SPD DIR MIN PSBL S-S WX    SPD DR
================================================================================

 1  67  55  61   M   4   0    T    M    M  5.2  8  70   M    M   9         M  M
 2  66  60  63   M   2   0    T    M    M  5.2  9 100   M    M   9 1       M  M
 3  76  60  68   M   0   3 0.00    M    M  5.4 12 180   M    M   8 12      M  M
 4  71  63  67   M   0   2    T    M    M  3.6  9 160   M    M   9 1       M  M
 5  75  66  71   M   0   6    T    M    M  6.7 10 190   M    M   9 1       M  M
 6  77  67  72   M   0   7 0.00    M    M  8.5 15 110   M    M   9 1       M  M
 7  71  45  58   M   7   0    T    M    M 13.9 25 360   M    M   5 1      33  40
 8  45  38  42   M  23   0    T    M    M 13.2 18  40   M    M   8        25  40
 9   M   M   M   M   M   M 0.16    M    M  9.0 13  50   M    M  10 1      17  60
10  51  39  45   M  20   0 0.05    M    M  5.0  8 340   M    M   8 1       M  M
11  60  51  56   M   9   0 0.01    M    M  1.6  7  80   M    M   9 1       M  M
12  65  41  53   M  12   0 0.00    M    M  7.8 16  10   M    M   1         M  M
13  65  31  48   M  17   0 0.00    M    M  5.7 14 150   M    M   0        16 130
14  71  45  58   M   7   0 0.00    M    M  2.8 12 190   M    M   3        18 190
15  86  46  66   M   0   1 0.00    M    M  3.6  9 190   M    M   0         M  M
16  63  53  58   M   7   0 0.00    M    M  9.2 17  20   M    M   7         M  M
17  72  51  62   M   3   0    T    M    M 11.6 18  30   M    M   4 1      21  30
18  62  45  54   M  11   0 0.00    M    M 13.9 18  40   M    M   2        27  20
================================================================================
SM 1143  856       122  19  0.22    M    131.9          M      110
================================================================================
AV 67.2 50.4                               7.3 FASTST   M    M   6    MAX(MPH)
                                 MISC ---->  # 25 360               # 33   40
================================================================================
NOTES:
# LAST OF SEVERAL OCCURRENCES

COLUMN 17 PEAK WIND IN M.P.H.

PRELIMINARY LOCAL CLIMATOLOGICAL DATA (WS FORM: F-6) , PAGE 2

                                          STATION:  LACKLAND AFB
                                          MONTH:    FEBRUARY
                                          YEAR:     2019
                                          LATITUDE:   29 22 N
                                          LONGITUDE:  98 35 W

[TEMPERATURE DATA]      [PRECIPITATION DATA]       SYMBOLS USED IN COLUMN 16

AVERAGE MONTHLY: 58.8   TOTAL FOR MONTH:   0.22    1 = FOG OR MIST
DPTR FM NORMAL:     M   DPTR FM NORMAL:       M    2 = FOG REDUCING VISIBILITY
HIGHEST:    86 ON 15    GRTST 24HR  0.16 ON  9- 9      TO 1/4 MILE OR LESS
LOWEST:     31 ON 13                               3 = THUNDER
                        SNOW, ICE PELLETS, HAIL    4 = ICE PELLETS
                        TOTAL MONTH:    M          5 = HAIL
                        GRTST 24HR    M  ON   M    6 = FREEZING RAIN OR DRIZZLE
                        GRTST DEPTH:  M  ON   M    7 = DUSTSTORM OR SANDSTORM:
                                                       VSBY 1/2 MILE OR LESS
                                                   8 = SMOKE OR HAZE
[NO. OF DAYS WITH]      [WEATHER - DAYS WITH]      9 = BLOWING SNOW
                                                   X = TORNADO
MAX 32 OR BELOW:   0    0.01 INCH OR MORE:   3
MAX 90 OR ABOVE:   0    0.10 INCH OR MORE:   1
MIN 32 OR BELOW:   1    0.50 INCH OR MORE:   0
MIN  0 OR BELOW:   0    1.00 INCH OR MORE:   0

[HDD (BASE 65) ]
TOTAL THIS MO.   122    CLEAR  (SCALE 0-3)   5
DPTR FM NORMAL     M    PTCLDY (SCALE 4-7)   5
TOTAL FM JUL 1  1113    CLOUDY (SCALE 8-10)  8
DPTR FM NORMAL     M

[CDD (BASE 65) ]
TOTAL THIS MO.    19
DPTR FM NORMAL     M    [PRESSURE DATA]
TOTAL FM JAN 1    20    HIGHEST SLP M ON M
DPTR FM NORMAL     M    LOWEST  SLP M ON M

[REMARKS]
