689
CXUS54 KEWX 230910
CF6SKF
PRELIMINARY LOCAL CLIMATOLOGICAL DATA (WS FORM: F-6)

                                          STATION:   LACKLAND AFB
                                          MONTH:     AUGUST
                                          YEAR:      2019
                                          LATITUDE:   29 22 N
                                          LONGITUDE:  98 35 W

  TEMPERATURE IN F:       :PCPN:    SNOW:  WIND      :SUNSHINE: SKY     :PK WND
================================================================================
1   2   3   4   5  6A  6B    7    8   9   10  11  12  13   14  15   16   17  18
                                     12Z  AVG MX 2MIN
DY MAX MIN AVG DEP HDD CDD  WTR  SNW DPTH SPD SPD DIR MIN PSBL S-S WX    SPD DR
================================================================================

 1  99  75  87   M   0  22 0.00    M    M  6.4 14 130   M    M   1        16 100
 2  99  74  87   M   0  22 0.00    M    M  5.6 13 100   M    M   0        17  80
 3  98  75  87   M   0  22 0.00    M    M  5.9 12 150   M    M   2         M  M
 4  96  76  86   M   0  21 0.03    M    M  6.2 13 140   M    M   2         M  M
 5  99  76  88   M   0  23 0.00    M    M  6.8 13 130   M    M   1        22 110
 6 100  76  88   M   0  23 0.00    M    M  7.5 17 140   M    M   1        25 140
 7 101  77  89   M   0  24 0.00    M    M  9.2 16 130   M    M   2        22 130
 8 103  77  90   M   0  25 0.00    M    M 10.2 22 130   M    M   2        28 140
 9 102  79  91   M   0  26 0.00    M    M 12.2 18 160   M    M   3        25 140
10 103  77  90   M   0  25 0.00    M    M 10.2 17 130   M    M   1        25 160
11 102  78  90   M   0  25 0.00    M    M  9.6 17 130   M    M   2        22 130
12 102  78  90   M   0  25 0.00    M    M  9.3 17 150   M    M   2         M  M
13 103  78  91   M   0  26 0.00    M    M  9.4 16 130   M    M   1        21 140
14 101  75  88   M   0  23 0.00    M    M  5.3 20  30   M    M   0        31  70
15 101  78  90   M   0  25    T    M    M  3.7 14  30   M    M   2 3      20 270
16 102  77  90   M   0  25 0.00    M    M  7.0 18 140   M    M   0        24 140
17 102  79  91   M   0  26    T    M    M 10.2 18 130   M    M   2        28 130
18 102  80  91   M   0  26 0.00    M    M 10.5 20 110   M    M   2        27 120
19 101  78  90   M   0  25 0.00    M    M 10.2 20 140   M    M   2        25 140
20 100  79  90   M   0  25 0.00    M    M  8.5 18 140   M    M   3        17 110
21  98  77  88   M   0  23 0.00    M    M  8.6 15 140   M    M   3         M  M
22 100  77  89   M   0  24 0.00    M    M  8.3 18 120   M    M   3        31 160
================================================================================
SM 2214 1696         0 531  0.03    M    180.8          M       37
================================================================================
AV100.6 77.1                               8.2 FASTST   M    M   2    MAX(MPH)
                                 MISC ---->  # 22 130               # 31   70
================================================================================
NOTES:
# LAST OF SEVERAL OCCURRENCES

COLUMN 17 PEAK WIND IN M.P.H.

PRELIMINARY LOCAL CLIMATOLOGICAL DATA (WS FORM: F-6) , PAGE 2

                                          STATION:  LACKLAND AFB
                                          MONTH:    AUGUST
                                          YEAR:     2019
                                          LATITUDE:   29 22 N
                                          LONGITUDE:  98 35 W

[TEMPERATURE DATA]      [PRECIPITATION DATA]       SYMBOLS USED IN COLUMN 16

AVERAGE MONTHLY: 88.9   TOTAL FOR MONTH:   0.03    1 = FOG OR MIST
DPTR FM NORMAL:     M   DPTR FM NORMAL:       M    2 = FOG REDUCING VISIBILITY
HIGHEST:   103 ON 13,10 GRTST 24HR  0.03 ON  4- 4      TO 1/4 MILE OR LESS
LOWEST:     74 ON  2                               3 = THUNDER
                        SNOW, ICE PELLETS, HAIL    4 = ICE PELLETS
                        TOTAL MONTH:    M          5 = HAIL
                        GRTST 24HR    M  ON   M    6 = FREEZING RAIN OR DRIZZLE
                        GRTST DEPTH:  M  ON   M    7 = DUSTSTORM OR SANDSTORM:
                                                       VSBY 1/2 MILE OR LESS
                                                   8 = SMOKE OR HAZE
[NO. OF DAYS WITH]      [WEATHER - DAYS WITH]      9 = BLOWING SNOW
                                                   X = TORNADO
MAX 32 OR BELOW:   0    0.01 INCH OR MORE:   1
MAX 90 OR ABOVE:  22    0.10 INCH OR MORE:   0
MIN 32 OR BELOW:   0    0.50 INCH OR MORE:   0
MIN  0 OR BELOW:   0    1.00 INCH OR MORE:   0

[HDD (BASE 65) ]
TOTAL THIS MO.     0    CLEAR  (SCALE 0-3)  20
DPTR FM NORMAL     M    PTCLDY (SCALE 4-7)   2
TOTAL FM JUL 1     0    CLOUDY (SCALE 8-10)  0
DPTR FM NORMAL     M

[CDD (BASE 65) ]
TOTAL THIS MO.   531
DPTR FM NORMAL     M    [PRESSURE DATA]
TOTAL FM JAN 1  2261    HIGHEST SLP M ON M
DPTR FM NORMAL     M    LOWEST  SLP M ON M

[REMARKS]
