000
CXUS56 KSLC 191538
CF6SLC
PRELIMINARY LOCAL CLIMATOLOGICAL DATA (WS FORM: F-6)

                                          STATION:   SALT LAKE CITY UT
                                          MONTH:     APRIL
                                          YEAR:      2019
                                          LATITUDE:   40 46 N
                                          LONGITUDE: 111 58 W

  TEMPERATURE IN F:       :PCPN:    SNOW:  WIND      :SUNSHINE: SKY     :PK WND
================================================================================
1   2   3   4   5  6A  6B    7    8   9   10  11  12  13   14  15   16   17  18
                                     12Z  AVG MX 2MIN
DY MAX MIN AVG DEP HDD CDD  WTR  SNW DPTH SPD SPD DIR MIN PSBL S-S WX    SPD DR
================================================================================

 1  59  36  48   1  17   0 0.00  0.0    0  6.4 13  20   M    M   4        17 360
 2  55  46  51   4  14   0 0.01  0.0    0  8.8 25 160   M    M  10        32 180
 3  57  44  51   3  14   0 0.32  0.0    0  3.5 12 350   M    M   6 1      13 350
 4  66  44  55   7  10   0 0.00  0.0    0  9.5 20 160   M    M   2        25 160
 5  66  51  59  11   6   0    T  0.0    0 12.3 23 170   M    M   8        31 180
 6  58  44  51   3  14   0 0.19  0.0    0  6.4 21 330   M    M   6 1      27 310
 7  67  42  55   7  10   0 0.00  0.0    0  9.1 21 190   M    M   3        26 180
 8  71  47  59  10   6   0 0.00  0.0    0  7.3 14 140   M    M   1        18 310
 9  62  39  51   2  14   0 0.49  0.0    0 10.9 31 340   M    M   8 1      37 340
10  47  36  42  -7  23   0 0.10  0.0    0 18.8 33 340   M    M  10        40 330
11  49  38  44  -5  21   0    T    T    0 10.2 23 360   M    M   7        27 360
12  49  33  41  -8  24   0 0.23  0.2    T  6.9 21 360   M    M   6 15     23  20
13  54  34  44  -6  21   0 0.11    T    0  7.0 23 330   M    M   4 1      27 320
14  62  44  53   3  12   0    T  0.0    0 11.0 20 170   M    M   7        24 170
15  53  45  49  -1  16   0 0.47  0.0    0  6.4 20 260   M    M  10 1      28 280
16  53  41  47  -3  18   0 0.49  0.0    0  6.9 24 270   M    M   8 1      33 270
17  57  38  48  -3  17   0 0.00  0.0    0  4.6 15 310   M    M   4 1      20 310
18  64  40  52   1  13   0 0.00  0.0    0  5.7 14 360   M    M   0        18 360
================================================================================
SM 1049  742       270   0  2.41     0.2 151.7          M      104
================================================================================
AV 58.3 41.2                               8.4 FASTST   M    M   6    MAX(MPH)
                                 MISC ---->  # 33 340               # 40  330
================================================================================
NOTES:
# LAST OF SEVERAL OCCURRENCES

COLUMN 17 PEAK WIND IN M.P.H.

PRELIMINARY LOCAL CLIMATOLOGICAL DATA (WS FORM: F-6) , PAGE 2

                                          STATION:  SALT LAKE CITY UT
                                          MONTH:    APRIL
                                          YEAR:     2019
                                          LATITUDE:   40 46 N
                                          LONGITUDE: 111 58 W

[TEMPERATURE DATA]      [PRECIPITATION DATA]       SYMBOLS USED IN COLUMN 16

AVERAGE MONTHLY: 49.8   TOTAL FOR MONTH:   2.41    1 = FOG OR MIST
DPTR FM NORMAL:   0.8   DPTR FM NORMAL:    1.23    2 = FOG REDUCING VISIBILITY
HIGHEST:    71 ON  8    GRTST 24HR  0.49 ON 16-16      TO 1/4 MILE OR LESS
LOWEST:     33 ON 12                               3 = THUNDER
                        SNOW, ICE PELLETS, HAIL    4 = ICE PELLETS
                        TOTAL MONTH:   0.2 INCH    5 = HAIL
                        GRTST 24HR   0.2 ON 12-12  6 = FREEZING RAIN OR DRIZZLE
                        GRTST DEPTH:   T           7 = DUSTSTORM OR SANDSTORM:
                                                       VSBY 1/2 MILE OR LESS
                                                   8 = SMOKE OR HAZE
[NO. OF DAYS WITH]      [WEATHER - DAYS WITH]      9 = BLOWING SNOW
                                                   X = TORNADO
MAX 32 OR BELOW:   0    0.01 INCH OR MORE:   9
MAX 90 OR ABOVE:   0    0.10 INCH OR MORE:   8
MIN 32 OR BELOW:   0    0.50 INCH OR MORE:   0
MIN  0 OR BELOW:   0    1.00 INCH OR MORE:   0

[HDD (BASE 65) ]
TOTAL THIS MO.   270    CLEAR  (SCALE 0-3)   4
DPTR FM NORMAL   -19    PTCLDY (SCALE 4-7)  10
TOTAL FM JUL 1  5014    CLOUDY (SCALE 8-10)  4
DPTR FM NORMAL  -193

[CDD (BASE 65) ]
TOTAL THIS MO.     0
DPTR FM NORMAL     0    [PRESSURE DATA]
TOTAL FM JAN 1     0    HIGHEST SLP M ON M
DPTR FM NORMAL     0    LOWEST  SLP 29.58 ON 15

[REMARKS]
