000
CXUS56 KSLC 171232
CF6SLC
PRELIMINARY LOCAL CLIMATOLOGICAL DATA (WS FORM: F-6)

                                          STATION:   SALT LAKE CITY UT
                                          MONTH:     FEBRUARY
                                          YEAR:      2019
                                          LATITUDE:   40 46 N
                                          LONGITUDE: 111 58 W

  TEMPERATURE IN F:       :PCPN:    SNOW:  WIND      :SUNSHINE: SKY     :PK WND
================================================================================
1   2   3   4   5  6A  6B    7    8   9   10  11  12  13   14  15   16   17  18
                                     12Z  AVG MX 2MIN
DY MAX MIN AVG DEP HDD CDD  WTR  SNW DPTH SPD SPD DIR MIN PSBL S-S WX    SPD DR
================================================================================

 1  52  26  39   8  26   0 0.00  0.0    0  4.4 16 160   M    M   0 18     19 140
 2  54  39  47  16  18   0    T  0.0    0 13.5 23 170   M    M   6        28 120
 3  48  40  44  13  21   0 0.07  0.0    0 18.3 30 170   M    M   9 13     40 160
 4  51  39  45  14  20   0 0.01  0.0    0 22.5 32 160   M    M   7        42 180
 5  41  29  35   4  30   0 0.06  1.2    0 12.5 28 310   M    M   8 15     35 170
 6  29  22  26  -6  39   0 0.33  4.1    5 13.8 29 330   M    M  10 19     34 330
 7  27  15  21 -11  44   0 0.04  1.5    4  7.4 15 310   M    M   5 1      19 310
 8  32  12  22 -10  43   0 0.00  0.0    4  4.6  9 280   M    M   2        12 360
 9  37  16  27  -5  38   0 0.00  0.0    3 11.1 23 190   M    M   5        29 190
10  42  23  33   1  32   0 0.16  3.0    3 18.8 31 170   M    M   3 12     41 170
11  30  19  25  -8  40   0    T  0.3    4  7.2 15 160   M    M   4 18     20 160
12  39  23  31  -2  34   0 0.00  0.0    3  8.7 20 170   M    M   2        25 170
13  46  29  38   5  27   0 0.17    T    2 16.3 36 180   M    M  10        46 180
14  51  39  45  11  20   0 0.02  0.0    0 19.7 29 180   M    M   8        40 180
15  52  29  41   7  24   0 0.23  2.4    0 13.9 31 170   M    M   5 1      38 160
16  37  27  32  -2  33   0 0.00  0.0    3  5.5 13 310   M    M   5 1      16 310
================================================================================
SM  668  427       489   0  1.09    12.5 198.2          M       89
================================================================================
AV 41.8 26.7                              12.4 FASTST   M    M   6    MAX(MPH)
                                 MISC ---->  # 36 180               # 46  180
================================================================================
NOTES:
# LAST OF SEVERAL OCCURRENCES

COLUMN 17 PEAK WIND IN M.P.H.

PRELIMINARY LOCAL CLIMATOLOGICAL DATA (WS FORM: F-6) , PAGE 2

                                          STATION:  SALT LAKE CITY UT
                                          MONTH:    FEBRUARY
                                          YEAR:     2019
                                          LATITUDE:   40 46 N
                                          LONGITUDE: 111 58 W

[TEMPERATURE DATA]      [PRECIPITATION DATA]       SYMBOLS USED IN COLUMN 16

AVERAGE MONTHLY: 34.2   TOTAL FOR MONTH:   1.09    1 = FOG OR MIST
DPTR FM NORMAL:   2.0   DPTR FM NORMAL:    0.41    2 = FOG REDUCING VISIBILITY
HIGHEST:    54 ON  2    GRTST 24HR  0.33 ON  6- 6      TO 1/4 MILE OR LESS
LOWEST:     12 ON  8                               3 = THUNDER
                        SNOW, ICE PELLETS, HAIL    4 = ICE PELLETS
                        TOTAL MONTH:  12.5 INCHES  5 = HAIL
                        GRTST 24HR   4.1 ON  6- 6  6 = FREEZING RAIN OR DRIZZLE
                        GRTST DEPTH:   5 ON  6     7 = DUSTSTORM OR SANDSTORM:
                                                       VSBY 1/2 MILE OR LESS
                                                   8 = SMOKE OR HAZE
[NO. OF DAYS WITH]      [WEATHER - DAYS WITH]      9 = BLOWING SNOW
                                                   X = TORNADO
MAX 32 OR BELOW:   4    0.01 INCH OR MORE:   9
MAX 90 OR ABOVE:   0    0.10 INCH OR MORE:   4
MIN 32 OR BELOW:  12    0.50 INCH OR MORE:   0
MIN  0 OR BELOW:   0    1.00 INCH OR MORE:   0

[HDD (BASE 65) ]
TOTAL THIS MO.   489    CLEAR  (SCALE 0-3)   3
DPTR FM NORMAL   -34    PTCLDY (SCALE 4-7)   9
TOTAL FM JUL 1  3712    CLOUDY (SCALE 8-10)  4
DPTR FM NORMAL  -205

[CDD (BASE 65) ]
TOTAL THIS MO.     0
DPTR FM NORMAL     0    [PRESSURE DATA]
TOTAL FM JAN 1     0    HIGHEST SLP M ON M
DPTR FM NORMAL     0    LOWEST  SLP 29.40 ON  3

[REMARKS]
