000
CXUS56 KSLC 221237
CF6SLC
PRELIMINARY LOCAL CLIMATOLOGICAL DATA (WS FORM: F-6)

                                          STATION:   SALT LAKE CITY UT
                                          MONTH:     AUGUST
                                          YEAR:      2019
                                          LATITUDE:   40 46 N
                                          LONGITUDE: 111 58 W

  TEMPERATURE IN F:       :PCPN:    SNOW:  WIND      :SUNSHINE: SKY     :PK WND
================================================================================
1   2   3   4   5  6A  6B    7    8   9   10  11  12  13   14  15   16   17  18
                                     12Z  AVG MX 2MIN
DY MAX MIN AVG DEP HDD CDD  WTR  SNW DPTH SPD SPD DIR MIN PSBL S-S WX    SPD DR
================================================================================

 1  93  65  79  -1   0  14 0.00  0.0    0  7.5 14 330   M    M   1        22  10
 2  99  69  84   4   0  19 0.00  0.0    0  4.6 14  20   M    M   1        18 230
 3  98  77  88   8   0  23    T  0.0    0 11.3 37 160   M    M   1 8      46 150
 4  98  71  85   5   0  20    T  0.0    0 10.0 18 180   M    M   1 3      23 140
 5 100  75  88   9   0  23 0.00  0.0    0  8.3 23 100   M    M   1        28 100
 6 102  77  90  11   0  25 0.00  0.0    0 10.8 23 170   M    M   1        26 180
 7  89  73  81   2   0  16    T  0.0    0  9.7 17 160   M    M   3        22 160
 8  79  64  72  -7   0   7 0.35  0.0    0  9.7 23 310   M    M   5 138    30 250
 9  90  60  75  -4   0  10 0.14  0.0    0  5.5 14 240   M    M   1 3      17 240
10  94  71  83   4   0  18    T  0.0    0 11.2 22 140   M    M   1        30 130
11  87  67  77  -1   0  12 0.00  0.0    0 10.2 18 360   M    M   0        24 360
12  85  61  73  -5   0   8 0.00  0.0    0  5.6 14 340   M    M   0        18 340
13  93  64  79   1   0  14 0.00  0.0    0  6.5 13 350   M    M   0        20 320
14  95  65  80   2   0  15 0.00  0.0    0  6.4 16 330   M    M   0        22 300
15  96  67  82   4   0  17 0.00  0.0    0  5.6 16 340   M    M   0        18 350
16  91  67  79   2   0  14 0.00  0.0    0  5.2 15 350   M    M   0        20 350
17  91  66  79   2   0  14 0.00  0.0    0  5.2 16 340   M    M   0        19 360
18  96  63  80   3   0  15 0.00  0.0    0  6.9 15  20   M    M   0        24 340
19  97  73  85   8   0  20 0.00  0.0    0 12.5 26 140   M    M   0        36 130
20  98  71  85   9   0  20 0.00  0.0    0 10.7 22 170   M    M   1 8      30 160
21  99  67  83   7   0  18 0.00  0.0    0  6.7 13 160   M    M   2 8      17 350
================================================================================
SM 1970 1433         0 342  0.49     0.0 170.1          M       19
================================================================================
AV 93.8 68.2                               8.1 FASTST   M    M   1    MAX(MPH)
                                 MISC ---->  # 37 160               # 46  150
================================================================================
NOTES:
# LAST OF SEVERAL OCCURRENCES

COLUMN 17 PEAK WIND IN M.P.H.

PRELIMINARY LOCAL CLIMATOLOGICAL DATA (WS FORM: F-6) , PAGE 2

                                          STATION:  SALT LAKE CITY UT
                                          MONTH:    AUGUST
                                          YEAR:     2019
                                          LATITUDE:   40 46 N
                                          LONGITUDE: 111 58 W

[TEMPERATURE DATA]      [PRECIPITATION DATA]       SYMBOLS USED IN COLUMN 16

AVERAGE MONTHLY: 81.0   TOTAL FOR MONTH:   0.49    1 = FOG OR MIST
DPTR FM NORMAL:   2.7   DPTR FM NORMAL:    0.06    2 = FOG REDUCING VISIBILITY
HIGHEST:   102 ON  6    GRTST 24HR  0.35 ON  8- 8      TO 1/4 MILE OR LESS
LOWEST:     60 ON  9                               3 = THUNDER
                        SNOW, ICE PELLETS, HAIL    4 = ICE PELLETS
                        TOTAL MONTH:   0.0 INCH    5 = HAIL
                        GRTST 24HR     0.0         6 = FREEZING RAIN OR DRIZZLE
                        GRTST DEPTH:   0           7 = DUSTSTORM OR SANDSTORM:
                                                       VSBY 1/2 MILE OR LESS
                                                   8 = SMOKE OR HAZE
[NO. OF DAYS WITH]      [WEATHER - DAYS WITH]      9 = BLOWING SNOW
                                                   X = TORNADO
MAX 32 OR BELOW:   0    0.01 INCH OR MORE:   2
MAX 90 OR ABOVE:  17    0.10 INCH OR MORE:   2
MIN 32 OR BELOW:   0    0.50 INCH OR MORE:   0
MIN  0 OR BELOW:   0    1.00 INCH OR MORE:   0

[HDD (BASE 65) ]
TOTAL THIS MO.     0    CLEAR  (SCALE 0-3)  19
DPTR FM NORMAL     0    PTCLDY (SCALE 4-7)   2
TOTAL FM JUL 1     0    CLOUDY (SCALE 8-10)  0
DPTR FM NORMAL    -2

[CDD (BASE 65) ]
TOTAL THIS MO.   342
DPTR FM NORMAL    64    [PRESSURE DATA]
TOTAL FM JAN 1  1100    HIGHEST SLP M ON M
DPTR FM NORMAL   160    LOWEST  SLP 29.63 ON 21

[REMARKS]
