353
CXUS51 KBTV 230700
CF6SLK
PRELIMINARY LOCAL CLIMATOLOGICAL DATA (WS FORM: F-6)

                                          STATION:   SARANAC LAKE NY
                                          MONTH:     AUGUST
                                          YEAR:      2019
                                          LATITUDE:   44 23 N
                                          LONGITUDE:  74 12 W

  TEMPERATURE IN F:       :PCPN:    SNOW:  WIND      :SUNSHINE: SKY     :PK WND
================================================================================
1   2   3   4   5  6A  6B    7    8   9   10  11  12  13   14  15   16   17  18
                                     12Z  AVG MX 2MIN
DY MAX MIN AVG DEP HDD CDD  WTR  SNW DPTH SPD SPD DIR MIN PSBL S-S WX    SPD DR
================================================================================

 1  77  42  60  -3   5   0 0.00  0.0    0  2.1 13  40   M    M   3 12     17  50
 2  79  37  58  -5   7   0 0.00  0.0    0  2.0 10 230   M    M   1 12     15 230
 3  80  41  61  -2   4   0    T    M    0  3.6 16 230   M    M   3 12     21 220
 4  73  40  57  -5   8   0    T    M    0  3.1 12 360   M    M   3 1      17 330
 5  77  36  57  -5   8   0 0.00  0.0    0  2.1 14 230   M    M   2 12     20 220
 6  83  41  62   0   3   0 0.07    M    0  4.1 18 200   M    M   2 1      24 200
 7  75  59  67   5   0   2 0.63  0.0    0  3.4 10 300   M    M   8 13     17 300
 8  78  63  71   9   0   6 0.31  0.0    0  8.2 13 240   M    M   6 13     22 240
 9  72  55  64   2   1   0 0.42  0.0    0  8.6 20 240   M    M   6 13     28 270
10  64  45  55  -7  10   0 0.04    M    0  4.5 15 240   M    M   7 1      22 270
11  72  40  56  -6   9   0 0.00  0.0    0  6.2 15 260   M    M   2 12     23 260
12  77  48  63   1   2   0 0.00  0.0    0  6.8 15 240   M    M   2 1      21 210
13  79  46  63   1   2   0 0.01    M    0  4.3 12 360   M    M   4 1      19 300
14  75  41  58  -4   7   0 0.00  0.0    0  2.3 12 340   M    M   3 1      17 260
15  76  37  57  -5   8   0 0.23  0.0    0  3.6 13 180   M    M   4 138    18 180
16  75  56  66   4   0   1 0.16  0.0    0  3.0 13 210   M    M   7 1      18 220
17  77  57  67   6   0   2    T  0.0    0  3.5 14 190   M    M   6 12     19 190
18  80  50  65   4   0   0 0.37  0.0    0  3.3 15 260   M    M   6 12     22 230
19  78  57  68   7   0   3 0.11  0.0    0  8.4 18 220   M    M   4 128    26 230
20  79  43  61   0   4   0 0.00  0.0    0  3.2 15 220   M    M   1 12     20 220
21  72  49  61   0   4   0 0.29    M    0  2.6 18 260   M    M   2 13     28 260
22  70  52  61   0   4   0 0.22  0.0    0  5.8 15 220   M    M   5 1      24 260
================================================================================
SM 1668 1035        86  14  2.86     0.0  94.7          M       87
================================================================================
AV 75.8 47.1                               4.3 FASTST   M    M   4    MAX(MPH)
                                 MISC ---->  # 20 240               # 28  270
================================================================================
NOTES:
# LAST OF SEVERAL OCCURRENCES

COLUMN 17 PEAK WIND IN M.P.H.

PRELIMINARY LOCAL CLIMATOLOGICAL DATA (WS FORM: F-6) , PAGE 2

                                          STATION:  SARANAC LAKE NY
                                          MONTH:    AUGUST
                                          YEAR:     2019
                                          LATITUDE:   44 23 N
                                          LONGITUDE:  74 12 W

[TEMPERATURE DATA]      [PRECIPITATION DATA]       SYMBOLS USED IN COLUMN 16

AVERAGE MONTHLY: 61.4   TOTAL FOR MONTH:   2.86    1 = FOG OR MIST
DPTR FM NORMAL:  -0.4   DPTR FM NORMAL:   -0.06    2 = FOG REDUCING VISIBILITY
HIGHEST:    83 ON  6    GRTST 24HR  0.63 ON  7- 7      TO 1/4 MILE OR LESS
LOWEST:     36 ON  5                               3 = THUNDER
                        SNOW, ICE PELLETS, HAIL    4 = ICE PELLETS
                        TOTAL MONTH:   0.0 INCH    5 = HAIL
                        GRTST 24HR     0.0         6 = FREEZING RAIN OR DRIZZLE
                        GRTST DEPTH:   0           7 = DUSTSTORM OR SANDSTORM:
                                                       VSBY 1/2 MILE OR LESS
                                                   8 = SMOKE OR HAZE
[NO. OF DAYS WITH]      [WEATHER - DAYS WITH]      9 = BLOWING SNOW
                                                   X = TORNADO
MAX 32 OR BELOW:   0    0.01 INCH OR MORE:  12
MAX 90 OR ABOVE:   0    0.10 INCH OR MORE:   9
MIN 32 OR BELOW:   0    0.50 INCH OR MORE:   1
MIN  0 OR BELOW:   0    1.00 INCH OR MORE:   0

[HDD (BASE 65) ]
TOTAL THIS MO.    86    CLEAR  (SCALE 0-3)  11
DPTR FM NORMAL    -8    PTCLDY (SCALE 4-7)  11
TOTAL FM JUL 1   138    CLOUDY (SCALE 8-10)  0
DPTR FM NORMAL   -50

[CDD (BASE 65) ]
TOTAL THIS MO.    14
DPTR FM NORMAL    -8    [PRESSURE DATA]
TOTAL FM JAN 1    93    HIGHEST SLP M ON M
DPTR FM NORMAL    -4    LOWEST  SLP 29.65 ON  9

[REMARKS]
