000
CXUS53 KICT 230800
CF6SLN
PRELIMINARY LOCAL CLIMATOLOGICAL DATA (WS FORM: F-6)

                                          STATION:   SALINA KS
                                          MONTH:     AUGUST
                                          YEAR:      2019
                                          LATITUDE:   38 47 N
                                          LONGITUDE:  97 39 W

  TEMPERATURE IN F:       :PCPN:    SNOW:  WIND      :SUNSHINE: SKY     :PK WND
================================================================================
1   2   3   4   5  6A  6B    7    8   9   10  11  12  13   14  15   16   17  18
                                     12Z  AVG MX 2MIN
DY MAX MIN AVG DEP HDD CDD  WTR  SNW DPTH SPD SPD DIR MIN PSBL S-S WX    SPD DR
================================================================================

 1  90  73  82   1   0  17 0.05    M    M 14.7 23 130   M    M   1 3      32 130
 2  82  68  75  -6   0  10 0.88    M    M 10.9 30  60   M    M   8 13     46  70
 3  87  72  80  -1   0  15 0.00    M    M  4.9 12  90   M    M   7        17  90
 4  89  70  80  -1   0  15 0.00    M    M  4.1 12 100   M    M   1 1      16 100
 5  90  70  80  -1   0  15 0.00    M    M  5.5 10 220   M    M   1 1      14 200
 6  96  70  83   2   0  18 0.00    M    M  4.5 15 120   M    M   0        23 110
 7  92  71  82   1   0  17 0.00    M    M 11.1 20  50  99   99   0        39  20
 8  84  69  77  -4   0  12 3.31    M    M  7.4 30 340   M    M   6 13     41 350
 9  85  67  76  -5   0  11 0.00    M    M  5.3 14 160   M    M   1 1      20 140
10  87  72  80  -1   0  15    T    M    M  5.3 12 170   M    M   4 1      14 160
11  91  70  81   1   0  16 0.93    M    M  9.7 38 300   M    M   3 13     48 310
12  90  74  82   2   0  17 0.37    M    M  8.0 26 280   M    M   0 13     37 270
13  89  71  80   0   0  15 0.00    M    M  8.1 28 170   M    M   1        36 170
14  83  66  75  -5   0  10 0.00    M    M  8.0 23 330   M    M   1        45 330
15  90  64  77  -3   0  12 0.00    M    M 10.2 22 170   M    M   2        30 160
16  89  67  78  -2   0  13    T    M    M  8.7 24 110   M    M   2        36  10
17  90  69  80   0   0  15 0.47    M    M 12.0 41 270   M    M   1 13     57 270
18  88  66  77  -3   0  12 0.18    M    M  7.9 32 230   M    M   1 13     46 220
19  94  73  84   4   0  19 0.00    M    M  8.1 15 150   M    M   1        20 170
20  99  79  89  10   0  24 0.00    M    M 10.0 16 200   M    M   0        23 190
21  83  71  77  -2   0  12 0.08    M    M  8.3 24 170   M    M   3 3      31 170
22  81  69  75  -4   0  10    T    M    M  6.0 16 170   M    M   6 3      21 170
================================================================================
SM 1949 1541         0 320  6.27    M    178.7           99     50
================================================================================
AV 88.6 70.1                               8.1 FASTST   99  99   2    MAX(MPH)
                                 MISC ---->  # 41 270               # 57  270
================================================================================
NOTES:
# LAST OF SEVERAL OCCURRENCES

COLUMN 17 PEAK WIND IN M.P.H.

PRELIMINARY LOCAL CLIMATOLOGICAL DATA (WS FORM: F-6) , PAGE 2

                                          STATION:  SALINA KS
                                          MONTH:    AUGUST
                                          YEAR:     2019
                                          LATITUDE:   38 47 N
                                          LONGITUDE:  97 39 W

[TEMPERATURE DATA]      [PRECIPITATION DATA]       SYMBOLS USED IN COLUMN 16

AVERAGE MONTHLY: 79.3   TOTAL FOR MONTH:   6.27    1 = FOG OR MIST
DPTR FM NORMAL:  -1.0   DPTR FM NORMAL:    3.41    2 = FOG REDUCING VISIBILITY
HIGHEST:    99 ON 20    GRTST 24HR  3.31 ON  8- 8      TO 1/4 MILE OR LESS
LOWEST:     64 ON 15                               3 = THUNDER
                        SNOW, ICE PELLETS, HAIL    4 = ICE PELLETS
                        TOTAL MONTH:    M          5 = HAIL
                        GRTST 24HR    M  ON   M    6 = FREEZING RAIN OR DRIZZLE
                        GRTST DEPTH:  M  ON   M    7 = DUSTSTORM OR SANDSTORM:
                                                       VSBY 1/2 MILE OR LESS
                                                   8 = SMOKE OR HAZE
[NO. OF DAYS WITH]      [WEATHER - DAYS WITH]      9 = BLOWING SNOW
                                                   X = TORNADO
MAX 32 OR BELOW:   0    0.01 INCH OR MORE:   8
MAX 90 OR ABOVE:  10    0.10 INCH OR MORE:   6
MIN 32 OR BELOW:   0    0.50 INCH OR MORE:   3
MIN  0 OR BELOW:   0    1.00 INCH OR MORE:   1

[HDD (BASE 65) ]
TOTAL THIS MO.     0    CLEAR  (SCALE 0-3)  16
DPTR FM NORMAL     0    PTCLDY (SCALE 4-7)   6
TOTAL FM JUL 1     0    CLOUDY (SCALE 8-10)  0
DPTR FM NORMAL     0

[CDD (BASE 65) ]
TOTAL THIS MO.   320
DPTR FM NORMAL   -18    [PRESSURE DATA]
TOTAL FM JAN 1  1193    HIGHEST SLP M ON M
DPTR FM NORMAL   -99    LOWEST  SLP 29.63 ON 17

[REMARKS]
