000
CXUS53 KICT 200800
CF6SLN
PRELIMINARY LOCAL CLIMATOLOGICAL DATA (WS FORM: F-6)

                                          STATION:   SALINA KS
                                          MONTH:     FEBRUARY
                                          YEAR:      2019
                                          LATITUDE:   38 47 N
                                          LONGITUDE:  97 39 W

  TEMPERATURE IN F:       :PCPN:    SNOW:  WIND      :SUNSHINE: SKY     :PK WND
================================================================================
1   2   3   4   5  6A  6B    7    8   9   10  11  12  13   14  15   16   17  18
                                     12Z  AVG MX 2MIN
DY MAX MIN AVG DEP HDD CDD  WTR  SNW DPTH SPD SPD DIR MIN PSBL S-S WX    SPD DR
================================================================================

 1  54  20  37   5  28   0 0.00    M    M  7.0 15 190   M    M   1 1      21 190
 2  64  42  53  21  12   0 0.00    M    M 12.3 23 190   M    M   6 12     32 190
 3  68  53  61  29   4   0 0.00    M    M 15.8 28 170   M    M   5        39 170
 4  56  21  39   6  26   0 0.00    M    M 15.9 31 350   M    M   3 1      40 340
 5  22  17  20 -13  45   0 0.00    M    M  8.4 15  70   M    M  10 1      21  60
 6  21  15  18 -15  47   0 0.04    M    M 12.1 24 340   M    M  10 13     30 350
 7  20   8  14 -19  51   0    T    M    M 19.0 29 320   M    M   3 1      37 330
 8  27   4  16 -18  49   0 0.00    M    M  6.1 16 160   M    M   0        23 170
 9  41  15  28  -6  37   0 0.00    M    M 15.4 24 170   M    M   2        33 170
10  43  31  37   3  28   0    T    M    M 10.3 22 170   M    M  10        28 160
11  36  30  33  -1  32   0 0.01    M    M 10.9 21 330   M    M  10 1      25 330
12  45  24  35   1  30   0 0.00    M    M  9.1 23 330   M    M   2        29 320
13  53  24  39   4  26   0 0.00    M    M 10.4 20 200   M    M   0        25 210
14  57  23  40   5  25   0 0.00    M    M 15.7 30 350   M    M   0        39 340
15  23  14  19 -16  46   0 0.13    M    M 11.4 21  40   M    M   9 128    27  70
16  23  13  18 -18  47   0    T    M    M  7.7 16 100   M    M  10 18     23  80
17  28  13  21 -15  44   0 0.00    M    M 14.0 22 330   M    M   4 1      28 320
18  24   9  17 -19  48   0    T    M    M  9.2 20 360   M    M   5        26 350
19  30  18  24 -13  41   0    M    M    M 10.0 21  70   M    M   8 12     28  80
================================================================================
SM  735  394       666   0  0.18    M    220.7          M       98
================================================================================
AV 38.7 20.7                              11.6 FASTST   M    M   5    MAX(MPH)
                                 MISC ---->  # 31 350               # 40  340
================================================================================
NOTES:
# LAST OF SEVERAL OCCURRENCES

COLUMN 17 PEAK WIND IN M.P.H.

PRELIMINARY LOCAL CLIMATOLOGICAL DATA (WS FORM: F-6) , PAGE 2

                                          STATION:  SALINA KS
                                          MONTH:    FEBRUARY
                                          YEAR:     2019
                                          LATITUDE:   38 47 N
                                          LONGITUDE:  97 39 W

[TEMPERATURE DATA]      [PRECIPITATION DATA]       SYMBOLS USED IN COLUMN 16

AVERAGE MONTHLY: 29.7   TOTAL FOR MONTH:   0.18    1 = FOG OR MIST
DPTR FM NORMAL:  -4.4   DPTR FM NORMAL:   -0.56    2 = FOG REDUCING VISIBILITY
HIGHEST:    68 ON  3    GRTST 24HR  0.13 ON 15-15      TO 1/4 MILE OR LESS
LOWEST:      4 ON  8                               3 = THUNDER
                        SNOW, ICE PELLETS, HAIL    4 = ICE PELLETS
                        TOTAL MONTH:    M          5 = HAIL
                        GRTST 24HR    M  ON   M    6 = FREEZING RAIN OR DRIZZLE
                        GRTST DEPTH:  M  ON   M    7 = DUSTSTORM OR SANDSTORM:
                                                       VSBY 1/2 MILE OR LESS
                                                   8 = SMOKE OR HAZE
[NO. OF DAYS WITH]      [WEATHER - DAYS WITH]      9 = BLOWING SNOW
                                                   X = TORNADO
MAX 32 OR BELOW:   9    0.01 INCH OR MORE:   3
MAX 90 OR ABOVE:   0    0.10 INCH OR MORE:   1
MIN 32 OR BELOW:  17    0.50 INCH OR MORE:   0
MIN  0 OR BELOW:   0    1.00 INCH OR MORE:   0

[HDD (BASE 65) ]
TOTAL THIS MO.   666    CLEAR  (SCALE 0-3)   7
DPTR FM NORMAL    81    PTCLDY (SCALE 4-7)   6
TOTAL FM JUL 1  3815    CLOUDY (SCALE 8-10)  6
DPTR FM NORMAL   214

[CDD (BASE 65) ]
TOTAL THIS MO.     0
DPTR FM NORMAL     0    [PRESSURE DATA]
TOTAL FM JAN 1     0    HIGHEST SLP M ON M
DPTR FM NORMAL     0    LOWEST  SLP 29.39 ON 14

[REMARKS]
