000
CXUS53 KICT 250800
CF6SLN
PRELIMINARY LOCAL CLIMATOLOGICAL DATA (WS FORM: F-6)

                                          STATION:   SALINA KS
                                          MONTH:     APRIL
                                          YEAR:      2019
                                          LATITUDE:   38 47 N
                                          LONGITUDE:  97 39 W

  TEMPERATURE IN F:       :PCPN:    SNOW:  WIND      :SUNSHINE: SKY     :PK WND
================================================================================
1   2   3   4   5  6A  6B    7    8   9   10  11  12  13   14  15   16   17  18
                                     12Z  AVG MX 2MIN
DY MAX MIN AVG DEP HDD CDD  WTR  SNW DPTH SPD SPD DIR MIN PSBL S-S WX    SPD DR
================================================================================

 1  61  27  44  -6  21   0 0.00    M    M 12.4 23 210   M    M   1        30 190
 2  57  36  47  -4  18   0 0.00    M    M  8.7 18 350   M    M   3 8      23 360
 3  72  45  59   8   6   0    T    M    M 13.8 30 150   M    M   6 8      37 170
 4  69  49  59   8   6   0 0.00    M    M  5.6 15 340   M    M   4 1      23 300
 5  75  43  59   7   6   0 0.00    M    M 12.2 24 150   M    M   1 128    31 150
 6  74  48  61   9   4   0 0.23    M    M 12.2 28 190   M    M   1 1238   34 190
 7  76  46  61   9   4   0 0.00    M    M 10.1 26 350   M    M   3 12     34 330
 8  85  42  64  11   1   0 0.00    M    M  6.1 21 260   M    M   0        28 240
 9  81  49  65  12   0   0 0.00    M    M  9.7 21 140   M    M   0        27 150
10  84  46  65  12   0   0 0.00    M    M 17.4 31 310   M    M   1        40 190
11  46  32  39 -15  26   0 0.00    M    M 21.6 30 270   M    M   9 1      41 270
12  57  27  42 -12  23   0 0.00    M    M 11.2 24 310   M    M   0        32 320
13  56  29  43 -11  22   0 0.00    M    M 10.1 20  20   M    M   0        28  30
14  63  30  47  -8  18   0 0.00    M    M  8.3 16 170   M    M   0        27 170
15  75  47  61   6   4   0 0.00    M    M 13.6 22 170   M    M   0        29 170
16  81  50  66  11   0   1 0.00    M    M 13.0 25 190   M    M   0        36 190
17  80  55  68  12   0   3 0.00    M    M 13.5 28 360   M    M   6        38 340
18  68  44  56   0   9   0 0.10    M    M 15.0 39 340   M    M   2 38     53 310
19  66  37  52  -4  13   0 0.00    M    M  9.2 20 350   M    M   0        26 330
20  84  38  61   4   4   0 0.00    M    M 13.4 24 200   M    M   0        32 200
21  84  60  72  15   0   7 0.20    M    M 21.0 31 200   M    M   0 38     42 190
22  67  52  60   3   5   0 0.00    M    M 13.0 22 340   M    M   6 3      29 340
23  57  49  53  -5  12   0    T    M    M  7.5 16 350   M    M   8        22 350
24  74  41  58   0   7   0 0.00    M    M  2.6 10 100   M    M   3 12     13  90
================================================================================
SM 1692 1022       209  11  0.53    M    281.2          M       54
================================================================================
AV 70.5 42.6                              11.7 FASTST   M    M   2    MAX(MPH)
                                 MISC ---->  # 39 340               # 53  310
================================================================================
NOTES:
# LAST OF SEVERAL OCCURRENCES

COLUMN 17 PEAK WIND IN M.P.H.

PRELIMINARY LOCAL CLIMATOLOGICAL DATA (WS FORM: F-6) , PAGE 2

                                          STATION:  SALINA KS
                                          MONTH:    APRIL
                                          YEAR:     2019
                                          LATITUDE:   38 47 N
                                          LONGITUDE:  97 39 W

[TEMPERATURE DATA]      [PRECIPITATION DATA]       SYMBOLS USED IN COLUMN 16

AVERAGE MONTHLY: 56.5   TOTAL FOR MONTH:   0.53    1 = FOG OR MIST
DPTR FM NORMAL:   2.4   DPTR FM NORMAL:   -1.83    2 = FOG REDUCING VISIBILITY
HIGHEST:    85 ON  8    GRTST 24HR  0.23 ON  6- 6      TO 1/4 MILE OR LESS
LOWEST:     27 ON 12, 1                            3 = THUNDER
                        SNOW, ICE PELLETS, HAIL    4 = ICE PELLETS
                        TOTAL MONTH:    M          5 = HAIL
                        GRTST 24HR    M  ON   M    6 = FREEZING RAIN OR DRIZZLE
                        GRTST DEPTH:  M  ON   M    7 = DUSTSTORM OR SANDSTORM:
                                                       VSBY 1/2 MILE OR LESS
                                                   8 = SMOKE OR HAZE
[NO. OF DAYS WITH]      [WEATHER - DAYS WITH]      9 = BLOWING SNOW
                                                   X = TORNADO
MAX 32 OR BELOW:   0    0.01 INCH OR MORE:   3
MAX 90 OR ABOVE:   0    0.10 INCH OR MORE:   3
MIN 32 OR BELOW:   5    0.50 INCH OR MORE:   0
MIN  0 OR BELOW:   0    1.00 INCH OR MORE:   0

[HDD (BASE 65) ]
TOTAL THIS MO.   209    CLEAR  (SCALE 0-3)  17
DPTR FM NORMAL   -66    PTCLDY (SCALE 4-7)   5
TOTAL FM JUL 1  5149    CLOUDY (SCALE 8-10)  2
DPTR FM NORMAL   424

[CDD (BASE 65) ]
TOTAL THIS MO.    11
DPTR FM NORMAL    -5    [PRESSURE DATA]
TOTAL FM JAN 1    11    HIGHEST SLP M ON M
DPTR FM NORMAL    -7    LOWEST  SLP 29.12 ON 10

[REMARKS]
