000
CXUS56 KLOX 211155
CF6SMO
PRELIMINARY LOCAL CLIMATOLOGICAL DATA (WS FORM: F-6)

                                          STATION:   SANTA MONICA AIRPORT CA
                                          MONTH:     APRIL
                                          YEAR:      2019
                                          LATITUDE:   34  0 N
                                          LONGITUDE: 118 27 W

  TEMPERATURE IN F:       :PCPN:    SNOW:  WIND      :SUNSHINE: SKY     :PK WND
================================================================================
1   2   3   4   5  6A  6B    7    8   9   10  11  12  13   14  15   16   17  18
                                     12Z  AVG MX 2MIN
DY MAX MIN AVG DEP HDD CDD  WTR  SNW DPTH SPD SPD DIR MIN PSBL S-S WX    SPD DR
================================================================================

 1  81  59  70  12   0   5 0.00  0.0    0  5.0 13 240   M    M   0        16 260
 2  68  57  63   5   2   0 0.00  0.0    0  6.3 14 250   M    M   4        21 230
 3  66  57  62   4   3   0 0.00  0.0    0  4.3 14 210   M    M   4        20 210
 4  65  55  60   2   5   0    T  0.0    0  4.1 14 220   M    M   6        19 230
 5  65  53  59   1   6   0 0.00  0.0    0  5.6 17 230   M    M   3        24 250
 6  66  56  61   3   4   0 0.00  0.0    0  4.8 16 240   M    M   4        23 260
 7  72  55  64   6   1   0 0.00  0.0    0  3.5 13 250   M    M   0        16 240
 8  79  58  69  11   0   4 0.00  0.0    0  3.5 12 240   M    M   0        15 220
 9  82  59  71  13   0   6 0.00  0.0    0  8.1 26 300   M    M   0        41 310
10  75  61  68  10   0   3 0.00  0.0    0  9.2 20 260   M    M   0        32 350
11  70  57  64   6   1   0 0.00  0.0    0  5.6 14  10   M    M   0        23 350
12  76  57  67   9   0   2 0.00  0.0    0  9.4 20 240   M    M   1        34 340
13  71  53  62   4   3   0 0.00  0.0    0  4.5 15 240   M    M   0        19 230
14  65  52  59   0   6   0 0.00  0.0    0  5.1 12 240   M    M   3 18     15 210
15  61  51  56  -3   9   0 0.00  0.0    0  4.3 13 220   M    M   6 18     19 220
16  64  55  60   1   5   0 0.00  0.0    0  5.6 14 240   M    M   6        20 220
17  69  51  60   1   5   0 0.00  0.0    0  4.1 16 230   M    M   0        22 220
18  74  54  64   5   1   0 0.00  0.0    0  5.3 14 240   M    M   0 1      18 240
19  63  55  59   0   6   0 0.00  0.0    0  5.6 14 240   M    M   9 18     19 240
20  63  56  60   1   5   0 0.00  0.0    0  5.2 12 260   M    M   9        16 220
================================================================================
SM 1395 1111        62  20    T      0.0 109.1          M       55
================================================================================
AV 69.8 55.6                               5.5 FASTST   M    M   3    MAX(MPH)
                                 MISC ---->  # 26 300               # 41  310
================================================================================
NOTES:
# LAST OF SEVERAL OCCURRENCES

COLUMN 17 PEAK WIND IN M.P.H.

PRELIMINARY LOCAL CLIMATOLOGICAL DATA (WS FORM: F-6) , PAGE 2

                                          STATION:  SANTA MONICA AIRPORT CA
                                          MONTH:    APRIL
                                          YEAR:     2019
                                          LATITUDE:   34  0 N
                                          LONGITUDE: 118 27 W

[TEMPERATURE DATA]      [PRECIPITATION DATA]       SYMBOLS USED IN COLUMN 16

AVERAGE MONTHLY: 62.7   TOTAL FOR MONTH:      T    1 = FOG OR MIST
DPTR FM NORMAL:   4.3   DPTR FM NORMAL:   -0.52    2 = FOG REDUCING VISIBILITY
HIGHEST:    82 ON  9    GRTST 24HR    T  ON  4- 4      TO 1/4 MILE OR LESS
LOWEST:     51 ON 17,15                            3 = THUNDER
                        SNOW, ICE PELLETS, HAIL    4 = ICE PELLETS
                        TOTAL MONTH:   0.0 INCH    5 = HAIL
                        GRTST 24HR     0.0         6 = FREEZING RAIN OR DRIZZLE
                        GRTST DEPTH:   0           7 = DUSTSTORM OR SANDSTORM:
                                                       VSBY 1/2 MILE OR LESS
                                                   8 = SMOKE OR HAZE
[NO. OF DAYS WITH]      [WEATHER - DAYS WITH]      9 = BLOWING SNOW
                                                   X = TORNADO
MAX 32 OR BELOW:   0    0.01 INCH OR MORE:   0
MAX 90 OR ABOVE:   0    0.10 INCH OR MORE:   0
MIN 32 OR BELOW:   0    0.50 INCH OR MORE:   0
MIN  0 OR BELOW:   0    1.00 INCH OR MORE:   0

[HDD (BASE 65) ]
TOTAL THIS MO.    62    CLEAR  (SCALE 0-3)  12
DPTR FM NORMAL   -71    PTCLDY (SCALE 4-7)   6
TOTAL FM JUL 1   816    CLOUDY (SCALE 8-10)  2
DPTR FM NORMAL  -539

[CDD (BASE 65) ]
TOTAL THIS MO.    20
DPTR FM NORMAL    20    [PRESSURE DATA]
TOTAL FM JAN 1    32    HIGHEST SLP M ON M
DPTR FM NORMAL    12    LOWEST  SLP 29.69 ON 12

[REMARKS]
