000
CXUS56 KLOX 221655
CF6SMX
PRELIMINARY LOCAL CLIMATOLOGICAL DATA (WS FORM: F-6)

                                          STATION:   SANTA MARIA AIRPORT CA
                                          MONTH:     APRIL
                                          YEAR:      2019
                                          LATITUDE:   34 54 N
                                          LONGITUDE: 120 27 W

  TEMPERATURE IN F:       :PCPN:    SNOW:  WIND      :SUNSHINE: SKY     :PK WND
================================================================================
1   2   3   4   5  6A  6B    7    8   9   10  11  12  13   14  15   16   17  18
                                     12Z  AVG MX 2MIN
DY MAX MIN AVG DEP HDD CDD  WTR  SNW DPTH SPD SPD DIR MIN PSBL S-S WX    SPD DR
================================================================================

 1  78  49  64   9   1   0 0.00  0.0    0  4.9 14 320   M    M   4 18     17 270
 2  69  51  60   5   5   0    T  0.0    0  5.5 20 290   M    M   7 18     23 290
 3  67  50  59   4   6   0 0.00  0.0    0  3.5 15 300   M    M   8        18 300
 4  65  50  58   3   7   0 0.00  0.0    0  3.5 15 250   M    M   9 1      17 260
 5  67  44  56   1   9   0 0.00  0.0    0  4.2 13 300   M    M   4        16 290
 6  71  47  59   4   6   0 0.00  0.0    0  6.1 23 300   M    M   3 1      29 300
 7  79  50  65  10   0   0 0.00  0.0    0  7.5 28 300   M    M   4 128    33 310
 8  73  55  64   9   1   0 0.00  0.0    0  8.3 22 300   M    M   3 18     34 310
 9  68  48  58   3   7   0 0.00  0.0    0 17.5 36 300   M    M   4 18     45 310
10  69  41  55   0  10   0 0.00  0.0    0 10.5 29 300   M    M   0 18     36 300
11  69  42  56   1   9   0 0.00  0.0    0 12.8 33 300   M    M   3 128    42 300
12  64  43  54  -1  11   0 0.00  0.0    0  9.1 24 310   M    M   0 18     29 310
13  76  42  59   4   6   0 0.00  0.0    0  3.7 16 290   M    M   1 128    20 290
14  70  42  56   1   9   0 0.00  0.0    0  5.7 14 320   M    M   4 128    18 300
15  68  51  60   4   5   0    T  0.0    0  7.0 22 290   M    M   6 18     28 300
16  65  47  56   0   9   0 0.06    M    0  8.9 28 300   M    M   7 18     34 300
17  76  45  61   5   4   0 0.00  0.0    0  6.3 22 300   M    M   1 128    26 300
18  81  47  64   8   1   0 0.00  0.0    0  4.6 14 330   M    M   3 128    19 310
19  67  51  59   3   6   0    T  0.0    0  5.0 16 330   M    M   9 128    22 340
20  65  50  58   2   7   0    T  0.0    0  9.1 23 300   M    M   9 18     29 300
21  65  46  56   0   9   0 0.00  0.0    0 12.2 26 310   M    M   4 18     32 310
================================================================================
SM 1472  991       128   0  0.06     0.0 155.9          M       93
================================================================================
AV 70.1 47.2                               7.4 FASTST   M    M   4    MAX(MPH)
                                 MISC ---->  # 36 300               # 45  310
================================================================================
NOTES:
# LAST OF SEVERAL OCCURRENCES

COLUMN 17 PEAK WIND IN M.P.H.

PRELIMINARY LOCAL CLIMATOLOGICAL DATA (WS FORM: F-6) , PAGE 2

                                          STATION:  SANTA MARIA AIRPORT CA
                                          MONTH:    APRIL
                                          YEAR:     2019
                                          LATITUDE:   34 54 N
                                          LONGITUDE: 120 27 W

[TEMPERATURE DATA]      [PRECIPITATION DATA]       SYMBOLS USED IN COLUMN 16

AVERAGE MONTHLY: 58.6   TOTAL FOR MONTH:   0.06    1 = FOG OR MIST
DPTR FM NORMAL:   3.3   DPTR FM NORMAL:   -0.71    2 = FOG REDUCING VISIBILITY
HIGHEST:    81 ON 18    GRTST 24HR  0.06 ON 16-16      TO 1/4 MILE OR LESS
LOWEST:     41 ON 10                               3 = THUNDER
                        SNOW, ICE PELLETS, HAIL    4 = ICE PELLETS
                        TOTAL MONTH:   0.0 INCH    5 = HAIL
                        GRTST 24HR     0.0         6 = FREEZING RAIN OR DRIZZLE
                        GRTST DEPTH:   0           7 = DUSTSTORM OR SANDSTORM:
                                                       VSBY 1/2 MILE OR LESS
                                                   8 = SMOKE OR HAZE
[NO. OF DAYS WITH]      [WEATHER - DAYS WITH]      9 = BLOWING SNOW
                                                   X = TORNADO
MAX 32 OR BELOW:   0    0.01 INCH OR MORE:   1
MAX 90 OR ABOVE:   0    0.10 INCH OR MORE:   0
MIN 32 OR BELOW:   0    0.50 INCH OR MORE:   0
MIN  0 OR BELOW:   0    1.00 INCH OR MORE:   0

[HDD (BASE 65) ]
TOTAL THIS MO.   128    CLEAR  (SCALE 0-3)   7
DPTR FM NORMAL   -77    PTCLDY (SCALE 4-7)  10
TOTAL FM JUL 1  1659    CLOUDY (SCALE 8-10)  4
DPTR FM NORMAL  -719

[CDD (BASE 65) ]
TOTAL THIS MO.     0
DPTR FM NORMAL     0    [PRESSURE DATA]
TOTAL FM JAN 1     0    HIGHEST SLP M ON M
DPTR FM NORMAL    -2    LOWEST  SLP 29.69 ON 12

[REMARKS]
