000
CXUS54 KMAF 241100
CF6SNK
PRELIMINARY LOCAL CLIMATOLOGICAL DATA (WS FORM: F-6)

                                          STATION:   Snyder Winston Field
                                          MONTH:     APRIL
                                          YEAR:      2019
                                          LATITUDE:   32 41 N
                                          LONGITUDE: 100 57 W

  TEMPERATURE IN F:       :PCPN:    SNOW:  WIND      :SUNSHINE: SKY     :PK WND
================================================================================
1   2   3   4   5  6A  6B    7    8   9   10  11  12  13   14  15   16   17  18
                                     12Z  AVG MX 2MIN
DY MAX MIN AVG DEP HDD CDD  WTR  SNW DPTH SPD SPD DIR MIN PSBL S-S WX    SPD DR
================================================================================

 1  61  39  50   M  15   0 0.00  0.0    0  6.9 13 140   M    M   4        17 230
 2  73  41  57   M   8   0 0.00  0.0    0 12.9 20 180   M    M   0        24 180
 3  77  51  64   M   1   0 0.00  0.0    0 17.0 22 160   M    M   2        30 160
 4  78  51  65   M   0   0 0.00  0.0    0  7.1 13 320   M    M   2 1      18 360
 5  81  53  67   M   0   2 0.01  0.0    0 10.8 16 140   M    M   3 13     23 180
 6  77  55  66   M   0   1 0.38  0.0    0  9.4 21 300   M    M   3 3      28 300
 7  77  51  64   M   1   0 0.00  0.0    0  8.0 15 180   M    M   0         M  M
 8  81  53  67   M   0   2 0.00  0.0    0  4.2  9 120   M    M   0 1       M  M
 9  92  54  73   M   0   8 0.00  0.0    0  9.8 16 200   M    M   0        22 180
10  95  62  79   M   0  14 0.00  0.0    0 17.9 30 200   M    M   3 8      38 210
11  68  45  57   M   8   0 0.00  0.0    0  9.9 17 360   M    M   1 8      20 340
12  70  42  56   M   9   0 0.08    M    0 11.1 20  40   M    M   3 3      28  40
13  49  37  43   M  22   0 1.44    M    0 19.2 28 360   M    M   8 3      44 360
14  67  36  52   M  13   0 0.00  0.0    0  9.5 15 220   M    M   0        23 220
15  82  49  66   M   0   1 0.00  0.0    0 13.2 20 190   M    M   0        25 190
16  71  58  65   M   0   0 0.00  0.0    0 13.7 22 190   M    M   0        29 190
17  81  58  70   M   0   5 0.00  0.0    0 15.2 24 240   M    M   4        33 240
18  71  52  62   M   3   0 0.00  0.0    0 14.0 30 360   M    M   3        33 360
19  70  46  58   M   7   0 0.00  0.0    0  7.0 13 360   M    M   1        20 340
20  84  48  66   M   0   1 0.00  0.0    0 11.0 18 170   M    M   0        27 180
21  90  58  74   M   0   9 0.00  0.0    0 11.2 16 230   M    M   0        22 230
22  74  61  68   M   0   3 0.00  0.0    0  8.2 14 180   M    M   5        16 100
23  70  55  63   M   2   0 0.42  0.0    0 10.3 18  40   M    M   9 3      27  30
================================================================================
SM 1739 1155        89  46  2.33     0.0 257.5          M       51
================================================================================
AV 75.6 50.2                              11.2 FASTST   M    M   2    MAX(MPH)
                                 MISC ---->  # 30 200               # 44  360
================================================================================
NOTES:
# LAST OF SEVERAL OCCURRENCES

COLUMN 17 PEAK WIND IN M.P.H.

PRELIMINARY LOCAL CLIMATOLOGICAL DATA (WS FORM: F-6) , PAGE 2

                                          STATION:  Snyder Winston Field
                                          MONTH:    APRIL
                                          YEAR:     2019
                                          LATITUDE:   32 41 N
                                          LONGITUDE: 100 57 W

[TEMPERATURE DATA]      [PRECIPITATION DATA]       SYMBOLS USED IN COLUMN 16

AVERAGE MONTHLY: 62.9   TOTAL FOR MONTH:   2.33    1 = FOG OR MIST
DPTR FM NORMAL:     M   DPTR FM NORMAL:       M    2 = FOG REDUCING VISIBILITY
HIGHEST:    95 ON 10    GRTST 24HR  1.44 ON 13-13      TO 1/4 MILE OR LESS
LOWEST:     36 ON 14                               3 = THUNDER
                        SNOW, ICE PELLETS, HAIL    4 = ICE PELLETS
                        TOTAL MONTH:   0.0 INCH    5 = HAIL
                        GRTST 24HR     0.0         6 = FREEZING RAIN OR DRIZZLE
                        GRTST DEPTH:   0           7 = DUSTSTORM OR SANDSTORM:
                                                       VSBY 1/2 MILE OR LESS
                                                   8 = SMOKE OR HAZE
[NO. OF DAYS WITH]      [WEATHER - DAYS WITH]      9 = BLOWING SNOW
                                                   X = TORNADO
MAX 32 OR BELOW:   0    0.01 INCH OR MORE:   5
MAX 90 OR ABOVE:   3    0.10 INCH OR MORE:   3
MIN 32 OR BELOW:   0    0.50 INCH OR MORE:   1
MIN  0 OR BELOW:   0    1.00 INCH OR MORE:   1

[HDD (BASE 65) ]
TOTAL THIS MO.    89    CLEAR  (SCALE 0-3)  16
DPTR FM NORMAL     M    PTCLDY (SCALE 4-7)   5
TOTAL FM JUL 1  2946    CLOUDY (SCALE 8-10)  2
DPTR FM NORMAL     M

[CDD (BASE 65) ]
TOTAL THIS MO.    46
DPTR FM NORMAL     M    [PRESSURE DATA]
TOTAL FM JAN 1    57    HIGHEST SLP M ON M
DPTR FM NORMAL     M    LOWEST  SLP M ON M

[REMARKS]
