000
CXAK56 PAFC 161509
CF6SNP

PRELIMINARY LOCAL CLIMATOLOGICAL DATA (WS FORM: F-6)

                                          STATION:   SAINT PAUL ISLAND
                                          MONTH:     FEBRUARY
                                          YEAR:      2019
                                          LATITUDE:   57  9 N
                                          LONGITUDE: 170 13 W

  TEMPERATURE IN F:       :PCPN:    SNOW:  WIND      :SUNSHINE: SKY     :PK WND
================================================================================
1   2   3   4   5  6A  6B    7    8   9   10  11  12  13   14  15   16   17  18
                                     12Z  AVG MX 2MIN
DY MAX MIN AVG DEP HDD CDD  WTR  SNW DPTH SPD SPD DIR MIN PSBL S-S WX    SPD DR
================================================================================

 1  41  36  39  15  26   0 0.14    M    M 24.1 38 180   M    M   9 1      49 180
 2  41  35  38  14  27   0 0.01    M    M 21.6 39 180   M    M   5 18     50 180
 3  38  34  36  12  29   0    T    M    M 13.8 31  90   M    M   3 1      38  80
 4  39  35  37  13  28   0 0.14    M    M 30.0 39 190   M    M  10 1      51 190
 5  38  34  36  12  29   0 0.07    M    M 27.7 38 160   M    M   9 18     47 240
 6  38  34  36  12  29   0 0.02    M    M 19.7 30 190   M    M   7 1      38 200
 7  38  32  35  11  30   0 0.05  0.0    M 17.0 28 190   M    M   5 18     39 180
 8  38  32  35  11  30   0    T  0.0    0 22.5 38 160   M    M   5 18     46 160
 9  38  31  35  11  30   0 0.40  0.4    M 21.2 37 270   M    M   9 1      46 160
10  36  28  32   8  33   0 0.15    T    T 25.6 46 150   M    M   6 18     55 150
11  41  33  37  13  28   0 0.34  0.0    0 36.8 58 220   M    M  10 18     74 220
12  34  23  29   5  36   0 0.19    M    T 14.6 35 250   M    M   7 18     42 250
13  35  19  27   3  38   0 0.03    M    M 17.8 40 150   M    M   5 1      49 140
14  40  33  37  13  28   0 0.14    M    M 18.4 38 160   M    M   8 18     44 140
15  38  31  35  11  30   0 0.19    M    M 28.8 45 210   M    M   8 18     56 140
================================================================================
SM  573  470       451   0  1.87     0.4 339.6          M      106
================================================================================
AV 38.2 31.3                              22.6 FASTST   M    M   7    MAX(MPH)
                                 MISC ---->  # 58 220               # 74  220
================================================================================
NOTES:
# LAST OF SEVERAL OCCURRENCES

COLUMN 17 PEAK WIND IN M.P.H.

PRELIMINARY LOCAL CLIMATOLOGICAL DATA (WS FORM: F-6) , PAGE 2

                                          STATION:  SAINT PAUL ISLAND
                                          MONTH:    FEBRUARY
                                          YEAR:     2019
                                          LATITUDE:   57  9 N
                                          LONGITUDE: 170 13 W

[TEMPERATURE DATA]      [PRECIPITATION DATA]       SYMBOLS USED IN COLUMN 16

AVERAGE MONTHLY: 34.8   TOTAL FOR MONTH:   1.87    1 = FOG OR MIST
DPTR FM NORMAL:  10.8   DPTR FM NORMAL:    1.13    2 = FOG REDUCING VISIBILITY
HIGHEST:    41 ON 11, 2 GRTST 24HR  0.40 ON  9- 9      TO 1/4 MILE OR LESS
LOWEST:     19 ON 13                               3 = THUNDER
                        SNOW, ICE PELLETS, HAIL    4 = ICE PELLETS
                        TOTAL MONTH:   0.4 INCH    5 = HAIL
                        GRTST 24HR   0.4 ON  9- 9  6 = FREEZING RAIN OR DRIZZLE
                        GRTST DEPTH:   0           7 = DUSTSTORM OR SANDSTORM:
                                                       VSBY 1/2 MILE OR LESS
                                                   8 = SMOKE OR HAZE
[NO. OF DAYS WITH]      [WEATHER - DAYS WITH]      9 = BLOWING SNOW
                                                   X = TORNADO
MAX 32 OR BELOW:   0    0.01 INCH OR MORE:  13
MAX 90 OR ABOVE:   0    0.10 INCH OR MORE:   8
MIN 32 OR BELOW:   7    0.50 INCH OR MORE:   0
MIN  0 OR BELOW:   0    1.00 INCH OR MORE:   0

[HDD (BASE 65) ]
TOTAL THIS MO.   451    CLEAR  (SCALE 0-3)   1
DPTR FM NORMAL  -164    PTCLDY (SCALE 4-7)   9
TOTAL FM JUL 1  5688    CLOUDY (SCALE 8-10)  5
DPTR FM NORMAL  -706

[CDD (BASE 65) ]
TOTAL THIS MO.     0
DPTR FM NORMAL     0    [PRESSURE DATA]
TOTAL FM JAN 1     0    HIGHEST SLP M ON M
DPTR FM NORMAL     0    LOWEST  SLP 28.93 ON  4

[REMARKS]
