000
CXAK56 PAFC 231357 RRA
CF6SNP

PRELIMINARY LOCAL CLIMATOLOGICAL DATA (WS FORM: F-6)

                                          STATION:   SAINT PAUL ISLAND
                                          MONTH:     APRIL
                                          YEAR:      2019
                                          LATITUDE:   57  9 N
                                          LONGITUDE: 170 13 W

  TEMPERATURE IN F:       :PCPN:    SNOW:  WIND      :SUNSHINE: SKY     :PK WND
================================================================================
1   2   3   4   5  6A  6B    7    8   9   10  11  12  13   14  15   16   17  18
                                     12Z  AVG MX 2MIN
DY MAX MIN AVG DEP HDD CDD  WTR  SNW DPTH SPD SPD DIR MIN PSBL S-S WX    SPD DR
================================================================================

 1  43  36  40  14  25   0    T    M    M 16.9 26  90   M    M   9 1      33  90
 2  39  37  38  12  27   0 0.02    M    M 28.2 36  90   M    M  10 1      44  80
 3  40  36  38  12  27   0 0.19    M    M 15.7 26  90   M    M  10 1      33 100
 4  38  28  33   7  32   0    T    M    M 18.7 27  60   M    M   9        32  60
 5  36  27  32   5  33   0    T    M    M 17.9 24  40   M    M   9        30  30
 6  33  26  30   3  35   0    T    M    M 13.8 21  20   M    M   9        25  30
 7  37  28  33   6  32   0 0.02    M    M  6.0 13  10   M    M  10        15  10
 8  38  24  31   4  34   0    T    M    M  9.7 15  70   M    M   7        19  70
 9  43  23  33   5  32   0    T    M    M 15.3 24  80   M    M   8 1      29  80
10  43  37  40  12  25   0    T  0.0    M 26.8 32  70   M    M   8 18     43  80
11  41  37  39  11  26   0 0.03  0.0    M 20.7 24  50   M    M  10 1      36  60
12  41  35  38  10  27   0    T    M    M 18.0 24  10   M    M   7 1      30 360
13  41  35  38  10  27   0 0.01    M    M 17.0 23  60   M    M  10 1      28  70
14  40  34  37   8  28   0 0.03    M    M 17.6 25  80   M    M  10 1      32  90
15  38  30  34   5  31   0    T    M    M 21.9 30  40   M    M  10 1      36  40
16  34  28  31   2  34   0 0.00    M    M 17.7 26  10   M    M  10        33  10
17  39  27  33   3  32   0 0.12    M    M 10.1 22  20   M    M  10 18     26  20
18  31  26  29  -1  36   0 0.03    M    M 17.2 26  30   M    M  10 18     32  30
19  36  26  31   1  34   0 0.08    M    M 13.1 23 270   M    M  10 12     27 330
20  31  21  26  -4  39   0 0.03  0.2    1 12.6 25 330   M    M   8 1      30 330
21  29  22  26  -5  39   0 0.06    M    1 14.2 24 310   M    M  10 1      31 320
22  31  20  26  -5  39   0 0.06    M    1 15.4 28 290   M    M   7 1      35 300
================================================================================
SM  822  643       694   0  0.68     0.2 364.5          M      201
================================================================================
AV 37.4 29.2                              16.6 FASTST   M    M   9    MAX(MPH)
                                 MISC ---->  # 36  90               # 44   80
================================================================================
NOTES:
# LAST OF SEVERAL OCCURRENCES

COLUMN 17 PEAK WIND IN M.P.H.

PRELIMINARY LOCAL CLIMATOLOGICAL DATA (WS FORM: F-6) , PAGE 2

                                          STATION:  SAINT PAUL ISLAND
                                          MONTH:    APRIL
                                          YEAR:     2019
                                          LATITUDE:   57  9 N
                                          LONGITUDE: 170 13 W

[TEMPERATURE DATA]      [PRECIPITATION DATA]       SYMBOLS USED IN COLUMN 16

AVERAGE MONTHLY: 33.3   TOTAL FOR MONTH:   0.68    1 = FOG OR MIST
DPTR FM NORMAL:   5.1   DPTR FM NORMAL:   -0.11    2 = FOG REDUCING VISIBILITY
HIGHEST:    43 ON 10, 9 GRTST 24HR  0.19 ON  3- 3      TO 1/4 MILE OR LESS
LOWEST:     20 ON 22                               3 = THUNDER
                        SNOW, ICE PELLETS, HAIL    4 = ICE PELLETS
                        TOTAL MONTH:   0.2 INCH    5 = HAIL
                        GRTST 24HR   0.2 ON 20-20  6 = FREEZING RAIN OR DRIZZLE
                        GRTST DEPTH:   1 ON 22,21  7 = DUSTSTORM OR SANDSTORM:
                                                       VSBY 1/2 MILE OR LESS
                                                   8 = SMOKE OR HAZE
[NO. OF DAYS WITH]      [WEATHER - DAYS WITH]      9 = BLOWING SNOW
                                                   X = TORNADO
MAX 32 OR BELOW:   4    0.01 INCH OR MORE:  12
MAX 90 OR ABOVE:   0    0.10 INCH OR MORE:   2
MIN 32 OR BELOW:  14    0.50 INCH OR MORE:   0
MIN  0 OR BELOW:   0    1.00 INCH OR MORE:   0

[HDD (BASE 65) ]
TOTAL THIS MO.   694    CLEAR  (SCALE 0-3)   0
DPTR FM NORMAL  -113    PTCLDY (SCALE 4-7)   6
TOTAL FM JUL 1  7826    CLOUDY (SCALE 8-10) 16
DPTR FM NORMAL -1143

[CDD (BASE 65) ]
TOTAL THIS MO.     0
DPTR FM NORMAL     0    [PRESSURE DATA]
TOTAL FM JAN 1     0    HIGHEST SLP M ON M
DPTR FM NORMAL     0    LOWEST  SLP 29.28 ON  8

[REMARKS]
