000
CXUS56 KMTR 221000
CF6SNS
PRELIMINARY LOCAL CLIMATOLOGICAL DATA (WS FORM: F-6)

                                          STATION:   SALINAS AIRPORT
                                          MONTH:     FEBRUARY
                                          YEAR:      2019
                                          LATITUDE:   36 40 N
                                          LONGITUDE: 121 36 W

  TEMPERATURE IN F:       :PCPN:    SNOW:  WIND      :SUNSHINE: SKY     :PK WND
================================================================================
1   2   3   4   5  6A  6B    7    8   9   10  11  12  13   14  15   16   17  18
                                     12Z  AVG MX 2MIN
DY MAX MIN AVG DEP HDD CDD  WTR  SNW DPTH SPD SPD DIR MIN PSBL S-S WX    SPD DR
================================================================================

 1  58  50  54   2  11   0 0.08  0.0    0 18.2 39 140   M    M   6        48 130
 2  60  50  55   3  10   0 0.50  0.0    0 16.6 39 140   M    M   9        52 140
 3  58  49  54   2  11   0 0.02    M    0 11.3 21 160   M    M   9        26 160
 4  54  43  49  -3  16   0 1.12    M    0 10.1 24 270   M    M   6        29 280
 5  51  37  44  -8  21   0 0.09    M    0  6.5 23 290   M    M   3        33 290
 6  54  35  45  -7  20   0    T    M    0  5.7 14 290   M    M   4        18 320
 7  57  36  47  -5  18   0    T    M    0  7.7 18 140   M    M   3        21 140
 8  55  40  48  -5  17   0 0.40    M    0 12.9 26 150   M    M   9        31 150
 9  58  42  50  -3  15   0 0.12    M    0  7.3 17 270   M    M   7        21 270
10  52  38  45  -8  20   0 0.71    M    0  7.2 24 290   M    M   5        33 290
11  57  34  46  -7  19   0 0.00  0.0    0  7.5 17 140   M    M   0        22 140
12  56  38  47  -6  18   0    T  0.0    0 16.3 32 140   M    M   2        40 140
13  65  48  57   4   8   0 0.04    M    0 26.6 41 140   M    M   7        52 130
14  63  48  56   3   9   0 0.18  0.0    0 12.4 30 250   M    M   4        38 280
15  56  44  50  -3  15   0 0.54    M    0  8.1 23 260   M    M   8        29 240
16  56  42  49  -4  16   0 0.10    M    0 10.4 23 310   M    M   9 18     30 300
17  54  40  47  -6  18   0 0.20  0.0    0  9.7 23 300   M    M   4 1      30 310
18  56  34  45  -8  20   0 0.00  0.0    0  4.7 14 300   M    M   0        18 280
19  57  33  45  -8  20   0 0.00  0.0    0  6.2 14 300   M    M   0        19 310
20  56  41  49  -4  16   0 0.03    M    0  9.9 26 300   M    M   6        35 300
21  58  39  49  -4  16   0 0.00  0.0    0  5.8 22 350   M    M   2        25 350
================================================================================
SM 1191  861       334   0  4.13     0.0 221.1          M      103
================================================================================
AV 56.7 41.0                              10.5 FASTST   M    M   5    MAX(MPH)
                                 MISC ---->  # 41 140               # 52  140
================================================================================
NOTES:
# LAST OF SEVERAL OCCURRENCES

COLUMN 17 PEAK WIND IN M.P.H.

PRELIMINARY LOCAL CLIMATOLOGICAL DATA (WS FORM: F-6) , PAGE 2

                                          STATION:  SALINAS AIRPORT
                                          MONTH:    FEBRUARY
                                          YEAR:     2019
                                          LATITUDE:   36 40 N
                                          LONGITUDE: 121 36 W

[TEMPERATURE DATA]      [PRECIPITATION DATA]       SYMBOLS USED IN COLUMN 16

AVERAGE MONTHLY: 48.9   TOTAL FOR MONTH:   4.13    1 = FOG OR MIST
DPTR FM NORMAL:  -3.8   DPTR FM NORMAL:    2.25    2 = FOG REDUCING VISIBILITY
HIGHEST:    65 ON 13    GRTST 24HR  1.12 ON  4- 4      TO 1/4 MILE OR LESS
LOWEST:     33 ON 19                               3 = THUNDER
                        SNOW, ICE PELLETS, HAIL    4 = ICE PELLETS
                        TOTAL MONTH:   0.0 INCH    5 = HAIL
                        GRTST 24HR     0.0         6 = FREEZING RAIN OR DRIZZLE
                        GRTST DEPTH:   0           7 = DUSTSTORM OR SANDSTORM:
                                                       VSBY 1/2 MILE OR LESS
                                                   8 = SMOKE OR HAZE
[NO. OF DAYS WITH]      [WEATHER - DAYS WITH]      9 = BLOWING SNOW
                                                   X = TORNADO
MAX 32 OR BELOW:   0    0.01 INCH OR MORE:  14
MAX 90 OR ABOVE:   0    0.10 INCH OR MORE:   9
MIN 32 OR BELOW:   0    0.50 INCH OR MORE:   4
MIN  0 OR BELOW:   0    1.00 INCH OR MORE:   1

[HDD (BASE 65) ]
TOTAL THIS MO.   334    CLEAR  (SCALE 0-3)   5
DPTR FM NORMAL    76    PTCLDY (SCALE 4-7)  11
TOTAL FM JUL 1  1544    CLOUDY (SCALE 8-10)  5
DPTR FM NORMAL  -192

[CDD (BASE 65) ]
TOTAL THIS MO.     0
DPTR FM NORMAL     0    [PRESSURE DATA]
TOTAL FM JAN 1     0    HIGHEST SLP M ON M
DPTR FM NORMAL     0    LOWEST  SLP 29.34 ON 14

[REMARKS]
