000
CXUS55 KPIH 201200
CF6SNT

PRELIMINARY LOCAL CLIMATOLOGICAL DATA (WS FORM: F-6)

                                          STATION:   STANLEY_ID
                                          MONTH:     FEBRUARY
                                          YEAR:      2019
                                          LATITUDE:   44 10 N
                                          LONGITUDE: 114 56 W

  TEMPERATURE IN F:       :PCPN:    SNOW:  WIND      :SUNSHINE: SKY     :PK WND
================================================================================
1   2   3   4   5  6A  6B    7    8   9   10  11  12  13   14  15   16   17  18
                                     12Z  AVG MX 2MIN
DY MAX MIN AVG DEP HDD CDD  WTR  SNW DPTH SPD SPD DIR MIN PSBL S-S WX    SPD DR
================================================================================

 1  43  -2  21   6  44   0 0.00    M    M  3.9 18 160   M    M   0        25 170
 2  41  34  38  22  27   0 0.03    M    M  9.2 16 150   M    M   0        24 180
 3  38  28  33  17  32   0 0.16    M    M  6.9 16 190   M    M   0        21 140
 4  33  18  26  10  39   0 0.29    M    M  8.3 18 150   M    M   0        27 140
 5  26  -3  12  -4  53   0 0.08    M    M  2.3  9  10   M    M   0        12  20
 6  20   2  11  -5  54   0 0.00    M    M  4.3  9 300   M    M   0        16 340
 7  18 -17   1 -15  64   0 0.00    M    M  1.9  7 170   M    M   0         9 120
 8  21 -13   4 -12  61   0 0.00    M    M  2.9 14 150   M    M   0        19 150
 9  25  13  19   2  46   0 0.05    M    M  9.5 18 160   M    M   0        27 170
10  23   1  12  -5  53   0 0.16    M    M  4.7 13 160   M    M   0        19 180
11  23   3  13  -4  52   0 0.04    M    M  8.5 16 120   M    M   0        23 130
12  33   9  21   4  44   0 0.02    M    M  8.1 20 150   M    M   0        31 150
13  30  24  27   9  38   0 0.52    M    M  9.6 20 130   M    M   0        30 140
14  36  24  30  12  35   0 0.39    M    M  5.5 21 150   M    M   0        31 140
15  32  17  25   7  40   0 0.32    M    M  5.3 15 150   M    M   0        25 270
16  28  10  19   1  46   0 0.09    M    M  3.6 10 180   M    M   0        14  40
17  28   1  15  -4  50   0 0.00    M    M  2.0  8 170   M    M   0        10 150
18  21  -9   6 -13  59   0 0.01    M    M  2.3 10 350   M    M   0        15 350
19  15 -16   0 -20  65   0 0.01    M    M  1.1  8 120   M    M   0        12 120
================================================================================
SM  534  124       902   0  2.17    M     99.9          M        0
================================================================================
AV 28.1  6.5                               5.3 FASTST   M    M   0    MAX(MPH)
                                 MISC ---->  # 21 150               # 31  150
================================================================================
NOTES:
# LAST OF SEVERAL OCCURRENCES
PRECIPITATION SUSPECT DURING FREEZING/FROZEN EVENTS

COLUMN 17 PEAK WIND IN M.P.H.

PRELIMINARY LOCAL CLIMATOLOGICAL DATA (WS FORM: F-6) , PAGE 2

                                          STATION:  STANLEY_ID
                                          MONTH:    FEBRUARY
                                          YEAR:     2019
                                          LATITUDE:   44 10 N
                                          LONGITUDE: 114 56 W

[TEMPERATURE DATA]      [PRECIPITATION DATA]       SYMBOLS USED IN COLUMN 16

AVERAGE MONTHLY: 17.3   TOTAL FOR MONTH:   2.17    1 = FOG OR MIST
DPTR FM NORMAL:   0.2   DPTR FM NORMAL:    0.94    2 = FOG REDUCING VISIBILITY
HIGHEST:    43 ON  1    GRTST 24HR  0.52 ON 13-13      TO 1/4 MILE OR LESS
LOWEST:    -17 ON  7                               3 = THUNDER
                        SNOW, ICE PELLETS, HAIL    4 = ICE PELLETS
                        TOTAL MONTH:    M          5 = HAIL
                        GRTST 24HR    M  ON   M    6 = FREEZING RAIN OR DRIZZLE
                        GRTST DEPTH:  M  ON   M    7 = DUSTSTORM OR SANDSTORM:
                                                       VSBY 1/2 MILE OR LESS
                                                   8 = SMOKE OR HAZE
[NO. OF DAYS WITH]      [WEATHER - DAYS WITH]      9 = BLOWING SNOW
                                                   X = TORNADO
MAX 32 OR BELOW:  13    0.01 INCH OR MORE:  14
MAX 90 OR ABOVE:   0    0.10 INCH OR MORE:   6
MIN 32 OR BELOW:  18    0.50 INCH OR MORE:   1
MIN  0 OR BELOW:   6    1.00 INCH OR MORE:   0

[HDD (BASE 65) ]
TOTAL THIS MO.   902    CLEAR  (SCALE 0-3)  19
DPTR FM NORMAL    -8    PTCLDY (SCALE 4-7)   0
TOTAL FM JUL 1  6759    CLOUDY (SCALE 8-10)  0
DPTR FM NORMAL  -380

[CDD (BASE 65) ]
TOTAL THIS MO.     0
DPTR FM NORMAL     0    [PRESSURE DATA]
TOTAL FM JAN 1     0    HIGHEST SLP M ON M
DPTR FM NORMAL     0    LOWEST  SLP 29.33 ON  3

[REMARKS]
