000
CXUS55 KCYS 231000
CF6SNY
PRELIMINARY LOCAL CLIMATOLOGICAL DATA (WS FORM: F-6)

                                          STATION:   SIDNEY NEBRASKA AIRPORT
                                          MONTH:     APRIL
                                          YEAR:      2019
                                          LATITUDE:   41  5 N
                                          LONGITUDE: 102 59 W

  TEMPERATURE IN F:       :PCPN:    SNOW:  WIND      :SUNSHINE: SKY     :PK WND
================================================================================
1   2   3   4   5  6A  6B    7    8   9   10  11  12  13   14  15   16   17  18
                                     12Z  AVG MX 2MIN
DY MAX MIN AVG DEP HDD CDD  WTR  SNW DPTH SPD SPD DIR MIN PSBL S-S WX    SPD DR
================================================================================

 1  60  22  41  -2  24   0    T    M    M 12.4 30 350   M    M   3        37 350
 2  54  32  43   0  22   0    T    M    M  7.5 17 350   M    M  10 1      20 210
 3  57  37  47   4  18   0    T    M    M 11.2 21 160   M    M   6 18     26 160
 4  70  36  53   9  12   0    T    M    M  9.8 24 290   M    M   6 128    30 290
 5  74  35  55  11  10   0    T    M    M  6.5 29  10   M    M   3        37 350
 6  72  41  57  13   8   0    T    M    M  9.2 29 280   M    M   4        37 270
 7  71  39  55  11  10   0 0.00    M    M 16.5 29 290   M    M   0        37 290
 8  73  35  54   9  11   0 0.00    M    M 11.4 29 340   M    M   2        36 340
 9  75  36  56  11   9   0 0.00    M    M 10.5 21 210   M    M   0        25  50
10  50  19  35 -10  30   0 0.01    M    M 23.7 33 350   M    M   9 16     47 360
11  26  18  22 -24  43   0    T    M    M 25.6 38 330   M    M   9 129    46 350
12  35  12  24 -22  41   0    T    M    M 13.3 22 320   M    M   2        29 310
13  41  24  33 -13  32   0    T    M    M  6.3 12 210   M    M   8 18     14 150
14  63  25  44  -3  21   0    T    M    M 13.2 30 300   M    M   3        36 300
15  70  38  54   7  11   0 0.00    M    M  9.6 24 360   M    M   3        29  10
16  65  34  50   2  15   0 0.14    M    M  9.4 22 160   M    M   2 13     30 180
17  62  39  51   3  14   0    T    M    M 19.6 35 330   M    M   2        41 350
18  58  28  43  -5  22   0    T    M    M 19.5 44 340   M    M   4        55 340
19  74  28  51   2  14   0 0.00    M    M 10.3 20 320   M    M   1        29 290
20  83  39  61  12   4   0 0.00    M    M  9.3 21 300   M    M   0        25 310
21  62  43  53   4  12   0 0.21    M    M 19.6 35 360   M    M   5 1      39 360
22  55  31  43  -7  22   0    T    M    M 12.6 24  10   M    M   8 1      31  10
================================================================================
SM 1350  691       405   0  0.36    M    287.0          M       90
================================================================================
AV 61.4 31.4                              13.0 FASTST   M    M   4    MAX(MPH)
                                 MISC ---->  # 44 340               # 55  340
================================================================================
NOTES:
# LAST OF SEVERAL OCCURRENCES

COLUMN 17 PEAK WIND IN M.P.H.

PRELIMINARY LOCAL CLIMATOLOGICAL DATA (WS FORM: F-6) , PAGE 2

                                          STATION:  SIDNEY NEBRASKA AIRPORT
                                          MONTH:    APRIL
                                          YEAR:     2019
                                          LATITUDE:   41  5 N
                                          LONGITUDE: 102 59 W

[TEMPERATURE DATA]      [PRECIPITATION DATA]       SYMBOLS USED IN COLUMN 16

AVERAGE MONTHLY: 46.4   TOTAL FOR MONTH:   0.36    1 = FOG OR MIST
DPTR FM NORMAL:   0.3   DPTR FM NORMAL:   -1.02    2 = FOG REDUCING VISIBILITY
HIGHEST:    83 ON 20    GRTST 24HR  0.21 ON 21-21      TO 1/4 MILE OR LESS
LOWEST:     12 ON 12                               3 = THUNDER
                        SNOW, ICE PELLETS, HAIL    4 = ICE PELLETS
                        TOTAL MONTH:    M          5 = HAIL
                        GRTST 24HR    M  ON   M    6 = FREEZING RAIN OR DRIZZLE
                        GRTST DEPTH:  M  ON   M    7 = DUSTSTORM OR SANDSTORM:
                                                       VSBY 1/2 MILE OR LESS
                                                   8 = SMOKE OR HAZE
[NO. OF DAYS WITH]      [WEATHER - DAYS WITH]      9 = BLOWING SNOW
                                                   X = TORNADO
MAX 32 OR BELOW:   1    0.01 INCH OR MORE:   3
MAX 90 OR ABOVE:   0    0.10 INCH OR MORE:   2
MIN 32 OR BELOW:  10    0.50 INCH OR MORE:   0
MIN  0 OR BELOW:   0    1.00 INCH OR MORE:   0

[HDD (BASE 65) ]
TOTAL THIS MO.   405    CLEAR  (SCALE 0-3)  11
DPTR FM NORMAL   -13    PTCLDY (SCALE 4-7)   8
TOTAL FM JUL 1  6450    CLOUDY (SCALE 8-10)  3
DPTR FM NORMAL   647

[CDD (BASE 65) ]
TOTAL THIS MO.     0
DPTR FM NORMAL     0    [PRESSURE DATA]
TOTAL FM JAN 1     0    HIGHEST SLP M ON M
DPTR FM NORMAL     0    LOWEST  SLP 29.37 ON  9

[REMARKS]
