000
CXUS55 KCYS 231000
CF6SNY
PRELIMINARY LOCAL CLIMATOLOGICAL DATA (WS FORM: F-6)

                                          STATION:   SIDNEY NEBRASKA AIRPORT
                                          MONTH:     FEBRUARY
                                          YEAR:      2019
                                          LATITUDE:   41  5 N
                                          LONGITUDE: 102 59 W

  TEMPERATURE IN F:       :PCPN:    SNOW:  WIND      :SUNSHINE: SKY     :PK WND
================================================================================
1   2   3   4   5  6A  6B    7    8   9   10  11  12  13   14  15   16   17  18
                                     12Z  AVG MX 2MIN
DY MAX MIN AVG DEP HDD CDD  WTR  SNW DPTH SPD SPD DIR MIN PSBL S-S WX    SPD DR
================================================================================

 1  63  16  40  10  25   0 0.00    M    M  9.7 17 210   M    M   0        23 210
 2  67  18  43  13  22   0 0.00    M    M  9.5 22 300   M    M   0        28 310
 3  61  20  41  11  24   0 0.00    M    M  6.0 31 330   M    M   1 1      36 330
 4  30  12  21  -9  44   0    T    M    M 11.7 20 140   M    M   5 1      24 130
 5  31  13  22  -8  43   0    T    M    M 12.4 21 140   M    M   8 126    23 140
 6  18  -3   8 -22  57   0    T    M    M 13.9 22  10   M    M  10 18     25  10
 7   8 -12  -2 -32  67   0 0.00    M    M 15.0 28 340   M    M   2        34 340
 8  28  -9  10 -20  55   0 0.00    M    M  9.9 20 150   M    M   0        26 150
 9  34  -5  15 -16  50   0    T    M    M 10.1 22 350   M    M   1 1      31  80
10  25   3  14 -17  51   0    T    M    M  9.8 23 350   M    M   7 1      28 340
11  37  16  27  -4  38   0 0.00    M    M 14.8 36 330   M    M   5 12     42 330
12  51  10  31   0  34   0 0.00    M    M 13.3 35 310   M    M   0        40 300
13  62  28  45  14  20   0 0.00    M    M 12.3 30 290   M    M   3        36 300
14  49  20  35   3  30   0 0.00    M    M 13.3 30 360   M    M   4        36  10
15  33  11  22 -10  43   0 0.02    M    M 13.6 23 170   M    M   5 18     34 160
16  36  10  23  -9  42   0 0.00    M    M 14.1 31 340   M    M   6 12     38 340
17  21   0  11 -21  54   0    T    M    M 16.2 31 350   M    M   2 1      36 350
18  18  -2   8 -24  57   0    T    M    M  9.2 18 130   M    M   7 18     23 140
19  16   3  10 -23  55   0    T    M    M 12.4 22 160   M    M  10 1      25 160
20  32  -2  15 -18  50   0 0.00    M    M 14.6 30 320   M    M   0        36 320
21  30   0  15 -18  50   0 0.00    M    M 11.4 23 100   M    M   7 18     29  90
22  25  16  21 -13  44   0 0.03    M    M  8.1 15  70   M    M  10 126    19 130
================================================================================
SM  775  163       955   0  0.05    M    261.3          M       93
================================================================================
AV 35.2  7.4                              11.9 FASTST   M    M   4    MAX(MPH)
                                 MISC ---->  # 36 330               # 42  330
================================================================================
NOTES:
# LAST OF SEVERAL OCCURRENCES

COLUMN 17 PEAK WIND IN M.P.H.

PRELIMINARY LOCAL CLIMATOLOGICAL DATA (WS FORM: F-6) , PAGE 2

                                          STATION:  SIDNEY NEBRASKA AIRPORT
                                          MONTH:    FEBRUARY
                                          YEAR:     2019
                                          LATITUDE:   41  5 N
                                          LONGITUDE: 102 59 W

[TEMPERATURE DATA]      [PRECIPITATION DATA]       SYMBOLS USED IN COLUMN 16

AVERAGE MONTHLY: 21.3   TOTAL FOR MONTH:   0.05    1 = FOG OR MIST
DPTR FM NORMAL: -10.0   DPTR FM NORMAL:   -0.18    2 = FOG REDUCING VISIBILITY
HIGHEST:    67 ON  2    GRTST 24HR  0.03 ON 22-22      TO 1/4 MILE OR LESS
LOWEST:    -12 ON  7                               3 = THUNDER
                        SNOW, ICE PELLETS, HAIL    4 = ICE PELLETS
                        TOTAL MONTH:    M          5 = HAIL
                        GRTST 24HR    M  ON   M    6 = FREEZING RAIN OR DRIZZLE
                        GRTST DEPTH:  M  ON   M    7 = DUSTSTORM OR SANDSTORM:
                                                       VSBY 1/2 MILE OR LESS
                                                   8 = SMOKE OR HAZE
[NO. OF DAYS WITH]      [WEATHER - DAYS WITH]      9 = BLOWING SNOW
                                                   X = TORNADO
MAX 32 OR BELOW:  12    0.01 INCH OR MORE:   2
MAX 90 OR ABOVE:   0    0.10 INCH OR MORE:   0
MIN 32 OR BELOW:  22    0.50 INCH OR MORE:   0
MIN  0 OR BELOW:   8    1.00 INCH OR MORE:   0

[HDD (BASE 65) ]
TOTAL THIS MO.   955    CLEAR  (SCALE 0-3)  10
DPTR FM NORMAL   213    PTCLDY (SCALE 4-7)   9
TOTAL FM JUL 1  4772    CLOUDY (SCALE 8-10)  3
DPTR FM NORMAL   373

[CDD (BASE 65) ]
TOTAL THIS MO.     0
DPTR FM NORMAL     0    [PRESSURE DATA]
TOTAL FM JAN 1     0    HIGHEST SLP M ON M
DPTR FM NORMAL     0    LOWEST  SLP 29.32 ON  3

[REMARKS]
