000
CXUS56 KPQR 181200
CF6SPB
PRELIMINARY LOCAL CLIMATOLOGICAL DATA (WS FORM: F-6)

                                          STATION:   SCAPPOOSE OR
                                          MONTH:     APRIL
                                          YEAR:      2019
                                          LATITUDE:   45 46 N
                                          LONGITUDE: 122 50 W

  TEMPERATURE IN F:       :PCPN:    SNOW:  WIND      :SUNSHINE: SKY     :PK WND
================================================================================
1   2   3   4   5  6A  6B    7    8   9   10  11  12  13   14  15   16   17  18
                                     12Z  AVG MX 2MIN
DY MAX MIN AVG DEP HDD CDD  WTR  SNW DPTH SPD SPD DIR MIN PSBL S-S WX    SPD DR
================================================================================

 1  69  46  58  10   7   0 0.00    M    M  4.1 16 100   M    M   6        20 120
 2  62  51  57   9   8   0 0.05    M    M  1.7  6 250   M    M  10 1       8 250
 3  62  43  53   5  12   0 0.01    M    M  5.9 16 220   M    M   5        21 230
 4  60  44  52   4  13   0 0.16    M    M  2.0  8 230   M    M   9 1      11 140
 5  59  42  51   3  14   0 0.57    M    M  3.9 21 220   M    M   8 13     27 220
 6  62  42  52   3  13   0 0.99    M    M  5.6 18 150   M    M   6 1      23 150
 7  56  48  52   3  13   0 0.55    M    M  2.1 13 150   M    M  10 1      17 150
 8  61  49  55   6  10   0 0.37    M    M  3.4 12 170   M    M   9 18     17 150
 9  59  46  53   4  12   0 0.02    M    M  5.6 20 280   M    M  10        32 290
10  57  44  51   2  14   0 0.08    M    M  3.5 10 230   M    M  10        14 250
11  56  44  50   1  15   0 0.17    M    M  3.3 12 180   M    M   9 18     17 180
12  61  42  52   3  13   0 0.13    M    M  3.5 13 310   M    M   7 12     18 320
13  52  40  46  -3  19   0 0.20    M    M  4.0 15 150   M    M   8 18     18 150
14  53  37  45  -5  20   0 0.15    M    M  2.1 13 330   M    M   8 1      14 320
15  55  42  49  -1  16   0 0.10    M    M  1.3  9 280   M    M   8 1      12 280
16  61  46  54   4  11   0 0.03    M    M  2.4 13 240   M    M  10 18     18 220
17  67  50  59   9   6   0 0.01    M    M  2.9 10 150   M    M   6        12 120
================================================================================
SM 1012  756       216   0  3.59    M     57.3          M      139
================================================================================
AV 59.5 44.5                               3.4 FASTST   M    M   8    MAX(MPH)
                                 MISC ---->  # 21 220               # 32  290
================================================================================
NOTES:
# LAST OF SEVERAL OCCURRENCES

COLUMN 17 PEAK WIND IN M.P.H.

PRELIMINARY LOCAL CLIMATOLOGICAL DATA (WS FORM: F-6) , PAGE 2

                                          STATION:  SCAPPOOSE OR
                                          MONTH:    APRIL
                                          YEAR:     2019
                                          LATITUDE:   45 46 N
                                          LONGITUDE: 122 50 W

[TEMPERATURE DATA]      [PRECIPITATION DATA]       SYMBOLS USED IN COLUMN 16

AVERAGE MONTHLY: 52.0   TOTAL FOR MONTH:   3.59    1 = FOG OR MIST
DPTR FM NORMAL:   3.1   DPTR FM NORMAL:    1.68    2 = FOG REDUCING VISIBILITY
HIGHEST:    69 ON  1    GRTST 24HR  0.99 ON  6- 6      TO 1/4 MILE OR LESS
LOWEST:     37 ON 14                               3 = THUNDER
                        SNOW, ICE PELLETS, HAIL    4 = ICE PELLETS
                        TOTAL MONTH:    M          5 = HAIL
                        GRTST 24HR    M  ON   M    6 = FREEZING RAIN OR DRIZZLE
                        GRTST DEPTH:  M  ON   M    7 = DUSTSTORM OR SANDSTORM:
                                                       VSBY 1/2 MILE OR LESS
                                                   8 = SMOKE OR HAZE
[NO. OF DAYS WITH]      [WEATHER - DAYS WITH]      9 = BLOWING SNOW
                                                   X = TORNADO
MAX 32 OR BELOW:   0    0.01 INCH OR MORE:  16
MAX 90 OR ABOVE:   0    0.10 INCH OR MORE:  10
MIN 32 OR BELOW:   0    0.50 INCH OR MORE:   3
MIN  0 OR BELOW:   0    1.00 INCH OR MORE:   0

[HDD (BASE 65) ]
TOTAL THIS MO.   216    CLEAR  (SCALE 0-3)   0
DPTR FM NORMAL   -58    PTCLDY (SCALE 4-7)   9
TOTAL FM JUL 1  3937    CLOUDY (SCALE 8-10)  8
DPTR FM NORMAL  -372

[CDD (BASE 65) ]
TOTAL THIS MO.     0
DPTR FM NORMAL     0    [PRESSURE DATA]
TOTAL FM JAN 1     0    HIGHEST SLP  0.00 ON  7
DPTR FM NORMAL     0    LOWEST  SLP 29.66 ON  5

[REMARKS]
