169
CXUS56 KPQR 231200
CF6SPB
PRELIMINARY LOCAL CLIMATOLOGICAL DATA (WS FORM: F-6)

                                          STATION:   SCAPPOOSE OR
                                          MONTH:     APRIL
                                          YEAR:      2018
                                          LATITUDE:   45 46 N
                                          LONGITUDE: 122 50 W

  TEMPERATURE IN F:       :PCPN:    SNOW:  WIND      :SUNSHINE: SKY     :PK WND
================================================================================
1   2   3   4   5  6A  6B    7    8   9   10  11  12  13   14  15   16   17  18
                                     12Z  AVG MX 2MIN
DY MAX MIN AVG DEP HDD CDD  WTR  SNW DPTH SPD SPD DIR MIN PSBL S-S WX    SPD DR
================================================================================

 1  47  36  42  -6  23   0 0.06    M    0  4.4 13 320   M    M   8 1      18 310
 2  52  31  42  -6  23   0 0.01    M    0  4.7 16 140   M    M   5 1      19 140
 3  52  28  40  -8  25   0 0.01    M    0  1.4  8  70   M    M   4        10  80
 4  54  43  49   1  16   0 0.01    M    0  1.9  7  10   M    M  10 1       9 150
 5  53  45  49   1  16   0 0.24    M    0  1.4  8 150   M    M   9 1      10 160
 6  67  52  60  11   5   0 0.10    M    M  4.0 10 140   M    M   8 1      14 140
 7  60  47  54   5  11   0 0.90    M    M 10.7 23 210   M    M   8 1      33 160
 8  54  42  48  -1  17   0 0.18    M    M  6.3 17 210   M    M   9        23 200
 9  66  39  53   4  12   0 0.00    M    M  2.9  8 260   M    M   2        10 260
10  61  45  53   4  12   0 0.17    M    M  5.5 15 240   M    M   7 1      21 230
11  56  41  49   0  16   0 0.15    M    0  5.5 21 170   M    M  10 1      30 180
12  54  39  47  -2  18   0 0.13    M    0  6.6 18 220   M    M   8 1      23 180
13  54  45  50   1  15   0 0.07    M    0  8.2 14 180   M    M  10 1      23 190
14  57  48  53   3  12   0 0.07    M    M  7.4 15 200   M    M  10 1      21 200
15  50  42  46  -4  19   0 0.48    M    M  3.7 16 150   M    M  10 1      25 150
16  51  41  46  -4  19   0 0.04    M    0  6.2 18 230   M    M   9        24 230
17  56  37  47  -3  18   0    T    M    0  4.6 17 230   M    M   5        22 230
18  62  39  51   1  14   0 0.00  0.0    0  4.6 14 360   M    M   2        19 360
19  67  35  51   1  14   0 0.00  0.0    0  4.3 13 320   M    M   0        17 320
20  64  37  51   1  14   0    T    M    0  3.8 13 240   M    M   5        17 220
21  60  43  52   1  13   0    T    M    0  5.8 16 350   M    M   4        22 330
22  64  41  53   2  12   0 0.00  0.0    0  7.5 16  10   M    M   0        22  10
================================================================================
SM 1261  896       344   0  2.62     0.0 111.4          M      143
================================================================================
AV 57.3 40.7                               5.1 FASTST   M    M   7    MAX(MPH)
                                 MISC ---->  # 23 210               # 33  160
================================================================================
NOTES:
# LAST OF SEVERAL OCCURRENCES

COLUMN 17 PEAK WIND IN M.P.H.

PRELIMINARY LOCAL CLIMATOLOGICAL DATA (WS FORM: F-6) , PAGE 2

                                          STATION:  SCAPPOOSE OR
                                          MONTH:    APRIL
                                          YEAR:     2018
                                          LATITUDE:   45 46 N
                                          LONGITUDE: 122 50 W

[TEMPERATURE DATA]      [PRECIPITATION DATA]       SYMBOLS USED IN COLUMN 16

AVERAGE MONTHLY: 49.0   TOTAL FOR MONTH:   2.62    1 = FOG OR MIST
DPTR FM NORMAL:  -0.2   DPTR FM NORMAL:    0.22    2 = FOG REDUCING VISIBILITY
HIGHEST:    67 ON 19, 6 GRTST 24HR  0.90 ON  7- 7      TO 1/4 MILE OR LESS
LOWEST:     28 ON  3                               3 = THUNDER
                        SNOW, ICE PELLETS, HAIL    4 = ICE PELLETS
                        TOTAL MONTH:   0.0 INCH    5 = HAIL
                        GRTST 24HR     0.0         6 = FREEZING RAIN OR DRIZZLE
                        GRTST DEPTH:   0           7 = DUSTSTORM OR SANDSTORM:
                                                       VSBY 1/2 MILE OR LESS
                                                   8 = SMOKE OR HAZE
[NO. OF DAYS WITH]      [WEATHER - DAYS WITH]      9 = BLOWING SNOW
                                                   X = TORNADO
MAX 32 OR BELOW:   0    0.01 INCH OR MORE:  15
MAX 90 OR ABOVE:   0    0.10 INCH OR MORE:   8
MIN 32 OR BELOW:   2    0.50 INCH OR MORE:   1
MIN  0 OR BELOW:   0    1.00 INCH OR MORE:   0

[HDD (BASE 65) ]
TOTAL THIS MO.   344    CLEAR  (SCALE 0-3)   4
DPTR FM NORMAL    -3    PTCLDY (SCALE 4-7)   8
TOTAL FM JUL 1  4288    CLOUDY (SCALE 8-10) 10
DPTR FM NORMAL   -94

[CDD (BASE 65) ]
TOTAL THIS MO.     0
DPTR FM NORMAL     0    [PRESSURE DATA]
TOTAL FM JAN 1     0    HIGHEST SLP M ON M
DPTR FM NORMAL     0    LOWEST  SLP 29.40 ON  7

[REMARKS]
