000
CXUS53 KILX 182300
CF6SPI
PRELIMINARY LOCAL CLIMATOLOGICAL DATA (WS FORM: F-6)

                                          STATION:   SPRINGFIELD IL
                                          MONTH:     APRIL
                                          YEAR:      2019
                                          LATITUDE:   39 50 N
                                          LONGITUDE:  89 41 W

  TEMPERATURE IN F:       :PCPN:    SNOW:  WIND      :SUNSHINE: SKY     :PK WND
================================================================================
1   2   3   4   5  6A  6B    7    8   9   10  11  12  13   14  15   16   17  18
                                     12Z  AVG MX 2MIN
DY MAX MIN AVG DEP HDD CDD  WTR  SNW DPTH SPD SPD DIR MIN PSBL S-S WX    SPD DR
================================================================================

 1  50  27  39  -9  26   0 0.00  0.0    0 10.4 20 190   M    M   2        26 190
 2  61  35  48  -1  17   0 0.00  0.0    0  9.6 22 270   M    M   2        30 250
 3  59  28  44  -5  21   0 0.00  0.0    0  6.6 16  80   M    M   5        21  80
 4  54  47  51   2  14   0 0.52  0.0    0 12.2 22 100   M    M   8 1      31 100
 5  57  45  51   1  14   0 0.03    M    0  3.7  9 310   M    M  10 12     14 290
 6  69  40  55   5  10   0 0.00  0.0    0  7.6 16 160   M    M   3 12     21 160
 7  77  54  66  16   0   1 0.36  0.0    0 10.4 24 250   M    M   5 13     36 250
 8  76  51  64  13   1   0 0.00  0.0    0  5.1 12 340   M    M   1        16 310
 9  73  50  62  11   3   0 0.01  0.0    0  7.7 16  20   M    M   1        25 360
10  69  44  57   5   8   0    T  0.0    0 17.3 28 120   M    M   3        37 120
11  76  49  63  11   2   0 0.17    M    0 17.3 32 170   M    M   3 13     46 170
12  57  39  48  -4  17   0 0.00  0.0    0 15.9 29 260   M    M   0        44 220
13  58  31  45  -8  20   0 0.13  0.0    0  7.6 21  50   M    M   1        28  50
14  42  31  37 -16  28   0 1.26  0.7    T 15.0 49  50   M    M   9 1      64  80
15  59  29  44  -9  21   0 0.00  0.0    T 11.0 24 160   M    M   1 1      31 170
16  78  52  65  11   0   0 0.00  0.0    0 13.2 23 200   M    M   0        30 190
17  79  58  69  15   0   4 0.00  0.0    0 14.8 26 180   M    M   2        38 170
================================================================================
SM 1094  710       202   5  2.48     0.7 185.4          M       56
================================================================================
AV 64.4 41.8                              10.9 FASTST   M    M   3    MAX(MPH)
                                 MISC ---->  # 49  50               # 64   80
================================================================================
NOTES:
# LAST OF SEVERAL OCCURRENCES

COLUMN 17 PEAK WIND IN M.P.H.

PRELIMINARY LOCAL CLIMATOLOGICAL DATA (WS FORM: F-6) , PAGE 2

                                          STATION:  SPRINGFIELD IL
                                          MONTH:    APRIL
                                          YEAR:     2019
                                          LATITUDE:   39 50 N
                                          LONGITUDE:  89 41 W

[TEMPERATURE DATA]      [PRECIPITATION DATA]       SYMBOLS USED IN COLUMN 16

AVERAGE MONTHLY: 53.1   TOTAL FOR MONTH:   2.48    1 = FOG OR MIST
DPTR FM NORMAL:   1.9   DPTR FM NORMAL:    0.62    2 = FOG REDUCING VISIBILITY
HIGHEST:    79 ON 17    GRTST 24HR  1.26 ON 14-14      TO 1/4 MILE OR LESS
LOWEST:     27 ON  1                               3 = THUNDER
                        SNOW, ICE PELLETS, HAIL    4 = ICE PELLETS
                        TOTAL MONTH:   0.7 INCH    5 = HAIL
                        GRTST 24HR   0.7 ON 14-14  6 = FREEZING RAIN OR DRIZZLE
                        GRTST DEPTH:   0           7 = DUSTSTORM OR SANDSTORM:
                                                       VSBY 1/2 MILE OR LESS
                                                   8 = SMOKE OR HAZE
[NO. OF DAYS WITH]      [WEATHER - DAYS WITH]      9 = BLOWING SNOW
                                                   X = TORNADO
MAX 32 OR BELOW:   0    0.01 INCH OR MORE:   7
MAX 90 OR ABOVE:   0    0.10 INCH OR MORE:   5
MIN 32 OR BELOW:   5    0.50 INCH OR MORE:   2
MIN  0 OR BELOW:   0    1.00 INCH OR MORE:   1

[HDD (BASE 65) ]
TOTAL THIS MO.   202    CLEAR  (SCALE 0-3)  12
DPTR FM NORMAL   -42    PTCLDY (SCALE 4-7)   3
TOTAL FM JUL 1  5434    CLOUDY (SCALE 8-10)  2
DPTR FM NORMAL   208

[CDD (BASE 65) ]
TOTAL THIS MO.     5
DPTR FM NORMAL    -1    [PRESSURE DATA]
TOTAL FM JAN 1     5    HIGHEST SLP M ON M
DPTR FM NORMAL    -3    LOWEST  SLP 29.43 ON 11

[REMARKS]
