546
CXUS53 KILX 180900
CF6SPI
PRELIMINARY LOCAL CLIMATOLOGICAL DATA (WS FORM: F-6)

                                          STATION:   SPRINGFIELD IL
                                          MONTH:     AUGUST
                                          YEAR:      2019
                                          LATITUDE:   39 50 N
                                          LONGITUDE:  89 41 W

  TEMPERATURE IN F:       :PCPN:    SNOW:  WIND      :SUNSHINE: SKY     :PK WND
================================================================================
1   2   3   4   5  6A  6B    7    8   9   10  11  12  13   14  15   16   17  18
                                     12Z  AVG MX 2MIN
DY MAX MIN AVG DEP HDD CDD  WTR  SNW DPTH SPD SPD DIR MIN PSBL S-S WX    SPD DR
================================================================================

 1  82  55  69  -6   0   4 0.00  0.0    0  5.6 14  70   M    M   1        17  80
 2  87  60  74  -1   0   9 0.00  0.0    0  6.4 14  60   M    M   2        19  90
 3  87  60  74  -1   0   9 0.00  0.0    0  4.1 12  60   M    M   0        17  50
 4  89  59  74  -1   0   9 0.00  0.0    0  3.5 10 360   M    M   1        15  10
 5  89  63  76   1   0  11 0.00  0.0    0  3.5 12 250   M    M   0        16 280
 6  87  68  78   3   0  13 0.19  0.0    0  6.4 18 310   M    M   5 13     25 320
 7  86  62  74  -1   0   9 0.00  0.0    0  3.3 14 250   M    M   0 1      17 230
 8  89  65  77   2   0  12 0.00  0.0    0  6.5 16 250   M    M   0        23 240
 9  84  61  73  -2   0   8 0.00  0.0    0  4.6 13  30   M    M   2        19 360
10  87  57  72  -3   0   7 0.00  0.0    0  3.7  9 240   M    M   0        13 240
11  84  68  76   1   0  11 0.35  0.0    0  5.8 17 250   M    M   7 13     26 280
12  88  73  81   6   0  16 1.55  0.0    0  6.1 17 330   M    M   7 13     26 330
13  86  69  78   3   0  13    T  0.0    0  6.3 15 320   M    M   5 12     20 330
14  82  65  74  -1   0   9 0.00  0.0    0  6.8 15 280   M    M   2        20 270
15  82  62  72  -3   0   7 0.00  0.0    0  4.6 13 350   M    M   3 1      16 350
16  84  69  77   3   0  12 0.00  0.0    0  6.8 14 260   M    M   3        20 210
17  81  68  75   1   0  10 0.46  0.0    0  6.3 23 290   M    M   3 13     37 290
================================================================================
SM 1454 1084         0 169  2.55     0.0  90.3          M       41
================================================================================
AV 85.5 63.8                               5.3 FASTST   M    M   2    MAX(MPH)
                                 MISC ---->  # 23 290               # 37  290
================================================================================
NOTES:
# LAST OF SEVERAL OCCURRENCES

COLUMN 17 PEAK WIND IN M.P.H.

PRELIMINARY LOCAL CLIMATOLOGICAL DATA (WS FORM: F-6) , PAGE 2

                                          STATION:  SPRINGFIELD IL
                                          MONTH:    AUGUST
                                          YEAR:     2019
                                          LATITUDE:   39 50 N
                                          LONGITUDE:  89 41 W

[TEMPERATURE DATA]      [PRECIPITATION DATA]       SYMBOLS USED IN COLUMN 16

AVERAGE MONTHLY: 74.7   TOTAL FOR MONTH:   2.55    1 = FOG OR MIST
DPTR FM NORMAL:  -0.2   DPTR FM NORMAL:    0.74    2 = FOG REDUCING VISIBILITY
HIGHEST:    89 ON  8, 5 GRTST 24HR  1.55 ON 12-12      TO 1/4 MILE OR LESS
LOWEST:     55 ON  1                               3 = THUNDER
                        SNOW, ICE PELLETS, HAIL    4 = ICE PELLETS
                        TOTAL MONTH:   0.0 INCH    5 = HAIL
                        GRTST 24HR     0.0         6 = FREEZING RAIN OR DRIZZLE
                        GRTST DEPTH:   0           7 = DUSTSTORM OR SANDSTORM:
                                                       VSBY 1/2 MILE OR LESS
                                                   8 = SMOKE OR HAZE
[NO. OF DAYS WITH]      [WEATHER - DAYS WITH]      9 = BLOWING SNOW
                                                   X = TORNADO
MAX 32 OR BELOW:   0    0.01 INCH OR MORE:   4
MAX 90 OR ABOVE:   0    0.10 INCH OR MORE:   4
MIN 32 OR BELOW:   0    0.50 INCH OR MORE:   1
MIN  0 OR BELOW:   0    1.00 INCH OR MORE:   1

[HDD (BASE 65) ]
TOTAL THIS MO.     0    CLEAR  (SCALE 0-3)  12
DPTR FM NORMAL     0    PTCLDY (SCALE 4-7)   5
TOTAL FM JUL 1     0    CLOUDY (SCALE 8-10)  0
DPTR FM NORMAL    -1

[CDD (BASE 65) ]
TOTAL THIS MO.   169
DPTR FM NORMAL    -1    [PRESSURE DATA]
TOTAL FM JAN 1   938    HIGHEST SLP M ON M
DPTR FM NORMAL    89    LOWEST  SLP 29.73 ON 12

[REMARKS]
