000
CXUS54 KOUN 240700
CF6SPS
PRELIMINARY LOCAL CLIMATOLOGICAL DATA (WS FORM: F-6)

                                          STATION:   WICHITA FALLS
                                          MONTH:     APRIL
                                          YEAR:      2019
                                          LATITUDE:   33 58 N
                                          LONGITUDE:  98 29 W

  TEMPERATURE IN F:       :PCPN:    SNOW:  WIND      :SUNSHINE: SKY     :PK WND
================================================================================
1   2   3   4   5  6A  6B    7    8   9   10  11  12  13   14  15   16   17  18
                                     12Z  AVG MX 2MIN
DY MAX MIN AVG DEP HDD CDD  WTR  SNW DPTH SPD SPD DIR MIN PSBL S-S WX    SPD DR
================================================================================

 1  60  36  48 -11  17   0 0.00  0.0    0  5.5 14 250   M    M   3        19 250
 2  74  37  56  -3   9   0 0.00  0.0    0 13.5 23 170   M    M   1        32 170
 3  68  44  56  -3   9   0 0.00  0.0    0 17.0 31 160   M    M   4        37 150
 4  76  54  65   6   0   0 0.01  0.0    0  8.5 18 170   M    M   3 1      24  30
 5  80  50  65   5   0   0 0.00  0.0    0  8.6 17 110   M    M   0 1      21 110
 6  77  57  67   7   0   2 0.21  0.0    0 11.5 37 280   M    M   3 13     55 280
 7  73  59  66   6   0   1 0.00  0.0    0  7.2 16 160   M    M   6 1      19 180
 8  83  57  70  10   0   5 0.00  0.0    0  7.7 17 350   M    M   1        24 350
 9  89  52  71  10   0   6 0.00  0.0    0 12.1 24 170   M    M   0        31 160
10  91  58  75  14   0  10 0.00  0.0    0 17.0 36 270   M    M   3 8      44 290
11  77  44  61   0   4   0 0.00  0.0    0 15.4 32 310   M    M   1        43 320
12  64  37  51 -11  14   0 0.00  0.0    0 11.2 21  30   M    M   1        28 100
13  54  40  47 -15  18   0 2.51  0.0    0 27.5 60  10   M    M  10 13     73  20
14  65  40  53  -9  12   0    T  0.0    0 11.2 18 210   M    M   1 1      23 210
15  82  45  64   2   1   0 0.00  0.0    0 16.1 28 200   M    M   2        34 190
16  74  54  64   1   1   0 0.00  0.0    0 14.9 28 170   M    M   5        34 160
17  85  61  73  10   0   8 0.00  0.0    0 11.5 22 190   M    M   4        27 180
18  73  52  63   0   2   0    T  0.0    0 20.5 40 350   M    M   3        48 350
19  68  49  59  -5   6   0 0.00  0.0    0 14.2 26 350   M    M   0        33 350
20  82  44  63  -1   2   0 0.00  0.0    0 12.1 22 200   M    M   0        27 170
21  85  55  70   6   0   5 0.00  0.0    0 17.3 30 180   M    M   0        37 190
22  77  59  68   4   0   3    T  0.0    0 11.2 22 180   M    M   7        28 170
23  70  58  64  -1   1   0 0.72  0.0    0 11.1 21  30   M    M   9 13     28  50
================================================================================
SM 1727 1142        96  40  3.45     0.0 302.8          M       67
================================================================================
AV 75.1 49.7                              13.2 FASTST   M    M   3    MAX(MPH)
                                 MISC ---->  # 60  10               # 73   20
================================================================================
NOTES:
# LAST OF SEVERAL OCCURRENCES

COLUMN 17 PEAK WIND IN M.P.H.

PRELIMINARY LOCAL CLIMATOLOGICAL DATA (WS FORM: F-6) , PAGE 2

                                          STATION:  WICHITA FALLS
                                          MONTH:    APRIL
                                          YEAR:     2019
                                          LATITUDE:   33 58 N
                                          LONGITUDE:  98 29 W

[TEMPERATURE DATA]      [PRECIPITATION DATA]       SYMBOLS USED IN COLUMN 16

AVERAGE MONTHLY: 62.4   TOTAL FOR MONTH:   3.45    1 = FOG OR MIST
DPTR FM NORMAL:   0.8   DPTR FM NORMAL:    1.64    2 = FOG REDUCING VISIBILITY
HIGHEST:    91 ON 10    GRTST 24HR  2.51 ON 13-13      TO 1/4 MILE OR LESS
LOWEST:     36 ON  1                               3 = THUNDER
                        SNOW, ICE PELLETS, HAIL    4 = ICE PELLETS
                        TOTAL MONTH:   0.0 INCH    5 = HAIL
                        GRTST 24HR     0.0         6 = FREEZING RAIN OR DRIZZLE
                        GRTST DEPTH:   0           7 = DUSTSTORM OR SANDSTORM:
                                                       VSBY 1/2 MILE OR LESS
                                                   8 = SMOKE OR HAZE
[NO. OF DAYS WITH]      [WEATHER - DAYS WITH]      9 = BLOWING SNOW
                                                   X = TORNADO
MAX 32 OR BELOW:   0    0.01 INCH OR MORE:   4
MAX 90 OR ABOVE:   1    0.10 INCH OR MORE:   3
MIN 32 OR BELOW:   0    0.50 INCH OR MORE:   2
MIN  0 OR BELOW:   0    1.00 INCH OR MORE:   1

[HDD (BASE 65) ]
TOTAL THIS MO.    96    CLEAR  (SCALE 0-3)  15
DPTR FM NORMAL   -29    PTCLDY (SCALE 4-7)   6
TOTAL FM JUL 1  3066    CLOUDY (SCALE 8-10)  2
DPTR FM NORMAL   138

[CDD (BASE 65) ]
TOTAL THIS MO.    40
DPTR FM NORMAL    -6    [PRESSURE DATA]
TOTAL FM JAN 1    46    HIGHEST SLP M ON M
DPTR FM NORMAL   -22    LOWEST  SLP 29.23 ON 10

[REMARKS]
