000
CXUS55 KTBW 191000
CF6SRQ
PRELIMINARY LOCAL CLIMATOLOGICAL DATA (WS FORM: F-6)

                                          STATION:   Sarasota Bradenton
                                          MONTH:     APRIL
                                          YEAR:      2019
                                          LATITUDE:   27 23 N
                                          LONGITUDE:  82 33 W

  TEMPERATURE IN F:       :PCPN:    SNOW:  WIND      :SUNSHINE: SKY     :PK WND
================================================================================
1   2   3   4   5  6A  6B    7    8   9   10  11  12  13   14  15   16   17  18
                                     12Z  AVG MX 2MIN
DY MAX MIN AVG DEP HDD CDD  WTR  SNW DPTH SPD SPD DIR MIN PSBL S-S WX    SPD DR
================================================================================

 1  77  64  71   2   0   6    T  0.0    0  4.8 12 290   M    M   3        14 290
 2  78  60  69   0   0   4 0.27  0.0    0  6.7 15 320   M    M   4 13     19 310
 3  82  57  70   1   0   5 0.00  0.0    0  9.2 18 100   M    M   1        24 100
 4  85  63  74   5   0   9 0.06  0.0    0 10.7 22 110   M    M   4        27 100
 5  84  66  75   5   0  10 0.00  0.0    0  7.2 18 210   M    M   3        23 210
 6  86  66  76   6   0  11 0.00  0.0    0  5.7 14 130   M    M   2        19 120
 7  88  68  78   8   0  13 0.00  0.0    0  7.1 14 160   M    M   1 1      17 110
 8  87  69  78   8   0  13    T  0.0    0 10.5 24 190   M    M   2        30 190
 9  82  71  77   7   0  12 0.20  0.0    0 13.9 24 180   M    M   4 1      32 200
10  80  67  74   4   0   9 0.02  0.0    0  8.3 22 280   M    M   3        27 280
11  83  63  73   3   0   8 0.00  0.0    0  5.7 15 240   M    M   2 1      20 230
12  87  64  76   6   0  11 0.00  0.0    0  5.7 14 230   M    M   1        17 230
13  88  70  79   8   0  14 0.00  0.0    0 11.2 22 210   M    M   4        26 150
14  88  71  80   9   0  15 0.59  0.0    0 13.6 25 290   M    M   2 18     30 180
15  77  61  69  -2   0   4 0.00  0.0    0 10.5 18 320   M    M   2        25 320
16  86  58  72   1   0   7 0.00  0.0    0  6.8 15  90   M    M   0        20  50
17  86  61  74   3   0   9 0.00  0.0    0  7.2 16 260   M    M   1        21  90
18  88  64  76   4   0  11 0.00  0.0    0 11.8 22 190   M    M   1        26 190
================================================================================
SM 1512 1163         0 171  1.14     0.0 156.6          M       40
================================================================================
AV 84.0 64.6                               8.7 FASTST   M    M   2    MAX(MPH)
                                 MISC ---->  # 25 290               # 32  200
================================================================================
NOTES:
# LAST OF SEVERAL OCCURRENCES

COLUMN 17 PEAK WIND IN M.P.H.

PRELIMINARY LOCAL CLIMATOLOGICAL DATA (WS FORM: F-6) , PAGE 2

                                          STATION:  Sarasota Bradenton
                                          MONTH:    APRIL
                                          YEAR:     2019
                                          LATITUDE:   27 23 N
                                          LONGITUDE:  82 33 W

[TEMPERATURE DATA]      [PRECIPITATION DATA]       SYMBOLS USED IN COLUMN 16

AVERAGE MONTHLY: 74.3   TOTAL FOR MONTH:   1.14    1 = FOG OR MIST
DPTR FM NORMAL:   4.1   DPTR FM NORMAL:   -0.40    2 = FOG REDUCING VISIBILITY
HIGHEST:    88 ON 18,14 GRTST 24HR  0.59 ON 14-14      TO 1/4 MILE OR LESS
LOWEST:     57 ON  3                               3 = THUNDER
                        SNOW, ICE PELLETS, HAIL    4 = ICE PELLETS
                        TOTAL MONTH:   0.0 INCH    5 = HAIL
                        GRTST 24HR     0.0         6 = FREEZING RAIN OR DRIZZLE
                        GRTST DEPTH:   0           7 = DUSTSTORM OR SANDSTORM:
                                                       VSBY 1/2 MILE OR LESS
                                                   8 = SMOKE OR HAZE
[NO. OF DAYS WITH]      [WEATHER - DAYS WITH]      9 = BLOWING SNOW
                                                   X = TORNADO
MAX 32 OR BELOW:   0    0.01 INCH OR MORE:   5
MAX 90 OR ABOVE:   0    0.10 INCH OR MORE:   3
MIN 32 OR BELOW:   0    0.50 INCH OR MORE:   1
MIN  0 OR BELOW:   0    1.00 INCH OR MORE:   0

[HDD (BASE 65) ]
TOTAL THIS MO.     0    CLEAR  (SCALE 0-3)  14
DPTR FM NORMAL    -8    PTCLDY (SCALE 4-7)   4
TOTAL FM JUL 1   275    CLOUDY (SCALE 8-10)  0
DPTR FM NORMAL  -200

[CDD (BASE 65) ]
TOTAL THIS MO.   171
DPTR FM NORMAL    69    [PRESSURE DATA]
TOTAL FM JAN 1   553    HIGHEST SLP M ON M
DPTR FM NORMAL   247    LOWEST  SLP 29.73 ON 10

[REMARKS]
