000
CXUS55 KTBW 221000
CF6SRQ
PRELIMINARY LOCAL CLIMATOLOGICAL DATA (WS FORM: F-6)

                                          STATION:   Sarasota Bradenton
                                          MONTH:     FEBRUARY
                                          YEAR:      2019
                                          LATITUDE:   27 23 N
                                          LONGITUDE:  82 33 W

  TEMPERATURE IN F:       :PCPN:    SNOW:  WIND      :SUNSHINE: SKY     :PK WND
================================================================================
1   2   3   4   5  6A  6B    7    8   9   10  11  12  13   14  15   16   17  18
                                     12Z  AVG MX 2MIN
DY MAX MIN AVG DEP HDD CDD  WTR  SNW DPTH SPD SPD DIR MIN PSBL S-S WX    SPD DR
================================================================================

 1  80  57  69   7   0   4 0.00  0.0    0  8.3 16 120   M    M   4        20 110
 2  80  63  72  10   0   7 0.00  0.0    0  5.9 15 210   M    M   4        19 210
 3  71  62  67   5   0   2 0.00  0.0    0  3.7  8 240   M    M   9 12     15 220
 4  73  60  67   5   0   2 0.00  0.0    0  5.4 14 270   M    M   6 1      19 270
 5  76  57  67   5   0   2 0.00  0.0    0  5.1 14 270   M    M   1 1      19 250
 6  80  57  69   6   0   4 0.00  0.0    0  5.5 12 220   M    M   0 1      16 230
 7  81  60  71   8   0   6 0.00  0.0    0  5.8 14 220   M    M   0 1      17 150
 8  82  58  70   7   0   5 0.00  0.0    0  4.9 14 270   M    M   1 1      17 270
 9  81  62  72   9   0   7 0.01  0.0    0 10.3 24  60   M    M   4        34  70
10  85  66  76  13   0  11 0.00  0.0    0  9.2 20 140   M    M   6        25  90
11  86  64  75  12   0  10 0.00  0.0    0  6.6 17 140   M    M   3        21 140
12  82  69  76  13   0  11 0.10  0.0    0 12.6 24 260   M    M   4 13     32 260
13  69  53  61  -2   4   0 0.11  0.0    0 10.8 24 310   M    M   4 1      31  10
14  78  46  62  -1   3   0 0.00  0.0    0  7.5 18 110   M    M   0        22 110
15  77  53  65   2   0   0 0.00  0.0    0  5.1 12 280   M    M   0 1      14 240
16  78  56  67   3   0   2 0.00  0.0    0  7.9 20 200   M    M   1 1      29 150
17  83  62  73   9   0   8 0.00  0.0    0 10.4 23 180   M    M   1 1      29 200
18  83  68  76  12   0  11 0.00  0.0    0  8.0 16 200   M    M   3 1      25 180
19  87  66  77  13   0  12 0.00  0.0    0  6.8 13 120   M    M   3 12     22 270
20  86  70  78  14   0  13 0.00  0.0    0 13.0 25 190   M    M   5        31 190
21  84  66  75  11   0  10 0.00  0.0    0  7.8 20 190   M    M   1 3      26 180
================================================================================
SM 1682 1275         7 127  0.22     0.0 160.6          M       60
================================================================================
AV 80.1 60.7                               7.6 FASTST   M    M   3    MAX(MPH)
                                 MISC ---->  # 25 190               # 34   70
================================================================================
NOTES:
# LAST OF SEVERAL OCCURRENCES

COLUMN 17 PEAK WIND IN M.P.H.

PRELIMINARY LOCAL CLIMATOLOGICAL DATA (WS FORM: F-6) , PAGE 2

                                          STATION:  Sarasota Bradenton
                                          MONTH:    FEBRUARY
                                          YEAR:     2019
                                          LATITUDE:   27 23 N
                                          LONGITUDE:  82 33 W

[TEMPERATURE DATA]      [PRECIPITATION DATA]       SYMBOLS USED IN COLUMN 16

AVERAGE MONTHLY: 70.4   TOTAL FOR MONTH:   0.22    1 = FOG OR MIST
DPTR FM NORMAL:   7.4   DPTR FM NORMAL:   -1.49    2 = FOG REDUCING VISIBILITY
HIGHEST:    87 ON 19    GRTST 24HR  0.11 ON 13-13      TO 1/4 MILE OR LESS
LOWEST:     46 ON 14                               3 = THUNDER
                        SNOW, ICE PELLETS, HAIL    4 = ICE PELLETS
                        TOTAL MONTH:   0.0 INCH    5 = HAIL
                        GRTST 24HR     0.0         6 = FREEZING RAIN OR DRIZZLE
                        GRTST DEPTH:   0           7 = DUSTSTORM OR SANDSTORM:
                                                       VSBY 1/2 MILE OR LESS
                                                   8 = SMOKE OR HAZE
[NO. OF DAYS WITH]      [WEATHER - DAYS WITH]      9 = BLOWING SNOW
                                                   X = TORNADO
MAX 32 OR BELOW:   0    0.01 INCH OR MORE:   3
MAX 90 OR ABOVE:   0    0.10 INCH OR MORE:   2
MIN 32 OR BELOW:   0    0.50 INCH OR MORE:   0
MIN  0 OR BELOW:   0    1.00 INCH OR MORE:   0

[HDD (BASE 65) ]
TOTAL THIS MO.     7    CLEAR  (SCALE 0-3)  10
DPTR FM NORMAL   -70    PTCLDY (SCALE 4-7)  10
TOTAL FM JUL 1   247    CLOUDY (SCALE 8-10)  1
DPTR FM NORMAL  -150

[CDD (BASE 65) ]
TOTAL THIS MO.   127
DPTR FM NORMAL    89    [PRESSURE DATA]
TOTAL FM JAN 1   175    HIGHEST SLP M ON M
DPTR FM NORMAL    85    LOWEST  SLP 29.85 ON 16

[REMARKS]
