000
CXUS54 KEPZ 231200
CF6SRR
PRELIMINARY LOCAL CLIMATOLOGICAL DATA (WS FORM: F-6)

                                          STATION:   RUIDOSO        AWOS
                                          MONTH:     APRIL
                                          YEAR:      2019
                                          LATITUDE:   33 28 N
                                          LONGITUDE: 105 32 W

  TEMPERATURE IN F:       :PCPN:    SNOW:  WIND      :SUNSHINE: SKY     :PK WND
================================================================================
1   2   3   4   5  6A  6B    7    8   9   10  11  12  13   14  15   16   17  18
                                     12Z  AVG MX 2MIN
DY MAX MIN AVG DEP HDD CDD  WTR  SNW DPTH SPD SPD DIR MIN PSBL S-S WX    SPD DR
================================================================================

 1  54  27  41   M  24   0 0.01  0.0    0  7.0 13 340   M    M   2 12     21 340
 2  63  32  48   M  17   0 0.00  0.0    0  9.4 22 240   M    M   0        28 240
 3  61  41  51   M  14   0 0.00  0.0    0 14.1 32 230   M    M   2        48 260
 4  64  43  54   M  11   0 0.00  0.0    0  9.1 14 220   M    M   0        23 310
 5  63  45  54   M  11   0 0.00  0.0    0  9.6 24 230   M    M   3        30 230
 6  61  41  51   M  14   0 0.00  0.0    0  9.5 18 230   M    M   1        27 330
 7  68  45  57   M   8   0 0.00  0.0    0 10.3 16  50   M    M   0        24  50
 8  72  46  59   M   6   0 0.00  0.0    0  9.9 20 290   M    M   0        27 280
 9  77  52  65   M   0   0 0.00  0.0    0 13.7 23 240   M    M   0        37 240
10  64  36  50   M  15   0 0.00  0.0    0 31.2 50 230   M    M   1 8      75 230
11  50  34  42   M  23   0 0.00  0.0    0 15.3 24 250   M    M   4        40 290
12  48  36  42   M  23   0 0.00  0.0    0  7.5 16 220   M    M   7        24 220
13  41  30  36   M  29   0 0.02    M    0  5.4 12 130   M    M   9 1      18 360
14  64  30  47   M  18   0 0.00  0.0    0 12.2 24 220   M    M   0        31 220
15  72  46  59   M   6   0 0.00  0.0    0 10.6 23 220   M    M   0 3      28 220
16  66  48  57   M   8   0 0.00  0.0    0 15.6 30 240   M    M   0        41 240
17  50  39  45   M  20   0 0.01  0.0    0 13.5 23 230   M    M   5        31 230
18  63  41  52   M  13   0 0.00  0.0    0  8.9 17 300   M    M   2        27 280
19  70  37  54   M  11   0 0.00  0.0    0  7.0 17 140   M    M   0        22 320
20  75  50  63   M   2   0 0.00  0.0    0 13.7 31 230   M    M   0        39 230
21  70  52  61   M   4   0 0.00  0.0    0 11.0 24 220   M    M   0        31 270
22  59  41  50   M  15   0 0.92    M    0  9.4 16 130   M    M   4        22 120
================================================================================
SM 1375  892       292   0  0.96     0.0 253.9          M       40
================================================================================
AV 62.5 40.6                              11.5 FASTST   M    M   2    MAX(MPH)
                                 MISC ---->  # 50 230               # 75  230
================================================================================
NOTES:
# LAST OF SEVERAL OCCURRENCES

COLUMN 17 PEAK WIND IN M.P.H.

PRELIMINARY LOCAL CLIMATOLOGICAL DATA (WS FORM: F-6) , PAGE 2

                                          STATION:  RUIDOSO        AWOS
                                          MONTH:    APRIL
                                          YEAR:     2019
                                          LATITUDE:   33 28 N
                                          LONGITUDE: 105 32 W

[TEMPERATURE DATA]      [PRECIPITATION DATA]       SYMBOLS USED IN COLUMN 16

AVERAGE MONTHLY: 51.5   TOTAL FOR MONTH:   0.96    1 = FOG OR MIST
DPTR FM NORMAL:     M   DPTR FM NORMAL:       M    2 = FOG REDUCING VISIBILITY
HIGHEST:    77 ON  9    GRTST 24HR  0.92 ON 22-22      TO 1/4 MILE OR LESS
LOWEST:     27 ON  1                               3 = THUNDER
                        SNOW, ICE PELLETS, HAIL    4 = ICE PELLETS
                        TOTAL MONTH:   0.0 INCH    5 = HAIL
                        GRTST 24HR     0.0         6 = FREEZING RAIN OR DRIZZLE
                        GRTST DEPTH:   0           7 = DUSTSTORM OR SANDSTORM:
                                                       VSBY 1/2 MILE OR LESS
                                                   8 = SMOKE OR HAZE
[NO. OF DAYS WITH]      [WEATHER - DAYS WITH]      9 = BLOWING SNOW
                                                   X = TORNADO
MAX 32 OR BELOW:   0    0.01 INCH OR MORE:   4
MAX 90 OR ABOVE:   0    0.10 INCH OR MORE:   1
MIN 32 OR BELOW:   4    0.50 INCH OR MORE:   1
MIN  0 OR BELOW:   0    1.00 INCH OR MORE:   0

[HDD (BASE 65) ]
TOTAL THIS MO.   292    CLEAR  (SCALE 0-3)  17
DPTR FM NORMAL     M    PTCLDY (SCALE 4-7)   4
TOTAL FM JUL 1  4018    CLOUDY (SCALE 8-10)  1
DPTR FM NORMAL     M

[CDD (BASE 65) ]
TOTAL THIS MO.     0
DPTR FM NORMAL     M    [PRESSURE DATA]
TOTAL FM JAN 1     0    HIGHEST SLP M ON M
DPTR FM NORMAL     M    LOWEST  SLP M ON M

[REMARKS]
