000
CXUS54 KEWX 220910
CF6SSF
PRELIMINARY LOCAL CLIMATOLOGICAL DATA (WS FORM: F-6)

                                          STATION:   SAN ANTONIO STINSON FIELD
                                          MONTH:     AUGUST
                                          YEAR:      2019
                                          LATITUDE:   29 19 N
                                          LONGITUDE:  98 29 W

  TEMPERATURE IN F:       :PCPN:    SNOW:  WIND      :SUNSHINE: SKY     :PK WND
================================================================================
1   2   3   4   5  6A  6B    7    8   9   10  11  12  13   14  15   16   17  18
                                     12Z  AVG MX 2MIN
DY MAX MIN AVG DEP HDD CDD  WTR  SNW DPTH SPD SPD DIR MIN PSBL S-S WX    SPD DR
================================================================================

 1 100  76  88   2   0  23 0.00    M    M  4.5 16 120   M    M   2        22 120
 2 100  75  88   2   0  23 0.00    M    M  3.7 13  80   M    M   0        16 140
 3  99  76  88   2   0  23 0.00    M    M  4.7 14 150   M    M   0        17  90
 4  98  78  88   2   0  23 0.00    M    M  5.3 17 120   M    M   1        22 120
 5 101  77  89   3   0  24 0.00    M    M  5.6 18 130   M    M   1        24 130
 6 102  78  90   4   0  25 0.00    M    M  4.8 18 140   M    M   1        24 140
 7 103  78  91   5   0  26 0.00    M    M  8.6 21 120   M    M   3        24 110
 8 104  79  92   6   0  27 0.00    M    M  8.0 24 110   M    M   4        34 100
 9 104  80  92   6   0  27 0.00    M    M 10.6 21 140   M    M   3        26 140
10 105  79  92   6   0  27 0.00    M    M  9.6 18 140   M    M   3        25 130
11 103  79  91   5   0  26 0.00    M    M  8.7 22 140   M    M   4        26 140
12 105  80  93   7   0  28 0.00    M    M  8.1 22 130   M    M   3        27 130
13 105  78  92   6   0  27 0.00    M    M  8.0 21 140   M    M   1        26 130
14 104  77  91   5   0  26 0.00    M    M  5.2 24  50   M    M   1        32  60
15 104  78  91   5   0  26    T    M    M  4.2 16 360   M    M   1 3      23 360
16 105  78  92   6   0  27 0.00    M    M  5.8 17 150   M    M   0        23 150
17 104  80  92   6   0  27 0.00    M    M  9.8 22 120   M    M   3        28 130
18 104  80  92   6   0  27 0.00    M    M 10.1 23 140   M    M   4        29 120
19 103  80  92   6   0  27 0.00    M    M  8.4 18 140   M    M   3        24 140
20 101  80  91   5   0  26 0.00    M    M  7.1 16 150   M    M   4        23 140
21 100  78  89   3   0  24 0.00    M    M  6.9 18 140   M    M   3        24 120
================================================================================
SM 2154 1644         0 539    T     M    147.7          M       45
================================================================================
AV102.6 78.3                               7.0 FASTST   M    M   2    MAX(MPH)
                                 MISC ---->  # 24 110               # 34  100
================================================================================
NOTES:
# LAST OF SEVERAL OCCURRENCES

COLUMN 17 PEAK WIND IN M.P.H.

PRELIMINARY LOCAL CLIMATOLOGICAL DATA (WS FORM: F-6) , PAGE 2

                                          STATION:  SAN ANTONIO STINSON FIELD
                                          MONTH:    AUGUST
                                          YEAR:     2019
                                          LATITUDE:   29 19 N
                                          LONGITUDE:  98 29 W

[TEMPERATURE DATA]      [PRECIPITATION DATA]       SYMBOLS USED IN COLUMN 16

AVERAGE MONTHLY: 90.4   TOTAL FOR MONTH:      T    1 = FOG OR MIST
DPTR FM NORMAL:   4.4   DPTR FM NORMAL:   -1.34    2 = FOG REDUCING VISIBILITY
HIGHEST:   105 ON 16,13 GRTST 24HR    T  ON 15-15      TO 1/4 MILE OR LESS
LOWEST:     75 ON  2                               3 = THUNDER
                        SNOW, ICE PELLETS, HAIL    4 = ICE PELLETS
                        TOTAL MONTH:    M          5 = HAIL
                        GRTST 24HR    M  ON   M    6 = FREEZING RAIN OR DRIZZLE
                        GRTST DEPTH:  M  ON   M    7 = DUSTSTORM OR SANDSTORM:
                                                       VSBY 1/2 MILE OR LESS
                                                   8 = SMOKE OR HAZE
[NO. OF DAYS WITH]      [WEATHER - DAYS WITH]      9 = BLOWING SNOW
                                                   X = TORNADO
MAX 32 OR BELOW:   0    0.01 INCH OR MORE:   0
MAX 90 OR ABOVE:  21    0.10 INCH OR MORE:   0
MIN 32 OR BELOW:   0    0.50 INCH OR MORE:   0
MIN  0 OR BELOW:   0    1.00 INCH OR MORE:   0

[HDD (BASE 65) ]
TOTAL THIS MO.     0    CLEAR  (SCALE 0-3)  15
DPTR FM NORMAL     0    PTCLDY (SCALE 4-7)   6
TOTAL FM JUL 1     0    CLOUDY (SCALE 8-10)  0
DPTR FM NORMAL     0

[CDD (BASE 65) ]
TOTAL THIS MO.   539
DPTR FM NORMAL    98    [PRESSURE DATA]
TOTAL FM JAN 1  2545    HIGHEST SLP M ON M
DPTR FM NORMAL   305    LOWEST  SLP 29.71 ON 17

[REMARKS]
