700
CXUS52 KJAX 190800
CF6SSI
PRELIMINARY LOCAL CLIMATOLOGICAL DATA (WS FORM: F-6)

                                          STATION:   ST SIMONS ISLAND GA
                                          MONTH:     OCTOBER
                                          YEAR:      2019
                                          LATITUDE:   31  9 N
                                          LONGITUDE:  81 23 W

  TEMPERATURE IN F:       :PCPN:    SNOW:  WIND      :SUNSHINE: SKY     :PK WND
================================================================================
1   2   3   4   5  6A  6B    7    8   9   10  11  12  13   14  15   16   17  18
                                     12Z  AVG MX 2MIN
DY MAX MIN AVG DEP HDD CDD  WTR  SNW DPTH SPD SPD DIR MIN PSBL S-S WX    SPD DR
================================================================================

 1  89  80  85  10   0  20 0.00  0.0    0 10.3 20  60   M    M   4        25  50
 2  87  76  82   8   0  17 0.00  0.0    0  6.9 14  70   M    M   1        18  70
 3  87  73  80   6   0  15 0.00  0.0    0  4.8 12 140   M    M   2 12     15 140
 4  87  73  80   6   0  15 0.00  0.0    0  5.9 12 150   M    M   0        15 140
 5  88  75  82   9   0  17 0.01  0.0    0  9.9 30 100   M    M   4 3      39 100
 6  87  76  82   9   0  17 0.05  0.0    0 14.4 24  70   M    M   6        36  60
 7  81  74  78   5   0  13 0.35  0.0    0  7.5 17 100   M    M   6 13     23 100
 8  85  74  80   8   0  15    T  0.0    0 10.5 17  30   M    M   4        23  10
 9  78  72  75   3   0  10 0.00  0.0    0 10.8 20  30   M    M   8        25  10
10  79  70  75   3   0  10 0.00  0.0    0 12.2 22  20   M    M   5        30  30
11  81  65  73   1   0   8 0.00  0.0    0  9.4 16  80   M    M   2        22  40
12  83  64  74   3   0   9 0.00  0.0    0  5.2 12 130   M    M   1        21 180
13  84  72  78   7   0  13 0.00  0.0    0  7.8 16 150   M    M   0        19 140
14  87  71  79   8   0  14 0.00  0.0    0  5.2 14 100   M    M   3        16 230
15  79  69  74   4   0   9 1.45  0.0    0  6.1 16 130   M    M   8 1      20 140
16  88  70  79   9   0  14 0.27  0.0    0 10.4 20 280   M    M   5 1      28 280
17  75  57  66  -4   0   1 0.00  0.0    0  6.2 13 340   M    M   0        17 320
18  78  57  68  -2   0   3 0.00  0.0    0  5.8 16 120   M    M   2        23 120
================================================================================
SM 1503 1268         0 220  2.13     0.0 149.3          M       61
================================================================================
AV 83.5 70.4                               8.3 FASTST   M    M   3    MAX(MPH)
                                 MISC ---->  # 30 100               # 39  100
================================================================================
NOTES:
# LAST OF SEVERAL OCCURRENCES

COLUMN 17 PEAK WIND IN M.P.H.

PRELIMINARY LOCAL CLIMATOLOGICAL DATA (WS FORM: F-6) , PAGE 2

                                          STATION:  ST SIMONS ISLAND GA
                                          MONTH:    OCTOBER
                                          YEAR:     2019
                                          LATITUDE:   31  9 N
                                          LONGITUDE:  81 23 W

[TEMPERATURE DATA]      [PRECIPITATION DATA]       SYMBOLS USED IN COLUMN 16

AVERAGE MONTHLY: 77.0   TOTAL FOR MONTH:   2.13    1 = FOG OR MIST
DPTR FM NORMAL:   4.9   DPTR FM NORMAL:   -0.97    2 = FOG REDUCING VISIBILITY
HIGHEST:    89 ON  1    GRTST 24HR  1.45 ON 15-15      TO 1/4 MILE OR LESS
LOWEST:     57 ON 18,17                            3 = THUNDER
                        SNOW, ICE PELLETS, HAIL    4 = ICE PELLETS
                        TOTAL MONTH:   0.0 INCH    5 = HAIL
                        GRTST 24HR     0.0         6 = FREEZING RAIN OR DRIZZLE
                        GRTST DEPTH:   0           7 = DUSTSTORM OR SANDSTORM:
                                                       VSBY 1/2 MILE OR LESS
                                                   8 = SMOKE OR HAZE
[NO. OF DAYS WITH]      [WEATHER - DAYS WITH]      9 = BLOWING SNOW
                                                   X = TORNADO
MAX 32 OR BELOW:   0    0.01 INCH OR MORE:   5
MAX 90 OR ABOVE:   0    0.10 INCH OR MORE:   3
MIN 32 OR BELOW:   0    0.50 INCH OR MORE:   1
MIN  0 OR BELOW:   0    1.00 INCH OR MORE:   1

[HDD (BASE 65) ]
TOTAL THIS MO.     0    CLEAR  (SCALE 0-3)   8
DPTR FM NORMAL    -8    PTCLDY (SCALE 4-7)  10
TOTAL FM JUL 1     0    CLOUDY (SCALE 8-10)  0
DPTR FM NORMAL    -8

[CDD (BASE 65) ]
TOTAL THIS MO.   220
DPTR FM NORMAL    84    [PRESSURE DATA]
TOTAL FM JAN 1  3207    HIGHEST SLP 30.11 ON  6
DPTR FM NORMAL   700    LOWEST  SLP 29.75 ON 16

[REMARKS]
