000
CXUS52 KJAX 200800
CF6SSI
PRELIMINARY LOCAL CLIMATOLOGICAL DATA (WS FORM: F-6)

                                          STATION:   ST SIMONS ISLAND GA
                                          MONTH:     APRIL
                                          YEAR:      2019
                                          LATITUDE:   31  9 N
                                          LONGITUDE:  81 23 W

  TEMPERATURE IN F:       :PCPN:    SNOW:  WIND      :SUNSHINE: SKY     :PK WND
================================================================================
1   2   3   4   5  6A  6B    7    8   9   10  11  12  13   14  15   16   17  18
                                     12Z  AVG MX 2MIN
DY MAX MIN AVG DEP HDD CDD  WTR  SNW DPTH SPD SPD DIR MIN PSBL S-S WX    SPD DR
================================================================================

 1  59  53  56  -7   9   0 0.56  0.0    0 14.5 23  40   M    M  10 18     32  30
 2  65  50  58  -6   7   0 0.11  0.0    0  7.4 18  30   M    M   7 1      33 320
 3  67  45  56  -8   9   0 0.00  0.0    0  5.6 14 100   M    M   0 1      42 340
 4  72  56  64   0   1   0 0.00  0.0    M  9.1 22  50   M    M   2        26  50
 5  81  65  73   9   0   8 0.05  0.0    0  8.8 17 270   M    M   6        29 190
 6  77  65  71   7   0   6 0.21  0.0    0  5.3 14  80   M    M   5 13     19 100
 7  78  64  71   6   0   6 0.00  0.0    0  4.4 13 120   M    M   3 128    16 110
 8  78  69  74   9   0   9 0.33  0.0    0  7.9 21 220   M    M   1 138    32 230
 9  84  68  76  11   0  11 0.22  0.0    0  6.4 18 230   M    M   4 1      26 220
10  76  64  70   5   0   5 0.00  0.0    0  6.2 13  70   M    M   3        16  60
11  80  67  74   9   0   9    T  0.0    0  8.5 15  70   M    M   5 1      29 120
12  82  71  77  11   0  12 0.00  0.0    0  7.5 15 120   M    M   2        27 110
13  81  72  77  11   0  12 0.00  0.0    0  8.9 16 140   M    M   2        22 130
14  79  71  75   9   0  10    T  0.0    0 11.2 22 230   M    M   5        29 230
15  76  58  67   1   0   2 0.00  0.0    0 11.5 23 250   M    M   0        35 240
16  74  52  63  -3   2   0 0.00  0.0    0  8.7 17  80   M    M   0        24 120
17  77  62  70   3   0   5 0.00  0.0    0  6.8 13 120   M    M   0        22 100
18  81  69  75   8   0  10 0.00  0.0    0  8.8 15 130   M    M   2        21 170
19  78  62  70   3   0   5 0.58  0.0    0 15.1 40 230   M    M   3 138    52 240
================================================================================
SM 1445 1183        28 110  2.06     0.0 162.6          M       60
================================================================================
AV 76.1 62.3                               8.6 FASTST   M    M   3    MAX(MPH)
                                 MISC ---->  # 40 230               # 52  240
================================================================================
NOTES:
# LAST OF SEVERAL OCCURRENCES

COLUMN 17 PEAK WIND IN M.P.H.

PRELIMINARY LOCAL CLIMATOLOGICAL DATA (WS FORM: F-6) , PAGE 2

                                          STATION:  ST SIMONS ISLAND GA
                                          MONTH:    APRIL
                                          YEAR:     2019
                                          LATITUDE:   31  9 N
                                          LONGITUDE:  81 23 W

[TEMPERATURE DATA]      [PRECIPITATION DATA]       SYMBOLS USED IN COLUMN 16

AVERAGE MONTHLY: 69.2   TOTAL FOR MONTH:   2.06    1 = FOG OR MIST
DPTR FM NORMAL:   3.9   DPTR FM NORMAL:    0.33    2 = FOG REDUCING VISIBILITY
HIGHEST:    84 ON  9    GRTST 24HR  0.58 ON 19-19      TO 1/4 MILE OR LESS
LOWEST:     45 ON  3                               3 = THUNDER
                        SNOW, ICE PELLETS, HAIL    4 = ICE PELLETS
                        TOTAL MONTH:   0.0 INCH    5 = HAIL
                        GRTST 24HR     0.0         6 = FREEZING RAIN OR DRIZZLE
                        GRTST DEPTH:   0           7 = DUSTSTORM OR SANDSTORM:
                                                       VSBY 1/2 MILE OR LESS
                                                   8 = SMOKE OR HAZE
[NO. OF DAYS WITH]      [WEATHER - DAYS WITH]      9 = BLOWING SNOW
                                                   X = TORNADO
MAX 32 OR BELOW:   0    0.01 INCH OR MORE:   7
MAX 90 OR ABOVE:   0    0.10 INCH OR MORE:   6
MIN 32 OR BELOW:   0    0.50 INCH OR MORE:   2
MIN  0 OR BELOW:   0    1.00 INCH OR MORE:   0

[HDD (BASE 65) ]
TOTAL THIS MO.    28    CLEAR  (SCALE 0-3)  12
DPTR FM NORMAL   -18    PTCLDY (SCALE 4-7)   6
TOTAL FM JUL 1  1007    CLOUDY (SCALE 8-10)  1
DPTR FM NORMAL  -467

[CDD (BASE 65) ]
TOTAL THIS MO.   110
DPTR FM NORMAL    59    [PRESSURE DATA]
TOTAL FM JAN 1   206    HIGHEST SLP M ON M
DPTR FM NORMAL   115    LOWEST  SLP 29.60 ON 19

[REMARKS]
