000
CXUS53 KMPX 171000
CF6STC
PRELIMINARY LOCAL CLIMATOLOGICAL DATA (WS FORM: F-6)

                                          STATION:   ST CLOUD MN
                                          MONTH:     FEBRUARY
                                          YEAR:      2019
                                          LATITUDE:   45 32 N
                                          LONGITUDE:  94  4 W

  TEMPERATURE IN F:       :PCPN:    SNOW:  WIND      :SUNSHINE: SKY     :PK WND
================================================================================
1   2   3   4   5  6A  6B    7    8   9   10  11  12  13   14  15   16   17  18
                                     12Z  AVG MX 2MIN
DY MAX MIN AVG DEP HDD CDD  WTR  SNW DPTH SPD SPD DIR MIN PSBL S-S WX    SPD DR
================================================================================

 1  18  -4   7  -6  58   0    T    T    8 10.2 17 160   M    M   5        26 160
 2  34   9  22   9  43   0 0.00  0.0    8  4.5 10 140   M    M   3 128    14 140
 3  33  27  30  17  35   0    T  0.0    8  5.6 14  40   M    M  10 126    21  40
 4  28  -4  12  -2  53   0 0.01    T    8 14.7 24 290   M    M   6 168    35 280
 5  10  -5   3 -11  62   0 0.24  2.7    8  6.0 10  90   M    M   8 18     16 350
 6  16   9  13  -1  52   0 0.06  0.8   11  5.8 10 350   M    M   9 1      15  10
 7  15  -9   3 -11  62   0 0.26  5.5   12 13.3 24 300   M    M   8 1289   32 290
 8  -4 -23 -13 -28  78   0    T    T   14 11.5 23 300   M    M   0 8      32 300
 9   3 -22  -9 -24  74   0    T    T   14  4.8 16  80   M    M   2        23  80
10  13  -6   4 -11  61   0 0.12  1.4   14  5.5 13  40   M    M   5 18     17  40
11  23  -7   8  -8  57   0    T    T   15  6.5 15 100   M    M   9 18     24 100
12  24  10  17   1  48   0 0.40  5.1   18 11.2 21 320   M    M   8 18     30 330
13  17   4  11  -5  54   0 0.00  0.0   18  7.4 18 300   M    M   4 18     25 300
14  17  -4   7  -9  58   0 0.02  0.6   18 13.5 28 300   M    M   2 18     35 300
15  13  -7   3 -14  62   0 0.00  0.0   18  9.6 17 310   M    M   0        23 300
16  18  -9   5 -12  60   0 0.00  0.0   18  3.9  9  60   M    M   5        13  60
================================================================================
SM  278  -41       917   0  1.11    16.1 134.0          M       84
================================================================================
AV 17.4 -2.6                               8.4 FASTST   M    M   5    MAX(MPH)
                                 MISC ---->  # 28 300               # 35  280
================================================================================
NOTES:
# LAST OF SEVERAL OCCURRENCES

COLUMN 17 PEAK WIND IN M.P.H.

PRELIMINARY LOCAL CLIMATOLOGICAL DATA (WS FORM: F-6) , PAGE 2

                                          STATION:  ST CLOUD MN
                                          MONTH:    FEBRUARY
                                          YEAR:     2019
                                          LATITUDE:   45 32 N
                                          LONGITUDE:  94  4 W

[TEMPERATURE DATA]      [PRECIPITATION DATA]       SYMBOLS USED IN COLUMN 16

AVERAGE MONTHLY:  7.4   TOTAL FOR MONTH:   1.11    1 = FOG OR MIST
DPTR FM NORMAL:  -7.5   DPTR FM NORMAL:    0.83    2 = FOG REDUCING VISIBILITY
HIGHEST:    34 ON  2    GRTST 24HR  0.40 ON 12-12      TO 1/4 MILE OR LESS
LOWEST:    -23 ON  8                               3 = THUNDER
                        SNOW, ICE PELLETS, HAIL    4 = ICE PELLETS
                        TOTAL MONTH:  16.1 INCHES  5 = HAIL
                        GRTST 24HR   5.5 ON  7- 7  6 = FREEZING RAIN OR DRIZZLE
                        GRTST DEPTH:  18 ON 16,15  7 = DUSTSTORM OR SANDSTORM:
                                                       VSBY 1/2 MILE OR LESS
                                                   8 = SMOKE OR HAZE
[NO. OF DAYS WITH]      [WEATHER - DAYS WITH]      9 = BLOWING SNOW
                                                   X = TORNADO
MAX 32 OR BELOW:  14    0.01 INCH OR MORE:   7
MAX 90 OR ABOVE:   0    0.10 INCH OR MORE:   4
MIN 32 OR BELOW:  16    0.50 INCH OR MORE:   0
MIN  0 OR BELOW:  11    1.00 INCH OR MORE:   0

[HDD (BASE 65) ]
TOTAL THIS MO.   917    CLEAR  (SCALE 0-3)   5
DPTR FM NORMAL   116    PTCLDY (SCALE 4-7)   7
TOTAL FM JUL 1  6172    CLOUDY (SCALE 8-10)  4
DPTR FM NORMAL   269

[CDD (BASE 65) ]
TOTAL THIS MO.     0
DPTR FM NORMAL     0    [PRESSURE DATA]
TOTAL FM JAN 1     0    HIGHEST SLP M ON M
DPTR FM NORMAL     0    LOWEST  SLP 29.61 ON M

[REMARKS]
