000
CXUS53 KMPX 211000
CF6STC
PRELIMINARY LOCAL CLIMATOLOGICAL DATA (WS FORM: F-6)

                                          STATION:   ST CLOUD MN
                                          MONTH:     APRIL
                                          YEAR:      2019
                                          LATITUDE:   45 32 N
                                          LONGITUDE:  94  4 W

  TEMPERATURE IN F:       :PCPN:    SNOW:  WIND      :SUNSHINE: SKY     :PK WND
================================================================================
1   2   3   4   5  6A  6B    7    8   9   10  11  12  13   14  15   16   17  18
                                     12Z  AVG MX 2MIN
DY MAX MIN AVG DEP HDD CDD  WTR  SNW DPTH SPD SPD DIR MIN PSBL S-S WX    SPD DR
================================================================================

 1  43  27  35  -2  30   0 0.00  0.0    0  7.1 14 310   M    M   7        18 310
 2  44  26  35  -3  30   0 0.05  0.0    0 13.6 32 290   M    M   3 1      43 290
 3  47  25  36  -2  29   0 0.00  0.0    0  4.6 16 310   M    M   2 8      21 320
 4  41  26  34  -5  31   0 0.00  0.0    0  9.2 20 130   M    M   6 1      25 130
 5  47  34  41   2  24   0 0.00  0.0    0  5.7 14 200   M    M   9 18     16 190
 6  49  42  46   6  19   0 0.51  0.0    0  7.4 13  60   M    M  10 123    20  70
 7  58  35  47   7  18   0 0.13  0.0    0  5.5 24 300   M    M   7 13     35 310
 8  64  33  49   8  16   0 0.00  0.0    0  8.7 29 290   M    M   1 1      39 290
 9  50  28  39  -2  26   0 0.00  0.0    0  9.3 23 320   M    M   1        30 320
10  34  26  30 -12  35   0 0.22  2.5    0 10.4 20  50   M    M   8 1      32  50
11  30  25  28 -14  37   0 0.49  4.6    4 17.6 31  60   M    M  10 12368  50  70
12  34  28  31 -12  34   0 0.14  1.2    5 10.0 21 280   M    M  10 18     30  60
13  40  22  31 -12  34   0    T    T    5  7.6 20 310   M    M   6 1      25 320
14  46  19  33 -11  32   0 0.00  0.0    3  3.5 14  80   M    M   2 1      19  70
15  50  24  37  -7  28   0 0.00  0.0    1  6.5 17 150   M    M   3        23 160
16  68  28  48   3  17   0 0.00  0.0    0  2.1  9 350   M    M   0        12 360
17  51  40  46   1  19   0 0.82  0.0    0 10.0 23  60   M    M   9 1      37  60
18  56  33  45  -1  20   0    T  0.0    0  8.1 16 350   M    M   7        24 350
19  63  30  47   1  18   0 0.00  0.0    0  5.8 15 290   M    M   0        26 300
20  79  41  60  13   5   0 0.00  0.0    0 11.1 23 180   M    M   0        30 170
================================================================================
SM  994  592       502   0  2.36     8.3 163.8          M      101
================================================================================
AV 49.7 29.6                               8.2 FASTST   M    M   5    MAX(MPH)
                                 MISC ---->  # 32 290               # 50   70
================================================================================
NOTES:
# LAST OF SEVERAL OCCURRENCES

COLUMN 17 PEAK WIND IN M.P.H.

PRELIMINARY LOCAL CLIMATOLOGICAL DATA (WS FORM: F-6) , PAGE 2

                                          STATION:  ST CLOUD MN
                                          MONTH:    APRIL
                                          YEAR:     2019
                                          LATITUDE:   45 32 N
                                          LONGITUDE:  94  4 W

[TEMPERATURE DATA]      [PRECIPITATION DATA]       SYMBOLS USED IN COLUMN 16

AVERAGE MONTHLY: 39.7   TOTAL FOR MONTH:   2.36    1 = FOG OR MIST
DPTR FM NORMAL:  -2.3   DPTR FM NORMAL:    0.78    2 = FOG REDUCING VISIBILITY
HIGHEST:    79 ON 20    GRTST 24HR  0.82 ON 17-17      TO 1/4 MILE OR LESS
LOWEST:     19 ON 14                               3 = THUNDER
                        SNOW, ICE PELLETS, HAIL    4 = ICE PELLETS
                        TOTAL MONTH:   8.3 INCHES  5 = HAIL
                        GRTST 24HR   4.6 ON 11-11  6 = FREEZING RAIN OR DRIZZLE
                        GRTST DEPTH:   5 ON 13,12  7 = DUSTSTORM OR SANDSTORM:
                                                       VSBY 1/2 MILE OR LESS
                                                   8 = SMOKE OR HAZE
[NO. OF DAYS WITH]      [WEATHER - DAYS WITH]      9 = BLOWING SNOW
                                                   X = TORNADO
MAX 32 OR BELOW:   1    0.01 INCH OR MORE:   7
MAX 90 OR ABOVE:   0    0.10 INCH OR MORE:   6
MIN 32 OR BELOW:  13    0.50 INCH OR MORE:   2
MIN  0 OR BELOW:   0    1.00 INCH OR MORE:   0

[HDD (BASE 65) ]
TOTAL THIS MO.   502    CLEAR  (SCALE 0-3)   8
DPTR FM NORMAL    42    PTCLDY (SCALE 4-7)   6
TOTAL FM JUL 1  8626    CLOUDY (SCALE 8-10)  6
DPTR FM NORMAL   616

[CDD (BASE 65) ]
TOTAL THIS MO.     0
DPTR FM NORMAL     0    [PRESSURE DATA]
TOTAL FM JAN 1     0    HIGHEST SLP M ON M
DPTR FM NORMAL     0    LOWEST  SLP 29.43 ON 12

[REMARKS]
