000
CXUS55 KEAX 250736
CF6STJ
PRELIMINARY LOCAL CLIMATOLOGICAL DATA (WS FORM: F-6)

                                          STATION:   ST. JOSEPH MO
                                          MONTH:     APRIL
                                          YEAR:      2019
                                          LATITUDE:   39 46 N
                                          LONGITUDE:  94 55 W

  TEMPERATURE IN F:       :PCPN:    SNOW:  WIND      :SUNSHINE: SKY     :PK WND
================================================================================
1   2   3   4   5  6A  6B    7    8   9   10  11  12  13   14  15   16   17  18
                                     12Z  AVG MX 2MIN
DY MAX MIN AVG DEP HDD CDD  WTR  SNW DPTH SPD SPD DIR MIN PSBL S-S WX    SPD DR
================================================================================

 1  57  32  45  -5  20   0 0.00    M    M 11.2 18 200   M    M   0        27 190
 2  56  36  46  -4  19   0 0.02    M    M  6.5 20 350   M    M   5        24 340
 3  66  45  56   6   9   0 0.04    M    M  9.9 21 140   M    M   6        27 110
 4  57  45  51   0  14   0    T    M    M  5.5 14  90   M    M   9        20  90
 5  66  39  53   2  12   0 0.00    M    M  7.5 15 140   M    M   5        20 140
 6  77  48  63  12   2   0 0.47    M    M 11.2 23 180   M    M   1 3      31 170
 7  75  51  63  11   2   0 0.02    M    M  9.0 25 320   M    M   4 3      32 310
 8  81  42  62  10   3   0 0.00    M    M  6.9 18 290   M    M   1        28 240
 9  76  46  61   9   4   0 0.00    M    M  9.3 20 150   M    M   0        28 100
10  83  54  69  17   0   4 0.00    M    M 16.0 30 170   M    M   0        36 180
11  59  35  47  -6  18   0 0.00    M    M 20.2 30 230   M    M   7        43 240
12  54  31  43 -10  22   0 0.00    M    M 17.2 32 260   M    M   2        44 250
13  58  28  43 -10  22   0 0.00    M    M  9.0 24  30   M    M   0        29  30
14  56  35  46  -8  19   0 0.00    M    M  9.3 17 300   M    M   0        24 340
15  78  44  61   7   4   0 0.00    M    M 11.9 24 190   M    M   3        33 180
16  82  54  68  14   0   3 0.00    M    M  9.9 20 180   M    M   0        26 180
17  78  53  66  11   0   1 0.01    M    M 14.7 25 360   M    M   8 3      36 340
18  64  48  56   1   9   0 0.00    M    M 16.7 26 350   M    M   7        34 350
19  66  41  54  -1  11   0 0.00    M    M 11.4 23 340   M    M   1        32 340
20  77  34  56   0   9   0 0.00    M    M  8.5 20 210   M    M   0        27 200
21  87  56  72  16   0   7 0.00    M    M 16.7 36 190   M    M   0        47 180
22  74  54  64   8   1   0    T    M    M 13.6 22 250   M    M   7        30 230
23  57  49  53  -3  12   0    T    M    M  6.7 15 350   M    M  10        20 360
24  70  51  61   4   4   0 0.02    M    M  4.1 14 160   M    M   4        18 150
================================================================================
SM 1654 1051       216  15  0.58    M    262.9          M       80
================================================================================
AV 68.9 43.8                              11.0 FASTST   M    M   3    MAX(MPH)
                                 MISC ---->  # 36 190               # 47  180
================================================================================
NOTES:
# LAST OF SEVERAL OCCURRENCES

COLUMN 17 PEAK WIND IN M.P.H.

PRELIMINARY LOCAL CLIMATOLOGICAL DATA (WS FORM: F-6) , PAGE 2

                                          STATION:  ST. JOSEPH MO
                                          MONTH:    APRIL
                                          YEAR:     2019
                                          LATITUDE:   39 46 N
                                          LONGITUDE:  94 55 W

[TEMPERATURE DATA]      [PRECIPITATION DATA]       SYMBOLS USED IN COLUMN 16

AVERAGE MONTHLY: 56.4   TOTAL FOR MONTH:   0.58    1 = FOG OR MIST
DPTR FM NORMAL:   3.1   DPTR FM NORMAL:   -2.19    2 = FOG REDUCING VISIBILITY
HIGHEST:    87 ON 21    GRTST 24HR  0.47 ON  6- 6      TO 1/4 MILE OR LESS
LOWEST:     28 ON 13                               3 = THUNDER
                        SNOW, ICE PELLETS, HAIL    4 = ICE PELLETS
                        TOTAL MONTH:    M          5 = HAIL
                        GRTST 24HR    M  ON   M    6 = FREEZING RAIN OR DRIZZLE
                        GRTST DEPTH:  M  ON   M    7 = DUSTSTORM OR SANDSTORM:
                                                       VSBY 1/2 MILE OR LESS
                                                   8 = SMOKE OR HAZE
[NO. OF DAYS WITH]      [WEATHER - DAYS WITH]      9 = BLOWING SNOW
                                                   X = TORNADO
MAX 32 OR BELOW:   0    0.01 INCH OR MORE:   6
MAX 90 OR ABOVE:   0    0.10 INCH OR MORE:   1
MIN 32 OR BELOW:   3    0.50 INCH OR MORE:   0
MIN  0 OR BELOW:   0    1.00 INCH OR MORE:   0

[HDD (BASE 65) ]
TOTAL THIS MO.   216    CLEAR  (SCALE 0-3)  13
DPTR FM NORMAL   -81    PTCLDY (SCALE 4-7)   9
TOTAL FM JUL 1  5497    CLOUDY (SCALE 8-10)  2
DPTR FM NORMAL   207

[CDD (BASE 65) ]
TOTAL THIS MO.    15
DPTR FM NORMAL    -2    [PRESSURE DATA]
TOTAL FM JAN 1    15    HIGHEST SLP  0.00 ON M
DPTR FM NORMAL    -4    LOWEST  SLP  0.00 ON M

[REMARKS]
