000
CXUS53 KLSX 231600
CF6STL
PRELIMINARY LOCAL CLIMATOLOGICAL DATA (WS FORM: F-6)

                                          STATION:   ST. LOUIS
                                          MONTH:     APRIL
                                          YEAR:      2019
                                          LATITUDE:   38 45 N
                                          LONGITUDE:  90 23 W

  TEMPERATURE IN F:       :PCPN:    SNOW:  WIND      :SUNSHINE: SKY     :PK WND
================================================================================
1   2   3   4   5  6A  6B    7    8   9   10  11  12  13   14  15   16   17  18
                                     12Z  AVG MX 2MIN
DY MAX MIN AVG DEP HDD CDD  WTR  SNW DPTH SPD SPD DIR MIN PSBL S-S WX    SPD DR
================================================================================

 1  52  30  41 -11  24   0 0.00  0.0    0  8.1 15 150   M    M   6        21 180
 2  67  37  52  -1  13   0 0.00  0.0    0  8.9 24 270   M    M   4        31 260
 3  65  40  53   0  12   0 0.00  0.0    0  7.9 20 110   M    M   8        24 110
 4  56  50  53   0  12   0 0.45  0.0    0  6.7 13 130   M    M  10 1      17 130
 5  58  49  54   0  11   0    T  0.0    0  4.5 10 280   M    M   9 1      13 320
 6  71  42  57   3   8   0 0.00  0.0    0  8.1 21 140   M    M   6 18     25 140
 7  83  56  70  16   0   5 0.10  0.0    0 10.0 25 240   M    M   8 3      34 240
 8  77  53  65  10   0   0 0.00  0.0    0  4.0 13 310   M    M   6 1      17 330
 9  74  54  64   9   1   0 0.00  0.0    0  5.7 13  10   M    M   5        19 330
10  77  53  65  10   0   0 0.00  0.0    0 13.8 26 140   M    M   8        35 140
11  80  53  67  11   0   2 0.11  0.0    0 15.2 29 170   M    M  10 3      39 180
12  63  42  53  -3  12   0 0.00  0.0    0 13.5 30 260   M    M   5        39 250
13  59  44  52  -5  13   0 0.25  0.0    0  9.9 22  30   M    M   8        32  80
14  44  34  39 -18  26   0 0.66    T    0 12.4 39  60   M    M   8 14     54  70
15  66  31  49  -8  16   0 0.00  0.0    0 10.4 23 140   M    M   4        30 130
16  86  55  71  13   0   6 0.00  0.0    0 11.4 21 230   M    M   6        28 190
17  83  65  74  16   0   9 0.35  0.0    0 11.7 24 200   M    M   7 13     37 210
18  66  48  57  -1   8   0 1.58  0.0    0 10.8 22 280   M    M  10 13     30 310
19  58  45  52  -7  13   0    T  0.0    0 16.3 28 360   M    M   8        39 350
20  69  41  55  -4  10   0 0.00  0.0    0  9.1 18 310   M    M   0        26 320
21  81  46  64   5   1   0 0.00  0.0    0  9.8 21 150   M    M   2        28 140
22  87  61  74  14   0   9 0.00  0.0    0 10.3 23 210   M    M   7        30 220
================================================================================
SM 1522 1029       180  31  3.50    T    218.5          M      145
================================================================================
AV 69.2 46.8                               9.9 FASTST   M    M   7    MAX(MPH)
                                 MISC ---->  # 39  60               # 54   70
================================================================================
NOTES:
# LAST OF SEVERAL OCCURRENCES

COLUMN 17 PEAK WIND IN M.P.H.

PRELIMINARY LOCAL CLIMATOLOGICAL DATA (WS FORM: F-6) , PAGE 2

                                          STATION:  ST. LOUIS
                                          MONTH:    APRIL
                                          YEAR:     2019
                                          LATITUDE:   38 45 N
                                          LONGITUDE:  90 23 W

[TEMPERATURE DATA]      [PRECIPITATION DATA]       SYMBOLS USED IN COLUMN 16

AVERAGE MONTHLY: 58.0   TOTAL FOR MONTH:   3.50    1 = FOG OR MIST
DPTR FM NORMAL:   2.0   DPTR FM NORMAL:    0.84    2 = FOG REDUCING VISIBILITY
HIGHEST:    87 ON 22    GRTST 24HR  1.58 ON 18-18      TO 1/4 MILE OR LESS
LOWEST:     30 ON  1                               3 = THUNDER
                        SNOW, ICE PELLETS, HAIL    4 = ICE PELLETS
                        TOTAL MONTH:    T          5 = HAIL
                        GRTST 24HR    T  ON 14-14  6 = FREEZING RAIN OR DRIZZLE
                        GRTST DEPTH:   0           7 = DUSTSTORM OR SANDSTORM:
                                                       VSBY 1/2 MILE OR LESS
                                                   8 = SMOKE OR HAZE
[NO. OF DAYS WITH]      [WEATHER - DAYS WITH]      9 = BLOWING SNOW
                                                   X = TORNADO
MAX 32 OR BELOW:   0    0.01 INCH OR MORE:   7
MAX 90 OR ABOVE:   0    0.10 INCH OR MORE:   7
MIN 32 OR BELOW:   2    0.50 INCH OR MORE:   2
MIN  0 OR BELOW:   0    1.00 INCH OR MORE:   1

[HDD (BASE 65) ]
TOTAL THIS MO.   180    CLEAR  (SCALE 0-3)   2
DPTR FM NORMAL   -44    PTCLDY (SCALE 4-7)  15
TOTAL FM JUL 1  4620    CLOUDY (SCALE 8-10)  5
DPTR FM NORMAL   210

[CDD (BASE 65) ]
TOTAL THIS MO.    31
DPTR FM NORMAL     5    [PRESSURE DATA]
TOTAL FM JAN 1    31    HIGHEST SLP M ON M
DPTR FM NORMAL    -2    LOWEST  SLP 29.41 ON 11

[REMARKS]
