000
CXUS56 KMTR 181000
CF6STS
PRELIMINARY LOCAL CLIMATOLOGICAL DATA (WS FORM: F-6)

                                          STATION:   SANTA ROSA AIRPORT
                                          MONTH:     AUGUST
                                          YEAR:      2019
                                          LATITUDE:   38 30 N
                                          LONGITUDE: 122 49 W

  TEMPERATURE IN F:       :PCPN:    SNOW:  WIND      :SUNSHINE: SKY     :PK WND
================================================================================
1   2   3   4   5  6A  6B    7    8   9   10  11  12  13   14  15   16   17  18
                                     12Z  AVG MX 2MIN
DY MAX MIN AVG DEP HDD CDD  WTR  SNW DPTH SPD SPD DIR MIN PSBL S-S WX    SPD DR
================================================================================

 1  83  53  68   1   0   3 0.00  0.0    0  4.9 14 170   M    M   4 128    18 150
 2  90  51  71   4   0   6 0.00  0.0    0  4.2 15 150   M    M   0        19 180
 3  92  52  72   5   0   7 0.00  0.0    0  4.8 15 150   M    M   1 1      20 150
 4  87  56  72   5   0   7 0.00  0.0    0  5.7 17 150   M    M   4 12     22 140
 5  82  54  68   1   0   3 0.00  0.0    0  4.7 13 190   M    M   5 128    16 170
 6  86  53  70   3   0   5 0.00  0.0    0  5.3 15 140   M    M   1 1      18 140
 7  85  49  67   0   0   2 0.00    M    0  5.3 18 140   M    M   2 128    21 140
 8  84  49  67   0   0   2 0.00  0.0    0  4.4 14 240   M    M   2 1      17 270
 9  81  55  68   1   0   3 0.00  0.0    0  5.3 17 250   M    M   3        22 250
10  79  56  68   1   0   3 0.00  0.0    0  5.3 17 240   M    M   4 1      22 220
11  88  55  72   5   0   7 0.00  0.0    0  4.2 14 230   M    M   3 12     18 200
12  94  54  74   7   0   9 0.00  0.0    0  3.6 14 140   M    M   0        16 150
13  96  53  75   8   0  10 0.00  0.0    0  3.6 12 190   M    M   0        15 190
14 100  56  78  11   0  13 0.00  0.0    0  3.5 14 240   M    M   0        17 250
15 101  57  79  12   0  14 0.00  0.0    0  4.0 14 170   M    M   0        17 170
16  95  57  76   9   0  11 0.00  0.0    0  4.9 16 180   M    M   0        20 170
17  79  52  66  -1   0   1 0.00  0.0    0  6.0 17 180   M    M   0 1      20 180
================================================================================
SM 1502  912         0 106  0.00     0.0  79.7          M       29
================================================================================
AV 88.4 53.7                               4.7 FASTST   M    M   2    MAX(MPH)
                                 MISC ---->  # 18 140               # 22  140
================================================================================
NOTES:
# LAST OF SEVERAL OCCURRENCES

COLUMN 17 PEAK WIND IN M.P.H.

PRELIMINARY LOCAL CLIMATOLOGICAL DATA (WS FORM: F-6) , PAGE 2

                                          STATION:  SANTA ROSA AIRPORT
                                          MONTH:    AUGUST
                                          YEAR:     2019
                                          LATITUDE:   38 30 N
                                          LONGITUDE: 122 49 W

[TEMPERATURE DATA]      [PRECIPITATION DATA]       SYMBOLS USED IN COLUMN 16

AVERAGE MONTHLY: 71.0   TOTAL FOR MONTH:   0.00    1 = FOG OR MIST
DPTR FM NORMAL:   4.0   DPTR FM NORMAL:   -0.01    2 = FOG REDUCING VISIBILITY
HIGHEST:   101 ON 15    GRTST 24HR  0.00 ON 17-17      TO 1/4 MILE OR LESS
LOWEST:     49 ON  8, 7                            3 = THUNDER
                        SNOW, ICE PELLETS, HAIL    4 = ICE PELLETS
                        TOTAL MONTH:   0.0 INCH    5 = HAIL
                        GRTST 24HR     0.0         6 = FREEZING RAIN OR DRIZZLE
                        GRTST DEPTH:   0           7 = DUSTSTORM OR SANDSTORM:
                                                       VSBY 1/2 MILE OR LESS
                                                   8 = SMOKE OR HAZE
[NO. OF DAYS WITH]      [WEATHER - DAYS WITH]      9 = BLOWING SNOW
                                                   X = TORNADO
MAX 32 OR BELOW:   0    0.01 INCH OR MORE:   0
MAX 90 OR ABOVE:   7    0.10 INCH OR MORE:   0
MIN 32 OR BELOW:   0    0.50 INCH OR MORE:   0
MIN  0 OR BELOW:   0    1.00 INCH OR MORE:   0

[HDD (BASE 65) ]
TOTAL THIS MO.     0    CLEAR  (SCALE 0-3)  12
DPTR FM NORMAL   -14    PTCLDY (SCALE 4-7)   5
TOTAL FM JUL 1     2    CLOUDY (SCALE 8-10)  0
DPTR FM NORMAL   -31

[CDD (BASE 65) ]
TOTAL THIS MO.   106
DPTR FM NORMAL    60    [PRESSURE DATA]
TOTAL FM JAN 1   329    HIGHEST SLP M ON M
DPTR FM NORMAL    93    LOWEST  SLP 29.79 ON M

[REMARKS]
