000
CXUS53 KLSX 221600
CF6SUS
PRELIMINARY LOCAL CLIMATOLOGICAL DATA (WS FORM: F-6)

                                          STATION:   SPIRIT OF ST LOUIS MO
                                          MONTH:     FEBRUARY
                                          YEAR:      2019
                                          LATITUDE:   38 39 N
                                          LONGITUDE:  90 38 W

  TEMPERATURE IN F:       :PCPN:    SNOW:  WIND      :SUNSHINE: SKY     :PK WND
================================================================================
1   2   3   4   5  6A  6B    7    8   9   10  11  12  13   14  15   16   17  18
                                     12Z  AVG MX 2MIN
DY MAX MIN AVG DEP HDD CDD  WTR  SNW DPTH SPD SPD DIR MIN PSBL S-S WX    SPD DR
================================================================================

 1  46  21  34   2  31   0 0.00  0.0    0  2.2  9  70   M    M   4 1      13  50
 2  62  26  44  12  21   0 0.00  0.0    0  3.5 12 190   M    M   2 1      19 200
 3  70  34  52  19  13   0 0.00  0.0    0  5.9 14 160   M    M   2 18     24 170
 4  70  32  51  18  14   0 0.00  0.0    0  9.1 22 310   M    M   8 18     28 320
 5  41  29  35   2  30   0 0.06  0.0    0  6.0 12  80   M    M  10 138    15  50
 6  41  35  38   5  27   0 0.81  0.0    0  4.8 14 310   M    M  10 123    18 320
 7  38  17  28  -6  37   0 0.86    M    0 12.3 28 280   M    M  10 13     38 270
 8  24  13  19 -15  46   0 0.00  0.0    0 10.4 22 260   M    M   3        29 280
 9  32  14  23 -11  42   0 0.00  0.0    0  6.3 13  90   M    M   1        18  90
10  36  25  31  -3  34   0 0.14  0.0    0  2.0  8 120   M    M   9 16     12 100
11  39  33  36   2  29   0 0.20  0.0    0  5.0 13  80   M    M   9 1      17 100
12  41  31  36   1  29   0 0.01    M    0 14.1 30 290   M    M   7 18     39 290
13  49  26  38   3  27   0 0.00  0.0    0  7.0 17 280   M    M   1        24 290
14  63  32  48  13  17   0 0.00  0.0    0 11.1 25 240   M    M   3        33 310
15  32  21  27  -9  38   0    M    M    0  8.7 21 310   M    M   7 18     27 320
16  33  12  23 -13  42   0    T    M    M  6.5 15  80   M    M   3 16     19  80
17  34  30  32  -4  33   0 0.01    M    M  7.9 18 280   M    M  10 168    25 290
18  31  26  29  -7  36   0    T    M    M  8.3 20 280   M    M  10 8      27 280
19  36  24  30  -7  35   0 0.25    M    M  8.6 20  80   M    M   6 16     24  90
20  42  33  38   1  27   0 0.08  0.0    M  7.7 21  80   M    M   8 16     26  70
21  45  25  35  -2  30   0 0.00  0.0    0  3.8 10  60   M    M   3 18     15  60
================================================================================
SM  905  539       638   0  2.42     0.0 151.2          M      126
================================================================================
AV 43.1 25.7                               7.2 FASTST   M    M   6    MAX(MPH)
                                 MISC ---->  # 30 290               # 39  290
================================================================================
NOTES:
# LAST OF SEVERAL OCCURRENCES

COLUMN 17 PEAK WIND IN M.P.H.

PRELIMINARY LOCAL CLIMATOLOGICAL DATA (WS FORM: F-6) , PAGE 2

                                          STATION:  SPIRIT OF ST LOUIS MO
                                          MONTH:    FEBRUARY
                                          YEAR:     2019
                                          LATITUDE:   38 39 N
                                          LONGITUDE:  90 38 W

[TEMPERATURE DATA]      [PRECIPITATION DATA]       SYMBOLS USED IN COLUMN 16

AVERAGE MONTHLY: 34.4   TOTAL FOR MONTH:   2.42    1 = FOG OR MIST
DPTR FM NORMAL:  -0.2   DPTR FM NORMAL:    0.95    2 = FOG REDUCING VISIBILITY
HIGHEST:    70 ON  4, 3 GRTST 24HR  0.86 ON  7- 7      TO 1/4 MILE OR LESS
LOWEST:     12 ON 16                               3 = THUNDER
                        SNOW, ICE PELLETS, HAIL    4 = ICE PELLETS
                        TOTAL MONTH:   0.0 INCH    5 = HAIL
                        GRTST 24HR     0.0         6 = FREEZING RAIN OR DRIZZLE
                        GRTST DEPTH:   0           7 = DUSTSTORM OR SANDSTORM:
                                                       VSBY 1/2 MILE OR LESS
                                                   8 = SMOKE OR HAZE
[NO. OF DAYS WITH]      [WEATHER - DAYS WITH]      9 = BLOWING SNOW
                                                   X = TORNADO
MAX 32 OR BELOW:   4    0.01 INCH OR MORE:   9
MAX 90 OR ABOVE:   0    0.10 INCH OR MORE:   5
MIN 32 OR BELOW:  17    0.50 INCH OR MORE:   2
MIN  0 OR BELOW:   0    1.00 INCH OR MORE:   0

[HDD (BASE 65) ]
TOTAL THIS MO.   638    CLEAR  (SCALE 0-3)   7
DPTR FM NORMAL     0    PTCLDY (SCALE 4-7)   6
TOTAL FM JUL 1  3611    CLOUDY (SCALE 8-10)  8
DPTR FM NORMAL    42

[CDD (BASE 65) ]
TOTAL THIS MO.     0
DPTR FM NORMAL     0    [PRESSURE DATA]
TOTAL FM JAN 1     0    HIGHEST SLP M ON M
DPTR FM NORMAL     0    LOWEST  SLP 29.52 ON 14

[REMARKS]
