000
CXUS54 KEPZ 221200
CF6SVC
PRELIMINARY LOCAL CLIMATOLOGICAL DATA (WS FORM: F-6)

                                          STATION:   SILVER CITY
                                          MONTH:     FEBRUARY
                                          YEAR:      2019
                                          LATITUDE:   32 37 N
                                          LONGITUDE: 108 10 W

  TEMPERATURE IN F:       :PCPN:    SNOW:  WIND      :SUNSHINE: SKY     :PK WND
================================================================================
1   2   3   4   5  6A  6B    7    8   9   10  11  12  13   14  15   16   17  18
                                     12Z  AVG MX 2MIN
DY MAX MIN AVG DEP HDD CDD  WTR  SNW DPTH SPD SPD DIR MIN PSBL S-S WX    SPD DR
================================================================================

 1  58  32  45   M  20   0    T  0.0    0  5.9  9 350   M    M   6        17 230
 2  60  30  45   M  20   0 0.00  0.0    0  8.3 15 290   M    M   2        22 270
 3  60  32  46   M  19   0 0.04    M    0 11.6 24 280   M    M   7        27 280
 4  60  35  48   M  17   0 0.01    M    0  5.8 15 250   M    M   7        23 250
 5  55  33  44   M  21   0 0.01  0.0    0  7.2 16 280   M    M   8        21 280
 6  49  28  39   M  26   0 0.00  0.0    0 17.5 36 270   M    M   4        46 270
 7  45  19  32   M  33   0 0.00  0.0    0  7.0 15 300   M    M   0         M  M
 8  51  12  32   M  33   0 0.00  0.0    0  7.2 13 160   M    M   0        21 140
 9  52  17  35   M  30   0 0.00  0.0    0  7.4 31 270   M    M   4        46 270
10  48  30  39   M  26   0 0.09    M    0  5.3 16 230   M    M   7        28 230
11  47  21  34   M  31   0 0.00  0.0    0 13.4 25 260   M    M   1        38 280
12  52  15  34   M  31   0 0.00  0.0    0  7.2 10 360   M    M   0         M  M
13  61  26  44   M  21   0 0.00  0.0    0  8.3 15 280   M    M   0        20 280
14  60  37  49   M  16   0 0.00  0.0    0  9.3 16 310   M    M   6        16 280
15  60  38  49   M  16   0 0.03    M    0 13.5 27 260   M    M   6 1      33 260
16  50  33  42   M  23   0 0.00  0.0    0 17.1 29 270   M    M   3        36 290
17  46  24  35   M  30   0 0.00  0.0    0 13.0 21 270   M    M   0        30 260
18  52  16  34   M  31   0 0.00  0.0    0  8.8 20 200   M    M   0        29 200
19  36  17  27   M  38   0    T    T    0 11.6 22 270   M    M   7 1      31 270
20  45  10  28   M  37   0 0.00  0.0    0  8.4 18 290   M    M   0        22 290
21  51  19  35   M  30   0 0.00  0.0    0 10.9 23 220   M    M   8        31 220
================================================================================
SM 1098  524       549   0  0.18    T    204.7          M       76
================================================================================
AV 52.3 25.0                               9.7 FASTST   M    M   4    MAX(MPH)
                                 MISC ---->  # 36 270               # 46  270
================================================================================
NOTES:
# LAST OF SEVERAL OCCURRENCES

COLUMN 17 PEAK WIND IN M.P.H.

PRELIMINARY LOCAL CLIMATOLOGICAL DATA (WS FORM: F-6) , PAGE 2

                                          STATION:  SILVER CITY
                                          MONTH:    FEBRUARY
                                          YEAR:     2019
                                          LATITUDE:   32 37 N
                                          LONGITUDE: 108 10 W

[TEMPERATURE DATA]      [PRECIPITATION DATA]       SYMBOLS USED IN COLUMN 16

AVERAGE MONTHLY: 38.6   TOTAL FOR MONTH:   0.18    1 = FOG OR MIST
DPTR FM NORMAL:     M   DPTR FM NORMAL:       M    2 = FOG REDUCING VISIBILITY
HIGHEST:    61 ON 13    GRTST 24HR  0.09 ON 10-10      TO 1/4 MILE OR LESS
LOWEST:     10 ON 20                               3 = THUNDER
                        SNOW, ICE PELLETS, HAIL    4 = ICE PELLETS
                        TOTAL MONTH:    T          5 = HAIL
                        GRTST 24HR    T  ON 19-19  6 = FREEZING RAIN OR DRIZZLE
                        GRTST DEPTH:   0           7 = DUSTSTORM OR SANDSTORM:
                                                       VSBY 1/2 MILE OR LESS
                                                   8 = SMOKE OR HAZE
[NO. OF DAYS WITH]      [WEATHER - DAYS WITH]      9 = BLOWING SNOW
                                                   X = TORNADO
MAX 32 OR BELOW:   0    0.01 INCH OR MORE:   5
MAX 90 OR ABOVE:   0    0.10 INCH OR MORE:   0
MIN 32 OR BELOW:  16    0.50 INCH OR MORE:   0
MIN  0 OR BELOW:   0    1.00 INCH OR MORE:   0

[HDD (BASE 65) ]
TOTAL THIS MO.   549    CLEAR  (SCALE 0-3)  10
DPTR FM NORMAL     M    PTCLDY (SCALE 4-7)  11
TOTAL FM JUL 1  3009    CLOUDY (SCALE 8-10)  0
DPTR FM NORMAL     M

[CDD (BASE 65) ]
TOTAL THIS MO.     0
DPTR FM NORMAL     M    [PRESSURE DATA]
TOTAL FM JAN 1     0    HIGHEST SLP M ON M
DPTR FM NORMAL     M    LOWEST  SLP M ON M

[REMARKS]
