000
CXUS54 KEPZ 221200
CF6SVC
PRELIMINARY LOCAL CLIMATOLOGICAL DATA (WS FORM: F-6)

                                          STATION:   SILVER CITY
                                          MONTH:     JULY
                                          YEAR:      2019
                                          LATITUDE:   32 37 N
                                          LONGITUDE: 108 10 W

  TEMPERATURE IN F:       :PCPN:    SNOW:  WIND      :SUNSHINE: SKY     :PK WND
================================================================================
1   2   3   4   5  6A  6B    7    8   9   10  11  12  13   14  15   16   17  18
                                     12Z  AVG MX 2MIN
DY MAX MIN AVG DEP HDD CDD  WTR  SNW DPTH SPD SPD DIR MIN PSBL S-S WX    SPD DR
================================================================================

 1  94  61  78   M   0  13 0.02  0.0    0  7.6 24  10   M    M   4        30  10
 2  93  64  79   M   0  14 0.00  0.0    0 12.2 27 280   M    M   1        32 280
 3  91  58  75   M   0  10 0.00  0.0    0 11.8 18 280   M    M   0        27 300
 4  92  58  75   M   0  10 0.00  0.0    0 12.3 22 280   M    M   1        28 290
 5  84  61  73   M   0   8 0.00  0.0    0  9.9 17 300   M    M   4        21 300
 6  89  65  77   M   0  12 0.00  0.0    0  9.1 18 120   M    M   5 3      28 190
 7  87  63  75   M   0  10    T  0.0    0  9.4 27 320   M    M   6 3      33 300
 8  89  52  71   M   0   6 0.00  0.0    0 10.3 20 270   M    M   0        30 300
 9  92  57  75   M   0  10 0.00  0.0    0  9.5 15 310   M    M   2        21 270
10  98  64  81   M   0  16 0.00  0.0    0  6.9 13 300   M    M   4        22 150
11  94  66  80   M   0  15 0.07  0.0    0 11.2 30 140   M    M   5 3      36 140
12  94  57  76   M   0  11 0.00  0.0    0  7.7 15 140   M    M   0        22 110
13  96  61  79   M   0  14 0.00  0.0    0  8.5 14 120   M    M   6        23  90
14  95  64  80   M   0  15 0.00  0.0    0 10.9 25  30   M    M   5 3      31 330
15  96  63  80   M   0  15 0.00  0.0    0  8.3 23 290   M    M   1        31 290
16  96  65  81   M   0  16 0.06  0.0    0  8.7 27  40   M    M   3 3      31  40
17  92  64  78   M   0  13 0.08  0.0    0 10.3 29  10   M    M   3 3      39  10
18  96  68  82   M   0  17 0.21  0.0    0 11.5 24 280   M    M   2 3      29 330
19  94  65  80   M   0  15 0.00  0.0    0 12.2 31 360   M    M   0        37 360
20  96  64  80   M   0  15 0.00  0.0    0 11.8 25  40   M    M   1 3      30  40
21  98  67  83   M   0  18 0.00  0.0    0  9.4 20 340   M    M   1        24 340
================================================================================
SM 1956 1307         0 273  0.44     0.0 209.5          M       54
================================================================================
AV 93.1 62.2                              10.0 FASTST   M    M   3    MAX(MPH)
                                 MISC ---->  # 31 360               # 39   10
================================================================================
NOTES:
# LAST OF SEVERAL OCCURRENCES

COLUMN 17 PEAK WIND IN M.P.H.

PRELIMINARY LOCAL CLIMATOLOGICAL DATA (WS FORM: F-6) , PAGE 2

                                          STATION:  SILVER CITY
                                          MONTH:    JULY
                                          YEAR:     2019
                                          LATITUDE:   32 37 N
                                          LONGITUDE: 108 10 W

[TEMPERATURE DATA]      [PRECIPITATION DATA]       SYMBOLS USED IN COLUMN 16

AVERAGE MONTHLY: 77.7   TOTAL FOR MONTH:   0.44    1 = FOG OR MIST
DPTR FM NORMAL:     M   DPTR FM NORMAL:       M    2 = FOG REDUCING VISIBILITY
HIGHEST:    98 ON 21,10 GRTST 24HR  0.21 ON 18-18      TO 1/4 MILE OR LESS
LOWEST:     52 ON  8                               3 = THUNDER
                        SNOW, ICE PELLETS, HAIL    4 = ICE PELLETS
                        TOTAL MONTH:   0.0 INCH    5 = HAIL
                        GRTST 24HR     0.0         6 = FREEZING RAIN OR DRIZZLE
                        GRTST DEPTH:   0           7 = DUSTSTORM OR SANDSTORM:
                                                       VSBY 1/2 MILE OR LESS
                                                   8 = SMOKE OR HAZE
[NO. OF DAYS WITH]      [WEATHER - DAYS WITH]      9 = BLOWING SNOW
                                                   X = TORNADO
MAX 32 OR BELOW:   0    0.01 INCH OR MORE:   5
MAX 90 OR ABOVE:  17    0.10 INCH OR MORE:   1
MIN 32 OR BELOW:   0    0.50 INCH OR MORE:   0
MIN  0 OR BELOW:   0    1.00 INCH OR MORE:   0

[HDD (BASE 65) ]
TOTAL THIS MO.     0    CLEAR  (SCALE 0-3)  12
DPTR FM NORMAL     M    PTCLDY (SCALE 4-7)   9
TOTAL FM JUL 1     0    CLOUDY (SCALE 8-10)  0
DPTR FM NORMAL     M

[CDD (BASE 65) ]
TOTAL THIS MO.   273
DPTR FM NORMAL     M    [PRESSURE DATA]
TOTAL FM JAN 1   490    HIGHEST SLP M ON M
DPTR FM NORMAL     M    LOWEST  SLP M ON M

[REMARKS]
