000
CXUS54 KOUN 180700
CF6SWO
PRELIMINARY LOCAL CLIMATOLOGICAL DATA (WS FORM: F-6)

                                          STATION:   STILLWATER
                                          MONTH:     APRIL
                                          YEAR:      2019
                                          LATITUDE:   36 10 N
                                          LONGITUDE:  97  5 W

  TEMPERATURE IN F:       :PCPN:    SNOW:  WIND      :SUNSHINE: SKY     :PK WND
================================================================================
1   2   3   4   5  6A  6B    7    8   9   10  11  12  13   14  15   16   17  18
                                     12Z  AVG MX 2MIN
DY MAX MIN AVG DEP HDD CDD  WTR  SNW DPTH SPD SPD DIR MIN PSBL S-S WX    SPD DR
================================================================================

 1  59  33  46  -9  19   0 0.00  0.0    0  3.8 14 230   M    M   2        17 220
 2  75  39  57   2   8   0 0.00  0.0    0  9.0 22 220   M    M   0        26 220
 3   M   M   M   M   M   M    M    M    M   M   M   M   M    M   M         M  M
 4  73  50  62   6   3   0 0.43  0.0    0  5.4 17  80   M    M   4 13     21 360
 5  78  46  62   6   3   0 0.00  0.0    0  6.7 15 160   M    M   0 12     18 140
 6  75  57  66  10   0   1 0.11  0.0    0 10.4 21 120   M    M   3 13     29 140
 7  80  56  68  11   0   3 0.00  0.0    0  5.8 13 350   M    M   4 12     16 360
 8  84  52  68  11   0   3 0.00  0.0    0  6.1 14  10   M    M   0        18 340
 9  91  48  70  12   0   5 0.00  0.0    0  6.8 18 190   M    M   0        22 170
10  90  68  79  21   0  14 0.00  0.0    0 19.5 36 170   M    M   0        46 160
11  77  38  58   0   7   0 0.00  0.0    0 13.9 26 280   M    M   1        37 250
12  60  34  47 -11  18   0 0.00  0.0    0  6.5 15 350   M    M   1 8      19 340
13  52  45  49 -10  16   0 0.57  0.0    0 14.7 36  20   M    M   7 18     47  40
14  66  40  53  -6  12   0 0.01  0.0    0  8.7 21 360   M    M   2        27  20
15  82  50  66   7   0   1 0.00  0.0    0 16.6 28 190   M    M   0        35 190
16  77  62  70  10   0   5 0.00  0.0    0 17.4 26 180   M    M   1        35 200
17  83  58  71  11   0   6 0.40  0.0    0 14.0 36 250   M    M   4 138    46 250
================================================================================
SM 1202  776        86  38  1.52     0.0 165.3          M       29
================================================================================
AV 75.1 48.5                              10.3 FASTST   M    M   2    MAX(MPH)
                                 MISC ---->  # 36 170               # 47   40
================================================================================
NOTES:
# LAST OF SEVERAL OCCURRENCES

COLUMN 17 PEAK WIND IN M.P.H.

PRELIMINARY LOCAL CLIMATOLOGICAL DATA (WS FORM: F-6) , PAGE 2

                                          STATION:  STILLWATER
                                          MONTH:    APRIL
                                          YEAR:     2019
                                          LATITUDE:   36 10 N
                                          LONGITUDE:  97  5 W

[TEMPERATURE DATA]      [PRECIPITATION DATA]       SYMBOLS USED IN COLUMN 16

AVERAGE MONTHLY: 61.8   TOTAL FOR MONTH:   1.52    1 = FOG OR MIST
DPTR FM NORMAL:   4.3   DPTR FM NORMAL:   -0.66    2 = FOG REDUCING VISIBILITY
HIGHEST:    91 ON  9    GRTST 24HR  0.57 ON 13-13      TO 1/4 MILE OR LESS
LOWEST:     33 ON  1                               3 = THUNDER
                        SNOW, ICE PELLETS, HAIL    4 = ICE PELLETS
                        TOTAL MONTH:   0.0 INCH    5 = HAIL
                        GRTST 24HR     0.0         6 = FREEZING RAIN OR DRIZZLE
                        GRTST DEPTH:   0           7 = DUSTSTORM OR SANDSTORM:
                                                       VSBY 1/2 MILE OR LESS
                                                   8 = SMOKE OR HAZE
[NO. OF DAYS WITH]      [WEATHER - DAYS WITH]      9 = BLOWING SNOW
                                                   X = TORNADO
MAX 32 OR BELOW:   0    0.01 INCH OR MORE:   5
MAX 90 OR ABOVE:   2    0.10 INCH OR MORE:   4
MIN 32 OR BELOW:   0    0.50 INCH OR MORE:   1
MIN  0 OR BELOW:   0    1.00 INCH OR MORE:   0

[HDD (BASE 65) ]
TOTAL THIS MO.    86    CLEAR  (SCALE 0-3)  11
DPTR FM NORMAL   -64    PTCLDY (SCALE 4-7)   5
TOTAL FM JUL 1  3652    CLOUDY (SCALE 8-10)  0
DPTR FM NORMAL   -27

[CDD (BASE 65) ]
TOTAL THIS MO.    38
DPTR FM NORMAL    14    [PRESSURE DATA]
TOTAL FM JAN 1    44    HIGHEST SLP M ON M
DPTR FM NORMAL    10    LOWEST  SLP 29.23 ON 10

[REMARKS]
