000
CXUS54 KEWX 260910
CF6T20
PRELIMINARY LOCAL CLIMATOLOGICAL DATA (WS FORM: F-6)

                                          STATION:   GONZALES
                                          MONTH:     APRIL
                                          YEAR:      2019
                                          LATITUDE:   29 31 N
                                          LONGITUDE:  97 28 W

  TEMPERATURE IN F:       :PCPN:    SNOW:  WIND      :SUNSHINE: SKY     :PK WND
================================================================================
1   2   3   4   5  6A  6B    7    8   9   10  11  12  13   14  15   16   17  18
                                     12Z  AVG MX 2MIN
DY MAX MIN AVG DEP HDD CDD  WTR  SNW DPTH SPD SPD DIR MIN PSBL S-S WX    SPD DR
================================================================================

 1  61  38  50   M  15   0 0.00    M    M  3.0  6  40   M    M   6         M  M
 2  74  34  54   M  11   0 0.00    M    M  3.4  9 130   M    M   1         M  M
 3  72  55  64   M   1   0 0.02    M    M  8.0 16 150   M    M  10 1      21 140
 4  84  68  76   M   0  11 0.02    M    M  5.5 13 190   M    M   6 1      20 190
 5  83  58  71   M   0   6 0.00    M    M  3.5 10 140   M    M   6 128     M  M
 6  86  70  78   M   0  13 0.00    M    M  7.8 15 180   M    M   9 13     23 180
 7  74  60  67   M   0   2 1.12    M    M  8.6 16 310   M    M   6 13     30 320
 8  87  57  72   M   0   7 0.00    M    M  4.4 10 310   M    M   0        16 260
 9  90  56  73   M   0   8 0.00    M    M  2.4  7 170   M    M   0         M  M
10  92  61  77   M   0  12 0.00    M    M 11.0 21 180   M    M   0        29 180
11  83  60  72   M   0   7 0.00    M    M  6.6 13 150   M    M   2        20 160
12  80  54  67   M   0   2 0.00    M    M  6.6 10  70   M    M   4        16 100
13  80  49  65   M   0   0 0.01    M    M 11.3 21 280   M    M   5 13     32 280
14  73  44  59   M   6   0 0.00    M    M  7.5 22 330   M    M   0        29 330
15  82  49  66   M   0   1 0.00    M    M  8.1 17 160   M    M   1        21 160
16  83  63  73   M   0   8 0.00    M    M 11.5 22 150   M    M   9        28 150
17  80  71  76   M   0  11 0.01    M    M 11.7 20 160   M    M  10 1      28 160
18  77  55  66   M   0   1 1.17    M    M  8.5 20 360   M    M   6 3      31 340
19  77  52  65   M   0   0 0.00    M    M  7.9 20 350   M    M   1        30 350
20  82  47  65   M   0   0 0.00    M    M  4.6 10 160   M    M   0        18 160
21  83  57  70   M   0   5 0.00    M    M 11.6 21 160   M    M   3 12     25 160
22  80  66  73   M   0   8 0.00    M    M  8.8 16 150   M    M   8        22 150
23  78  67  73   M   0   8 0.00    M    M  8.3 15 160   M    M  10        21 130
24  76  62  69   M   0   4 2.75    M    M  7.3 16 170   M    M   9 3      22 350
25  85  55  70   M   0   5 0.00    M    M  3.8 10 290   M    M   1 12      M  M
================================================================================
SM 2002 1408        33 119  5.10    M    181.7          M      113
================================================================================
AV 80.1 56.3                               7.3 FASTST   M    M   5    MAX(MPH)
                                 MISC ---->  # 22 330               # 32  280
================================================================================
NOTES:
# LAST OF SEVERAL OCCURRENCES

COLUMN 17 PEAK WIND IN M.P.H.

PRELIMINARY LOCAL CLIMATOLOGICAL DATA (WS FORM: F-6) , PAGE 2

                                          STATION:  GONZALES
                                          MONTH:    APRIL
                                          YEAR:     2019
                                          LATITUDE:   29 31 N
                                          LONGITUDE:  97 28 W

[TEMPERATURE DATA]      [PRECIPITATION DATA]       SYMBOLS USED IN COLUMN 16

AVERAGE MONTHLY: 68.2   TOTAL FOR MONTH:   5.10    1 = FOG OR MIST
DPTR FM NORMAL:     M   DPTR FM NORMAL:       M    2 = FOG REDUCING VISIBILITY
HIGHEST:    92 ON 10    GRTST 24HR  2.75 ON 24-24      TO 1/4 MILE OR LESS
LOWEST:     34 ON  2                               3 = THUNDER
                        SNOW, ICE PELLETS, HAIL    4 = ICE PELLETS
                        TOTAL MONTH:    M          5 = HAIL
                        GRTST 24HR    M  ON   M    6 = FREEZING RAIN OR DRIZZLE
                        GRTST DEPTH:  M  ON   M    7 = DUSTSTORM OR SANDSTORM:
                                                       VSBY 1/2 MILE OR LESS
                                                   8 = SMOKE OR HAZE
[NO. OF DAYS WITH]      [WEATHER - DAYS WITH]      9 = BLOWING SNOW
                                                   X = TORNADO
MAX 32 OR BELOW:   0    0.01 INCH OR MORE:   7
MAX 90 OR ABOVE:   2    0.10 INCH OR MORE:   3
MIN 32 OR BELOW:   0    0.50 INCH OR MORE:   3
MIN  0 OR BELOW:   0    1.00 INCH OR MORE:   3

[HDD (BASE 65) ]
TOTAL THIS MO.    33    CLEAR  (SCALE 0-3)  11
DPTR FM NORMAL     M    PTCLDY (SCALE 4-7)   8
TOTAL FM JUL 1  1443    CLOUDY (SCALE 8-10)  6
DPTR FM NORMAL     M

[CDD (BASE 65) ]
TOTAL THIS MO.   119
DPTR FM NORMAL     M    [PRESSURE DATA]
TOTAL FM JAN 1   243    HIGHEST SLP M ON M
DPTR FM NORMAL     M    LOWEST  SLP M ON M

[REMARKS]
