404
CXUS54 KEWX 240910
CF6T20
PRELIMINARY LOCAL CLIMATOLOGICAL DATA (WS FORM: F-6)

                                          STATION:   GONZALES
                                          MONTH:     AUGUST
                                          YEAR:      2019
                                          LATITUDE:   29 31 N
                                          LONGITUDE:  97 28 W

  TEMPERATURE IN F:       :PCPN:    SNOW:  WIND      :SUNSHINE: SKY     :PK WND
================================================================================
1   2   3   4   5  6A  6B    7    8   9   10  11  12  13   14  15   16   17  18
                                     12Z  AVG MX 2MIN
DY MAX MIN AVG DEP HDD CDD  WTR  SNW DPTH SPD SPD DIR MIN PSBL S-S WX    SPD DR
================================================================================

 1 100  76  88   M   0  23 0.00    M    M  4.4 10 150   M    M   3         M  M
 2 100  74  87   M   0  22 0.00    M    M  3.2  8 150   M    M   1         M  M
 3  96  76  86   M   0  21 0.00    M    M  3.9  8 170   M    M   2         M  M
 4 100  76  88   M   0  23 0.00    M    M  3.9 12 100   M    M   4        16  90
 5 100  75  88   M   0  23 0.00    M    M  3.8 12 130   M    M   3        17 120
 6 101  76  89   M   0  24 0.00    M    M  5.8 13 140   M    M   2        18 140
 7 102  78  90   M   0  25 0.00    M    M  8.3 15 190   M    M   3        22 190
 8 103  79  91   M   0  26 0.00    M    M  8.8 14 150   M    M   5        21 190
 9 103  78  91   M   0  26 0.00    M    M  9.4 16 160   M    M   3 1      24 190
10 103  77  90   M   0  25 0.00    M    M  8.1 13 150   M    M   4 1      20 180
11 103  77  90   M   0  25 0.00    M    M  7.7 15 160   M    M   3        22 160
12 105  79  92   M   0  27 0.00    M    M  8.4 14 160   M    M   4        20 160
13 104  79  92   M   0  27 0.00    M    M  7.6 16 170   M    M   3        20 170
14 103  77  90   M   0  25 0.24    M    M  3.1 23  70   M    M   2 13     30  70
15 102  78  90   M   0  25 0.00    M    M  2.7 10 160   M    M   3         M  M
16 103  77  90   M   0  25 0.00    M    M  5.1 12 150   M    M   1        21 160
17 103  78  91   M   0  26 0.00    M    M  7.9 15 150   M    M   2        23 160
18 103  78  91   M   0  26 0.00    M    M  9.0 15 150   M    M   6        22 150
19 102  79  91   M   0  26 0.00    M    M  6.4 13 160   M    M   5        18 160
20 101  78  90   M   0  25 0.00    M    M  6.7 16 120   M    M   4 1      22 120
21 100  76  88   M   0  23 0.00    M    M  5.1 17 150   M    M   2        22 150
22 101  76  89   M   0  24 0.06    M    M  4.4 13 110   M    M   3        22 140
23 102  76  89   M   0  24 0.00    M    M  4.2 17 120   M    M   3        27 120
================================================================================
SM 2340 1773         0 566  0.30    M    137.9          M       71
================================================================================
AV101.7 77.1                               6.0 FASTST   M    M   3    MAX(MPH)
                                 MISC ---->  # 23  70               # 30   70
================================================================================
NOTES:
# LAST OF SEVERAL OCCURRENCES

COLUMN 17 PEAK WIND IN M.P.H.

PRELIMINARY LOCAL CLIMATOLOGICAL DATA (WS FORM: F-6) , PAGE 2

                                          STATION:  GONZALES
                                          MONTH:    AUGUST
                                          YEAR:     2019
                                          LATITUDE:   29 31 N
                                          LONGITUDE:  97 28 W

[TEMPERATURE DATA]      [PRECIPITATION DATA]       SYMBOLS USED IN COLUMN 16

AVERAGE MONTHLY: 89.4   TOTAL FOR MONTH:   0.30    1 = FOG OR MIST
DPTR FM NORMAL:     M   DPTR FM NORMAL:       M    2 = FOG REDUCING VISIBILITY
HIGHEST:   105 ON 12    GRTST 24HR  0.24 ON 14-14      TO 1/4 MILE OR LESS
LOWEST:     74 ON  2                               3 = THUNDER
                        SNOW, ICE PELLETS, HAIL    4 = ICE PELLETS
                        TOTAL MONTH:    M          5 = HAIL
                        GRTST 24HR    M  ON   M    6 = FREEZING RAIN OR DRIZZLE
                        GRTST DEPTH:  M  ON   M    7 = DUSTSTORM OR SANDSTORM:
                                                       VSBY 1/2 MILE OR LESS
                                                   8 = SMOKE OR HAZE
[NO. OF DAYS WITH]      [WEATHER - DAYS WITH]      9 = BLOWING SNOW
                                                   X = TORNADO
MAX 32 OR BELOW:   0    0.01 INCH OR MORE:   2
MAX 90 OR ABOVE:  23    0.10 INCH OR MORE:   1
MIN 32 OR BELOW:   0    0.50 INCH OR MORE:   0
MIN  0 OR BELOW:   0    1.00 INCH OR MORE:   0

[HDD (BASE 65) ]
TOTAL THIS MO.     0    CLEAR  (SCALE 0-3)  10
DPTR FM NORMAL     M    PTCLDY (SCALE 4-7)  13
TOTAL FM JUL 1     0    CLOUDY (SCALE 8-10)  0
DPTR FM NORMAL     M

[CDD (BASE 65) ]
TOTAL THIS MO.   566
DPTR FM NORMAL     M    [PRESSURE DATA]
TOTAL FM JAN 1  2458    HIGHEST SLP M ON M
DPTR FM NORMAL     M    LOWEST  SLP M ON M

[REMARKS]
