000
CXUS54 KEWX 170910
CF6T20
PRELIMINARY LOCAL CLIMATOLOGICAL DATA (WS FORM: F-6)

                                          STATION:   GONZALES
                                          MONTH:     FEBRUARY
                                          YEAR:      2019
                                          LATITUDE:   29 31 N
                                          LONGITUDE:  97 28 W

  TEMPERATURE IN F:       :PCPN:    SNOW:  WIND      :SUNSHINE: SKY     :PK WND
================================================================================
1   2   3   4   5  6A  6B    7    8   9   10  11  12  13   14  15   16   17  18
                                     12Z  AVG MX 2MIN
DY MAX MIN AVG DEP HDD CDD  WTR  SNW DPTH SPD SPD DIR MIN PSBL S-S WX    SPD DR
================================================================================

 1  67  58  63   M   2   0 0.00    M    M  3.9 10 110   M    M  10 1       M  M
 2  65  60  63   M   2   0 0.04    M    M  4.4  8 110   M    M  10 1       M  M
 3  76  63  70   M   0   5 0.00    M    M  6.6 12 180   M    M   8 12      M  M
 4  74  67  71   M   0   6 0.03    M    M  5.6 13 200   M    M   9 1       M  M
 5  76  68  72   M   0   7 0.00    M    M  7.6 13 180   M    M   9 18     17 180
 6  79  70  75   M   0  10 0.00    M    M  9.3 14 150   M    M   9 1      22 170
 7  73  43  58   M   7   0 0.00    M    M 11.4 18  20   M    M   6        27  20
 8  43  34  39   M  26   0 0.00    M    M 12.5 17  20   M    M   8        24  10
 9  43  35  39   M  26   0 0.03    M    M  6.9 13 360   M    M  10 1      16  30
10  49  39  44   M  21   0 0.11    M    M  4.4  7 350   M    M  10 1       M  M
11  67  48  58   M   7   0 0.03    M    M  3.0  7 350   M    M   9 12      M  M
12  64  46  55   M  10   0 0.01    M    M  8.5 18 350   M    M   1        28 350
13  67  32  50   M  15   0 0.00    M    M  5.7 13 160   M    M   0         M  M
14  76  50  63   M   2   0 0.00    M    M  8.8 18 200   M    M   1        23 210
15  80  54  67   M   0   2 0.00    M    M  4.7 10 200   M    M   4 12      M  M
16  65  47  56   M   9   0 0.00    M    M  7.9 15  20   M    M  10 18     18  20
================================================================================
SM 1064  814       127  30  0.25    M    111.2          M      114
================================================================================
AV 66.5 50.9                               7.0 FASTST   M    M   7    MAX(MPH)
                                 MISC ---->  # 18  20               # 28  350
================================================================================
NOTES:
# LAST OF SEVERAL OCCURRENCES

COLUMN 17 PEAK WIND IN M.P.H.

PRELIMINARY LOCAL CLIMATOLOGICAL DATA (WS FORM: F-6) , PAGE 2

                                          STATION:  GONZALES
                                          MONTH:    FEBRUARY
                                          YEAR:     2019
                                          LATITUDE:   29 31 N
                                          LONGITUDE:  97 28 W

[TEMPERATURE DATA]      [PRECIPITATION DATA]       SYMBOLS USED IN COLUMN 16

AVERAGE MONTHLY: 58.7   TOTAL FOR MONTH:   0.25    1 = FOG OR MIST
DPTR FM NORMAL:     M   DPTR FM NORMAL:       M    2 = FOG REDUCING VISIBILITY
HIGHEST:    80 ON 15    GRTST 24HR  0.11 ON 10-10      TO 1/4 MILE OR LESS
LOWEST:     32 ON 13                               3 = THUNDER
                        SNOW, ICE PELLETS, HAIL    4 = ICE PELLETS
                        TOTAL MONTH:    M          5 = HAIL
                        GRTST 24HR    M  ON   M    6 = FREEZING RAIN OR DRIZZLE
                        GRTST DEPTH:  M  ON   M    7 = DUSTSTORM OR SANDSTORM:
                                                       VSBY 1/2 MILE OR LESS
                                                   8 = SMOKE OR HAZE
[NO. OF DAYS WITH]      [WEATHER - DAYS WITH]      9 = BLOWING SNOW
                                                   X = TORNADO
MAX 32 OR BELOW:   0    0.01 INCH OR MORE:   6
MAX 90 OR ABOVE:   0    0.10 INCH OR MORE:   1
MIN 32 OR BELOW:   1    0.50 INCH OR MORE:   0
MIN  0 OR BELOW:   0    1.00 INCH OR MORE:   0

[HDD (BASE 65) ]
TOTAL THIS MO.   127    CLEAR  (SCALE 0-3)   3
DPTR FM NORMAL     M    PTCLDY (SCALE 4-7)   3
TOTAL FM JUL 1  1109    CLOUDY (SCALE 8-10) 10
DPTR FM NORMAL     M

[CDD (BASE 65) ]
TOTAL THIS MO.    30
DPTR FM NORMAL     M    [PRESSURE DATA]
TOTAL FM JAN 1    35    HIGHEST SLP M ON M
DPTR FM NORMAL     M    LOWEST  SLP M ON M

[REMARKS]
