000
CXUS54 KFWD 190731
CF6T35
PRELIMINARY LOCAL CLIMATOLOGICAL DATA (WS FORM: F-6)

                                          STATION:   CAMERON
                                          MONTH:     APRIL
                                          YEAR:      2019
                                          LATITUDE:   30 52 N
                                          LONGITUDE:  96 58 W

  TEMPERATURE IN F:       :PCPN:    SNOW:  WIND      :SUNSHINE: SKY     :PK WND
================================================================================
1   2   3   4   5  6A  6B    7    8   9   10  11  12  13   14  15   16   17  18
                                     12Z  AVG MX 2MIN
DY MAX MIN AVG DEP HDD CDD  WTR  SNW DPTH SPD SPD DIR MIN PSBL S-S WX    SPD DR
================================================================================

 1  60  38  49   M  16   0 0.00  0.0    0  1.7  5 140   M    M   4         M  M
 2  72  38  55   M  10   0 0.00  0.0    0  5.8 10 110   M    M   0 8       M  M
 3  71  49  60   M   5   0 0.00  0.0    0  8.1 15 150   M    M   9        23 150
 4  89  63  76   M   0  11 0.00  0.0    0  6.2 15 230   M    M   4 1      20 210
 5  78  60  69   M   0   4 0.00  0.0    0  2.8  7 100   M    M   7 1       M  M
 6  71  63  67   M   0   2 2.29  0.0    0  4.4 17  60   M    M   9 13     23  60
 7  71  60  66   M   0   1 1.95  0.0    0  6.6 20 350   M    M  10 123    31 350
 8  82  57  70   M   0   5 0.00  0.0    0  6.2 13 310   M    M   1        20 320
 9  88  56  72   M   0   7 0.00  0.0    0  3.1  7 150   M    M   0         M  M
10  90  63  77   M   0  12 0.00  0.0    0 12.7 22 170   M    M   0        30 180
11  79  53  66   M   0   1 0.00  0.0    0  7.7 20 300   M    M   0        24 300
12  76  48  62   M   3   0 0.16  0.0    0  4.4  8 110   M    M   3 3      16 120
13  68  46  57   M   8   0 0.88  0.0    0 12.0 27 300   M    M  10 13     38 290
14  70  46  58   M   7   0 0.00  0.0    0 10.2 18 320   M    M   1        29 310
15  80  49  65   M   0   0 0.00  0.0    0  9.4 18 200   M    M   0        24 200
16  82  60  71   M   0   6 0.00  0.0    0  9.7 18 180   M    M   5        27 180
17  78  62  70   M   0   5 1.01  0.0    0  9.8 15 150   M    M  10 13     22 190
18  72  56  64   M   1   0 0.68  0.0    0 10.6 32 310   M    M   6 3      41 340
================================================================================
SM 1377  967        50  54  6.97     0.0 131.4          M       79
================================================================================
AV 76.5 53.7                               7.3 FASTST   M    M   4    MAX(MPH)
                                 MISC ---->  # 32 310               # 41  340
================================================================================
NOTES:
# LAST OF SEVERAL OCCURRENCES

COLUMN 17 PEAK WIND IN M.P.H.

PRELIMINARY LOCAL CLIMATOLOGICAL DATA (WS FORM: F-6) , PAGE 2

                                          STATION:  CAMERON
                                          MONTH:    APRIL
                                          YEAR:     2019
                                          LATITUDE:   30 52 N
                                          LONGITUDE:  96 58 W

[TEMPERATURE DATA]      [PRECIPITATION DATA]       SYMBOLS USED IN COLUMN 16

AVERAGE MONTHLY: 65.1   TOTAL FOR MONTH:   6.97    1 = FOG OR MIST
DPTR FM NORMAL:     M   DPTR FM NORMAL:       M    2 = FOG REDUCING VISIBILITY
HIGHEST:    90 ON 10    GRTST 24HR  2.29 ON  6- 6      TO 1/4 MILE OR LESS
LOWEST:     38 ON  2, 1                            3 = THUNDER
                        SNOW, ICE PELLETS, HAIL    4 = ICE PELLETS
                        TOTAL MONTH:   0.0 INCH    5 = HAIL
                        GRTST 24HR     0.0         6 = FREEZING RAIN OR DRIZZLE
                        GRTST DEPTH:   0           7 = DUSTSTORM OR SANDSTORM:
                                                       VSBY 1/2 MILE OR LESS
                                                   8 = SMOKE OR HAZE
[NO. OF DAYS WITH]      [WEATHER - DAYS WITH]      9 = BLOWING SNOW
                                                   X = TORNADO
MAX 32 OR BELOW:   0    0.01 INCH OR MORE:   6
MAX 90 OR ABOVE:   1    0.10 INCH OR MORE:   6
MIN 32 OR BELOW:   0    0.50 INCH OR MORE:   5
MIN  0 OR BELOW:   0    1.00 INCH OR MORE:   3

[HDD (BASE 65) ]
TOTAL THIS MO.    50    CLEAR  (SCALE 0-3)   8
DPTR FM NORMAL     M    PTCLDY (SCALE 4-7)   5
TOTAL FM JUL 1  1912    CLOUDY (SCALE 8-10)  5
DPTR FM NORMAL     M

[CDD (BASE 65) ]
TOTAL THIS MO.    54
DPTR FM NORMAL     M    [PRESSURE DATA]
TOTAL FM JAN 1   120    HIGHEST SLP M ON M
DPTR FM NORMAL     M    LOWEST  SLP M ON M

[REMARKS]
