000
CXUS54 KEWX 190910
CF6T82
PRELIMINARY LOCAL CLIMATOLOGICAL DATA (WS FORM: F-6)

                                          STATION:   FREDERICKSBURG
                                          MONTH:     FEBRUARY
                                          YEAR:      2019
                                          LATITUDE:   30 15 N
                                          LONGITUDE:  98 55 W

  TEMPERATURE IN F:       :PCPN:    SNOW:  WIND      :SUNSHINE: SKY     :PK WND
================================================================================
1   2   3   4   5  6A  6B    7    8   9   10  11  12  13   14  15   16   17  18
                                     12Z  AVG MX 2MIN
DY MAX MIN AVG DEP HDD CDD  WTR  SNW DPTH SPD SPD DIR MIN PSBL S-S WX    SPD DR
================================================================================

 1  65  53  59   M   6   0 0.00    M    M  3.2  8 170   M    M  10 1       M  M
 2  65  57  61   M   4   0 0.00    M    M  4.1 10 200   M    M  10 1       M  M
 3  72  54  63   M   2   0 0.00    M    M  6.8 17 210   M    M   7 1      22 220
 4  73  56  65   M   0   0 0.00    M    M  5.4 13 190   M    M   7 1      16 190
 5  70  62  66   M   0   1 0.03    M    M  6.3 15 200   M    M   9 1      20 200
 6  74  59  67   M   0   2 0.00    M    M  8.6 18 210   M    M   8 18     25 190
 7  69  49  59   M   6   0 0.00    M    M 11.5 21 360   M    M   5 18     28  10
 8  47  30  39   M  26   0 0.00    M    M 10.7 15  10   M    M   5        21  30
 9  40  31  36   M  29   0 0.05    M    M  7.2  9  60   M    M  10         M  M
10  52  35  44   M  21   0 0.01    M    M  2.6  8 110   M    M  10 1       M  M
11  56  49  53   M  12   0 0.01    M    M  4.9 12 220   M    M  10 1       M  M
12  59  40  50   M  15   0 0.00    M    M  9.3 18 360   M    M   2        25 310
13  63  27  45   M  20   0 0.00    M    M  5.7 18 210   M    M   0        25 180
14  71  50  61   M   4   0 0.00    M    M 11.2 18 200   M    M   2        25 220
15  85  46  66   M   0   1 0.00    M    M  5.2 18 290   M    M   0        27 290
16  77  43  60   M   5   0 0.00    M    M  4.5  8 150   M    M   1         M  M
17  66  51  59   M   6   0 0.00    M    M  9.1 15 360   M    M   4 1      20  40
18  56  40  48   M  17   0 0.00    M    M  8.6 13  60   M    M   0        18  90
================================================================================
SM 1160  832       173   4  0.10    M    124.9          M      100
================================================================================
AV 64.4 46.2                               6.9 FASTST   M    M   6    MAX(MPH)
                                 MISC ---->  # 21 360               # 28   10
================================================================================
NOTES:
# LAST OF SEVERAL OCCURRENCES

COLUMN 17 PEAK WIND IN M.P.H.

PRELIMINARY LOCAL CLIMATOLOGICAL DATA (WS FORM: F-6) , PAGE 2

                                          STATION:  FREDERICKSBURG
                                          MONTH:    FEBRUARY
                                          YEAR:     2019
                                          LATITUDE:   30 15 N
                                          LONGITUDE:  98 55 W

[TEMPERATURE DATA]      [PRECIPITATION DATA]       SYMBOLS USED IN COLUMN 16

AVERAGE MONTHLY: 55.3   TOTAL FOR MONTH:   0.10    1 = FOG OR MIST
DPTR FM NORMAL:     M   DPTR FM NORMAL:       M    2 = FOG REDUCING VISIBILITY
HIGHEST:    85 ON 15    GRTST 24HR  0.05 ON  9- 9      TO 1/4 MILE OR LESS
LOWEST:     27 ON 13                               3 = THUNDER
                        SNOW, ICE PELLETS, HAIL    4 = ICE PELLETS
                        TOTAL MONTH:    M          5 = HAIL
                        GRTST 24HR    M  ON   M    6 = FREEZING RAIN OR DRIZZLE
                        GRTST DEPTH:  M  ON   M    7 = DUSTSTORM OR SANDSTORM:
                                                       VSBY 1/2 MILE OR LESS
                                                   8 = SMOKE OR HAZE
[NO. OF DAYS WITH]      [WEATHER - DAYS WITH]      9 = BLOWING SNOW
                                                   X = TORNADO
MAX 32 OR BELOW:   0    0.01 INCH OR MORE:   4
MAX 90 OR ABOVE:   0    0.10 INCH OR MORE:   0
MIN 32 OR BELOW:   3    0.50 INCH OR MORE:   0
MIN  0 OR BELOW:   0    1.00 INCH OR MORE:   0

[HDD (BASE 65) ]
TOTAL THIS MO.   173    CLEAR  (SCALE 0-3)   6
DPTR FM NORMAL     M    PTCLDY (SCALE 4-7)   6
TOTAL FM JUL 1  1670    CLOUDY (SCALE 8-10)  6
DPTR FM NORMAL     M

[CDD (BASE 65) ]
TOTAL THIS MO.     4
DPTR FM NORMAL     M    [PRESSURE DATA]
TOTAL FM JAN 1     4    HIGHEST SLP M ON M
DPTR FM NORMAL     M    LOWEST  SLP M ON M

[REMARKS]
