000
CXUS54 KEWX 230910
CF6T82
PRELIMINARY LOCAL CLIMATOLOGICAL DATA (WS FORM: F-6)

                                          STATION:   FREDERICKSBURG
                                          MONTH:     AUGUST
                                          YEAR:      2019
                                          LATITUDE:   30 15 N
                                          LONGITUDE:  98 55 W

  TEMPERATURE IN F:       :PCPN:    SNOW:  WIND      :SUNSHINE: SKY     :PK WND
================================================================================
1   2   3   4   5  6A  6B    7    8   9   10  11  12  13   14  15   16   17  18
                                     12Z  AVG MX 2MIN
DY MAX MIN AVG DEP HDD CDD  WTR  SNW DPTH SPD SPD DIR MIN PSBL S-S WX    SPD DR
================================================================================

 1  96  70  83   M   0  18 0.00    M    M  3.2  8 120   M    M   1         M  M
 2  97  68  83   M   0  18 0.00    M    M  2.9  9  90   M    M   1         M  M
 3  96  73  85   M   0  20 0.00    M    M  3.6  9 120   M    M   1        17 170
 4  94  72  83   M   0  18 0.36    M    M  5.8 12 180   M    M   5 3       M  M
 5  96  73  85   M   0  20 0.18    M    M  3.0  8  20   M    M   2         M  M
 6  97  72  85   M   0  20 0.00    M    M  3.7  8 140   M    M   2         M  M
 7  96  72  84   M   0  19 0.00    M    M  4.4 10 170   M    M   1        17 140
 8  96  74  85   M   0  20 0.00    M    M  6.5 13 190   M    M   1        17 160
 9  98  74  86   M   0  21 0.00    M    M  8.2 15 190   M    M   2        21 190
10  97  73  85   M   0  20 0.00    M    M  8.8 14 180   M    M   3        20 160
11  98  74  86   M   0  21 0.00    M    M  6.6 12 190   M    M   1        17 190
12  99  73  86   M   0  21 0.00    M    M  6.7 14 210   M    M   1        20 210
13 100  73  87   M   0  22 0.00    M    M  5.3 12 160   M    M   0         M  M
14  97  73  85   M   0  20 0.04    M    M  4.0 17 330   M    M   3 3      22 330
15  97  71  84   M   0  19 0.00    M    M  2.2 13 230   M    M   2        17 230
16 100  72  86   M   0  21 0.00    M    M  2.3  8 210   M    M   1         M  M
17  98  73  86   M   0  21 0.00    M    M  6.3 12 200   M    M   1        16 170
18  97  73  85   M   0  20 0.00    M    M  7.2 14 210   M    M   0        18 190
19  97  74  86   M   0  21 0.00    M    M  7.7 14 180   M    M   1        20 150
20  96  72  84   M   0  19 0.00    M    M  4.6 12 190   M    M   2        17 190
21  94  73  84   M   0  19 0.00    M    M  5.1 10 210   M    M   1        17 150
22  95  73  84   M   0  19 0.00    M    M  6.0 13 170   M    M   2        24 170
================================================================================
SM 2131 1595         0 437  0.58    M    114.1          M       34
================================================================================
AV 96.9 72.5                               5.2 FASTST   M    M   2    MAX(MPH)
                                 MISC ---->  # 17 330               # 24  170
================================================================================
NOTES:
# LAST OF SEVERAL OCCURRENCES

COLUMN 17 PEAK WIND IN M.P.H.

PRELIMINARY LOCAL CLIMATOLOGICAL DATA (WS FORM: F-6) , PAGE 2

                                          STATION:  FREDERICKSBURG
                                          MONTH:    AUGUST
                                          YEAR:     2019
                                          LATITUDE:   30 15 N
                                          LONGITUDE:  98 55 W

[TEMPERATURE DATA]      [PRECIPITATION DATA]       SYMBOLS USED IN COLUMN 16

AVERAGE MONTHLY: 84.7   TOTAL FOR MONTH:   0.58    1 = FOG OR MIST
DPTR FM NORMAL:     M   DPTR FM NORMAL:       M    2 = FOG REDUCING VISIBILITY
HIGHEST:   100 ON 16,13 GRTST 24HR  0.36 ON  4- 4      TO 1/4 MILE OR LESS
LOWEST:     68 ON  2                               3 = THUNDER
                        SNOW, ICE PELLETS, HAIL    4 = ICE PELLETS
                        TOTAL MONTH:    M          5 = HAIL
                        GRTST 24HR    M  ON   M    6 = FREEZING RAIN OR DRIZZLE
                        GRTST DEPTH:  M  ON   M    7 = DUSTSTORM OR SANDSTORM:
                                                       VSBY 1/2 MILE OR LESS
                                                   8 = SMOKE OR HAZE
[NO. OF DAYS WITH]      [WEATHER - DAYS WITH]      9 = BLOWING SNOW
                                                   X = TORNADO
MAX 32 OR BELOW:   0    0.01 INCH OR MORE:   3
MAX 90 OR ABOVE:  22    0.10 INCH OR MORE:   2
MIN 32 OR BELOW:   0    0.50 INCH OR MORE:   0
MIN  0 OR BELOW:   0    1.00 INCH OR MORE:   0

[HDD (BASE 65) ]
TOTAL THIS MO.     0    CLEAR  (SCALE 0-3)  19
DPTR FM NORMAL     M    PTCLDY (SCALE 4-7)   3
TOTAL FM JUL 1     0    CLOUDY (SCALE 8-10)  0
DPTR FM NORMAL     M

[CDD (BASE 65) ]
TOTAL THIS MO.   437
DPTR FM NORMAL     M    [PRESSURE DATA]
TOTAL FM JAN 1  1711    HIGHEST SLP M ON M
DPTR FM NORMAL     M    LOWEST  SLP M ON M

[REMARKS]
