000
CXUS54 KEPZ 251200
CF6TCS
PRELIMINARY LOCAL CLIMATOLOGICAL DATA (WS FORM: F-6)

                                          STATION:   TRUTH OR CONSEQUENCES
                                          MONTH:     MAY
                                          YEAR:      2018
                                          LATITUDE:   33 13 N
                                          LONGITUDE: 107 16 W

  TEMPERATURE IN F:       :PCPN:    SNOW:  WIND      :SUNSHINE: SKY     :PK WND
================================================================================
1   2   3   4   5  6A  6B    7    8   9   10  11  12  13   14  15   16   17  18
                                     12Z  AVG MX 2MIN
DY MAX MIN AVG DEP HDD CDD  WTR  SNW DPTH SPD SPD DIR MIN PSBL S-S WX    SPD DR
================================================================================

 1  79  56  68   4   0   3 0.00  0.0    0 16.1 35 200   M    M   0        43 210
 2  73  50  62  -3   3   0 0.00  0.0    0 15.1 38 200   M    M   3        50 190
 3  75  43  59  -6   6   0 0.00  0.0    0  7.2 18 160   M    M   0        24 170
 4  79  50  65  -1   0   0 0.00  0.0    0  7.2 17  30   M    M   0        22  30
 5  83  51  67   1   0   2 0.00  0.0    0  6.8 14 100   M    M   0        18 210
 6  87  54  71   5   0   6 0.00  0.0    0  6.7 16 140   M    M   0        23 190
 7  93  57  75   8   0  10 0.00  0.0    0  8.5 26 200   M    M   0        33 200
 8  96  67  82  15   0  17 0.00  0.0    0  6.9 17 220   M    M   0        23 230
 9  98  68  83  16   0  18 0.00  0.0    0  9.9 22 160   M    M   0        28 160
10  98  67  83  15   0  18 0.00  0.0    0  9.5 28 220   M    M   0        35 210
11  93  69  81  13   0  16 0.00  0.0    0 10.9 28 230   M    M   0        39 270
12  90  64  77   9   0  12 0.00  0.0    0 16.8 31 220   M    M   0        47 190
13  87  64  76   7   0  11 0.00  0.0    0 15.0 28 210   M    M   0        37 200
14  89  58  74   5   0   9 0.00  0.0    0  8.1 24 230   M    M   0        33 260
15  94  57  76   6   0  11 0.00  0.0    0  9.5 23 270   M    M   0        33 260
16  94  61  78   8   0  13 0.00  0.0    0 10.4 28 180   M    M   0        36 180
17  96  59  78   8   0  13 0.00  0.0    0 10.8 29 210   M    M   0        38 190
18  89  60  75   5   0  10 0.00  0.0    0 10.3 28 240   M    M   0        35 220
19  87  58  73   2   0   8 0.00  0.0    0  9.2 17 170   M    M   0        23 210
20  87  60  74   3   0   9 0.00  0.0    0 11.9 24 180   M    M   0        33 190
21  89  66  78   6   0  13    T  0.0    0 11.1 26 180   M    M   1        44 160
22  88  56  72   0   0   7 0.00  0.0    0 10.6 26 200   M    M   0        35 150
23  90  60  75   3   0  10 0.00  0.0    0  9.4 26 190   M    M   1 8      34 170
24  93  57  75   3   0  10 0.00  0.0    0  9.7 23 200   M    M   0        33 180
================================================================================
SM 2127 1412         9 226    T      0.0 247.6          M        5
================================================================================
AV 88.6 58.8                              10.3 FASTST   M    M   0    MAX(MPH)
                                 MISC ---->  # 38 200               # 50  190
================================================================================
NOTES:
# LAST OF SEVERAL OCCURRENCES

COLUMN 17 PEAK WIND IN M.P.H.

PRELIMINARY LOCAL CLIMATOLOGICAL DATA (WS FORM: F-6) , PAGE 2

                                          STATION:  TRUTH OR CONSEQUENCES
                                          MONTH:    MAY
                                          YEAR:     2018
                                          LATITUDE:   33 13 N
                                          LONGITUDE: 107 16 W

[TEMPERATURE DATA]      [PRECIPITATION DATA]       SYMBOLS USED IN COLUMN 16

AVERAGE MONTHLY: 73.7   TOTAL FOR MONTH:      T    1 = FOG OR MIST
DPTR FM NORMAL:   5.2   DPTR FM NORMAL:   -0.46    2 = FOG REDUCING VISIBILITY
HIGHEST:    98 ON 10, 9 GRTST 24HR    T  ON 21-21      TO 1/4 MILE OR LESS
LOWEST:     43 ON  3                               3 = THUNDER
                        SNOW, ICE PELLETS, HAIL    4 = ICE PELLETS
                        TOTAL MONTH:   0.0 INCH    5 = HAIL
                        GRTST 24HR     0.0         6 = FREEZING RAIN OR DRIZZLE
                        GRTST DEPTH:   0           7 = DUSTSTORM OR SANDSTORM:
                                                       VSBY 1/2 MILE OR LESS
                                                   8 = SMOKE OR HAZE
[NO. OF DAYS WITH]      [WEATHER - DAYS WITH]      9 = BLOWING SNOW
                                                   X = TORNADO
MAX 32 OR BELOW:   0    0.01 INCH OR MORE:   0
MAX 90 OR ABOVE:  11    0.10 INCH OR MORE:   0
MIN 32 OR BELOW:   0    0.50 INCH OR MORE:   0
MIN  0 OR BELOW:   0    1.00 INCH OR MORE:   0

[HDD (BASE 65) ]
TOTAL THIS MO.     9    CLEAR  (SCALE 0-3)  24
DPTR FM NORMAL   -14    PTCLDY (SCALE 4-7)   0
TOTAL FM JUL 1  2031    CLOUDY (SCALE 8-10)  0
DPTR FM NORMAL -1227

[CDD (BASE 65) ]
TOTAL THIS MO.   226
DPTR FM NORMAL   117    [PRESSURE DATA]
TOTAL FM JAN 1   319    HIGHEST SLP M ON M
DPTR FM NORMAL   189    LOWEST  SLP 29.53 ON M

[REMARKS]
