000
CXUS52 KTAE 230800
CF6TLH
PRELIMINARY LOCAL CLIMATOLOGICAL DATA (WS FORM: F-6)

                                          STATION:   TALLAHASSEE
                                          MONTH:     AUGUST
                                          YEAR:      2019
                                          LATITUDE:   30 22 N
                                          LONGITUDE:  84 22 W

  TEMPERATURE IN F:       :PCPN:    SNOW:  WIND      :SUNSHINE: SKY     :PK WND
================================================================================
1   2   3   4   5  6A  6B    7    8   9   10  11  12  13   14  15   16   17  18
                                     12Z  AVG MX 2MIN
DY MAX MIN AVG DEP HDD CDD  WTR  SNW DPTH SPD SPD DIR MIN PSBL S-S WX    SPD DR
================================================================================

 1  94  72  83   1   0  18    T  0.0    0  3.7 20 120   M    M   6 3      23 120
 2  90  72  81  -1   0  16 0.07  0.0    0  3.9 17 160   M    M   5 13     24 160
 3  89  72  81  -1   0  16 0.01  0.0    0  4.2 23 320   M    M   5 13     29 320
 4  94  70  82   0   0  17 0.00  0.0    0  5.8 14 310   M    M   3 1      19 300
 5  92  72  82   0   0  17 0.11  0.0    0  3.6 30 250   M    M   6 3      42 260
 6  92  72  82   0   0  17 0.39  0.0    0  5.3 20 210   M    M   6 3      25 190
 7  97  75  86   4   0  21 0.00  0.0    0  4.1 17 200   M    M   5 3      21 200
 8  94  74  84   2   0  19 0.00  0.0    0  5.7 21 140   M    M   6 13     26 270
 9  97  76  87   5   0  22    T  0.0    0  5.1 16 210   M    M   5 1      20 230
10  98  77  88   6   0  23 0.31  0.0    0  4.6 28 120   M    M   6 13     33 120
11  96  76  86   4   0  21 0.00  0.0    0  3.4 12 300   M    M   4        16 260
12  96  78  87   5   0  22 0.11  0.0    0  2.4 21 110   M    M   5 13     24 110
13  97  76  87   5   0  22 0.33  0.0    0  2.8 17 330   M    M   5 13     22 340
14  95  76  86   4   0  21    T  0.0    0  4.9 21 240   M    M   6 3      27 230
15  97  76  87   5   0  22 0.16  0.0    0  3.3 20 130   M    M   5 13     24 130
16  94  76  85   3   0  20 0.10  0.0    0  4.3 20 110   M    M   8 123    26 110
17  90  75  83   1   0  18 0.07  0.0    0  5.9 18  30   M    M   6 1      23  30
18  82  76  79  -3   0  14 1.09  0.0    0  7.4 16 200   M    M   9 13     22 160
19  87  75  81  -1   0  16 0.01  0.0    0  5.7 17 200   M    M   8 8      20 200
20  89  75  82   0   0  17    T  0.0    0  3.0 12 180   M    M   8 13     16 160
21  90  75  83   1   0  18 0.17  0.0    0  3.8 12 170   M    M   7 13     15 170
22  95  74  85   3   0  20 0.04  0.0    0  2.1 13  80   M    M   4 13     16  80
================================================================================
SM 2045 1640         0 417  2.97     0.0  95.0          M      128
================================================================================
AV 93.0 74.6                               4.3 FASTST   M    M   6    MAX(MPH)
                                 MISC ---->  # 30 250               # 42  260
================================================================================
NOTES:
# LAST OF SEVERAL OCCURRENCES

COLUMN 17 PEAK WIND IN M.P.H.

PRELIMINARY LOCAL CLIMATOLOGICAL DATA (WS FORM: F-6) , PAGE 2

                                          STATION:  TALLAHASSEE
                                          MONTH:    AUGUST
                                          YEAR:     2019
                                          LATITUDE:   30 22 N
                                          LONGITUDE:  84 22 W

[TEMPERATURE DATA]      [PRECIPITATION DATA]       SYMBOLS USED IN COLUMN 16

AVERAGE MONTHLY: 83.8   TOTAL FOR MONTH:   2.97    1 = FOG OR MIST
DPTR FM NORMAL:   1.8   DPTR FM NORMAL:   -2.56    2 = FOG REDUCING VISIBILITY
HIGHEST:    98 ON 10    GRTST 24HR  1.09 ON 18-18      TO 1/4 MILE OR LESS
LOWEST:     70 ON  4                               3 = THUNDER
                        SNOW, ICE PELLETS, HAIL    4 = ICE PELLETS
                        TOTAL MONTH:   0.0 INCH    5 = HAIL
                        GRTST 24HR     0.0         6 = FREEZING RAIN OR DRIZZLE
                        GRTST DEPTH:   0           7 = DUSTSTORM OR SANDSTORM:
                                                       VSBY 1/2 MILE OR LESS
                                                   8 = SMOKE OR HAZE
[NO. OF DAYS WITH]      [WEATHER - DAYS WITH]      9 = BLOWING SNOW
                                                   X = TORNADO
MAX 32 OR BELOW:   0    0.01 INCH OR MORE:  14
MAX 90 OR ABOVE:  18    0.10 INCH OR MORE:   9
MIN 32 OR BELOW:   0    0.50 INCH OR MORE:   1
MIN  0 OR BELOW:   0    1.00 INCH OR MORE:   1

[HDD (BASE 65) ]
TOTAL THIS MO.     0    CLEAR  (SCALE 0-3)   0
DPTR FM NORMAL     0    PTCLDY (SCALE 4-7)  21
TOTAL FM JUL 1     0    CLOUDY (SCALE 8-10)  1
DPTR FM NORMAL     0

[CDD (BASE 65) ]
TOTAL THIS MO.   417
DPTR FM NORMAL    43    [PRESSURE DATA]
TOTAL FM JAN 1  2165    HIGHEST SLP M ON M
DPTR FM NORMAL   359    LOWEST  SLP 29.87 ON M

[REMARKS]
